-- Table structure for table `kgs_student_history`
--

CREATE TABLE `kgs_student_history` (
  `student_id` varchar(50) DEFAULT NULL,
  `class_id` varchar(50) DEFAULT NULL,
  `section_id` varchar(50) DEFAULT NULL,
  `session_id` varchar(50) DEFAULT NULL,
  `id` varchar(50) DEFAULT NULL
) ENGINE=InnoDB DEFAULT CHARSET=utf8mb4 ;

--
-- Dumping data for table `kgs_student_history`
--

INSERT INTO `kgs_student_history` VALUES ('1285','135','36','24','1459'),('1077','131','35','24','1443'),('1078','131','35','24','1162'),('1082','131','35','24','1166'),('1083','131','35','24','1167'),('1084','131','35','24','1168'),('1221','131','34','24','1409'),('1173','131','43','24','1621'),('1165','131','59','24','1532'),('1174','130','43','24','1258'),('1194','131','45','24','1684'),('1195','131','45','24','1279'),('1196','131','45','24','1280'),('1197','131','45','24','1416'),('1198','131','45','24','1427'),('1167','130','59','24','1535'),('1191','130','45','24','1275'),('1159','131','59','24','1531'),('1233','131','37','24','1317'),('1245','130','40','24','1329'),('1246','130','40','24','1330'),('1248','130','40','24','1332'),('1250','130','38','24','1465'),('1251','130','38','24','1446'),('1220','132','34','24','1688'),('1298','132','34','24','1542'),('1190','132','45','24','1387'),('1192','132','45','24','1276'),('1193','132','45','24','1561'),('1199','132','45','24','1614'),('1075','132','39','24','1439'),('1237','132','40','24','1321'),('1240','132','40','24','1324'),('1241','132','40','24','1325'),('1492','128','34','26','1847'),('1188','128','44','26','1834'),('1489','128','40','26','1844'),('1253','129','38','24','1426'),('1189','129','44','24','1273'),('1188','129','44','26','1834'),('1217','128','34','26','1835'),('1132','129','42','24','1470'),('1133','129','42','24','1471'),('1134','129','42','24','1472'),('1136','129','42','24','1473');

--
-- Table structure for table `kgs_student_marks`
--

CREATE TABLE `kgs_student_marks` (
  `id` int(11) NOT NULL AUTO_INCREMENT,
  `student_id` varchar(50) NOT NULL DEFAULT '0',
  `session_id` varchar(50) NOT NULL DEFAULT '0',
  `exam_id` varchar(50) NOT NULL DEFAULT '0',
  `subject_id` varchar(50) NOT NULL DEFAULT '0',
  `subject_marks` varchar(50) NOT NULL DEFAULT '0',
  `total` varchar(50) DEFAULT NULL,
  PRIMARY KEY (`id`)
) ENGINE=InnoDB AUTO_INCREMENT=194 DEFAULT CHARSET=utf8mb4 ;

--
-- Dumping data for table `kgs_student_marks`
--

INSERT INTO `kgs_student_marks` VALUES (187,'138','24','23','39','80',NULL),(188,'138','24','23','40','60',NULL),(189,'138','24','23','44','70',NULL),(190,'1201','24','23','54','12',NULL),(191,'1202','24','23','54','12',NULL),(192,'1203','24','23','54','12',NULL),(193,'1204','24','23','54','2',NULL);

--
-- Table structure for table `kgs_student_order`
--

CREATE TABLE `kgs_student_order` (
  `id` int(11) NOT NULL AUTO_INCREMENT,
  `name` varchar(20) DEFAULT NULL,
  `status` varchar(10) DEFAULT NULL,
  `order_id` int(11) DEFAULT NULL,
  `location` enum('front','back') DEFAULT NULL,
  `field_name` varchar(50) DEFAULT NULL,
  `show_name` varchar(50) DEFAULT NULL,
  PRIMARY KEY (`id`) USING BTREE
) ENGINE=InnoDB AUTO_INCREMENT=8 DEFAULT CHARSET=latin1 ROW_FORMAT=DYNAMIC;

--
-- Dumping data for table `kgs_student_order`
--

INSERT INTO `kgs_student_order` VALUES (2,'First Name','1',2,'front','First Name','first_name'),(3,'Last Name','1',3,'front','Last Name','last_name'),(4,'Mobile Number','1',4,'front','Mobile Number','mobile'),(5,'Email Id','1',7,'back','Email Id','email'),(6,'Father Name','1',5,'back','Father Name','father_name'),(7,'Mother Name','1',6,'back','Mother Name','mother_name');

--
-- Table structure for table `kgs_student_subject`
--

CREATE TABLE `kgs_student_subject` (
  `id` int(11) NOT NULL AUTO_INCREMENT,
  `student_id` varchar(50) DEFAULT NULL,
  `subject_id` varchar(50) DEFAULT NULL,
  `class_id` varchar(50) DEFAULT NULL,
  `session_id` varchar(50) DEFAULT NULL,
  PRIMARY KEY (`id`)
) ENGINE=InnoDB AUTO_INCREMENT=1473 DEFAULT CHARSET=utf8mb4 ;

--
-- Dumping data for table `kgs_student_subject`
--

INSERT INTO `kgs_student_subject` VALUES (471,'138','39','75','24'),(472,'139','39','75','24'),(473,'141','44','75','24'),(474,'140','39','79','24'),(475,'989','59','134','24'),(476,'991','59','134','24'),(477,'992','59','134','24'),(478,'1000','59','134','24'),(479,'1002','59','134','24'),(480,'912','52','135','24'),(481,'945','49','135','24'),(482,'946','49','135','24'),(483,'948','49','135','24'),(484,'954','49','135','24'),(485,'955','49','135','24'),(486,'968','49','135','24'),(487,'969','49','135','24'),(488,'972','47','135','24'),(489,'1016','57','135','24'),(490,'1024','50','135','24'),(491,'1063','54','135','24'),(492,'949','49','136','24'),(493,'951','49','136','24'),(494,'963','49','136','24'),(495,'964','49','136','24'),(496,'1015','57','136','24'),(497,'1019','57','136','24'),(498,'1020','57','136','24'),(499,'1021','57','136','24'),(500,'1058','54','136','24'),(501,'1059','54','136','24'),(502,'1060','54','136','24'),(503,'1061','54','136','24'),(504,'971','47','128','24'),(505,'973','47','130','24'),(506,'974','47','130','24'),(507,'1062','54','132','24'),(508,'1064','54','131','24'),(509,'1065','54','128','24'),(510,'1066','54','128','24'),(511,'1067','54','132','24'),(512,'975','47','131','24'),(513,'1217','47','128','24'),(514,'1218','47','135','24'),(515,'1219','47','130','24'),(516,'1220','47','130','24'),(517,'1221','47','131','24'),(518,'917','48','131','24'),(519,'1201','54','136','24'),(520,'1202','54','136','24'),(521,'1203','54','136','24'),(522,'1204','54','136','24'),(523,'918','48','131','24'),(524,'919','48','131','24'),(525,'920','48','129','24'),(526,'921','48','131','24'),(527,'922','48','131','24'),(528,'923','48','131','24'),(529,'924','48','131','24'),(530,'1077','48','131','24'),(531,'1078','48','131','24'),(532,'1079','48','131','24'),(533,'1080','48','129','24'),(534,'1081','48','131','24'),(535,'1082','48','131','24'),(536,'1083','48','131','24'),(537,'1084','48','131','24'),(538,'925','49','132','24'),(539,'926','49','132','24'),(540,'927','49','132','24'),(541,'928','49','132','24'),(542,'929','49','128','24'),(543,'930','49','129','24'),(544,'931','49','132','24'),(545,'932','49','128','24'),(546,'933','49','129','24'),(547,'934','49','129','24'),(548,'935','49','128','24'),(549,'936','49','129','24'),(550,'937','49','129','24'),(551,'938','49','129','24'),(552,'939','49','129','24'),(553,'940','49','129','24'),(554,'941','49','129','24'),(555,'942','49','129','24'),(556,'943','49','129','24'),(557,'944','49','129','24'),(558,'947','49','129','24'),(559,'950','49','132','24'),(560,'952','49','128','24'),(561,'953','49','132','24'),(562,'956','49','131','24'),(563,'957','49','132','24'),(564,'958','49','131','24'),(565,'959','49','131','24'),(566,'960','49','131','24'),(567,'961','49','132','24'),(568,'962','49','132','24'),(569,'965','49','128','24'),(570,'966','49','128','24'),(571,'967','49','130','24'),(572,'970','49','129','24'),(573,'1085','49','132','24'),(574,'1086','49','132','24'),(575,'1087','49','132','24'),(576,'1088','49','132','24'),(577,'1089','49','128','24'),(578,'1090','49','129','24'),(579,'1091','49','132','24'),(580,'1092','49','128','24'),(581,'1093','49','129','24'),(582,'1094','49','129','24'),(583,'1095','49','128','24'),(584,'1096','49','129','24'),(585,'1097','49','129','24'),(586,'1098','49','129','24'),(587,'1099','49','129','24'),(588,'1100','49','129','24'),(589,'1101','49','129','24'),(590,'1102','49','129','24'),(591,'1103','49','129','24'),(592,'1104','49','129','24'),(593,'1105','49','135','24'),(594,'1106','49','135','24'),(595,'1107','49','129','24'),(596,'1108','49','135','24'),(597,'1109','49','136','24'),(598,'1110','49','132','24'),(599,'1111','49','136','24'),(600,'1112','49','128','24'),(601,'1113','49','132','24'),(602,'1114','49','135','24'),(603,'1115','49','135','24'),(604,'1116','49','131','24'),(605,'1117','49','132','24'),(606,'1118','49','132','24'),(607,'1119','49','131','24'),(608,'1120','49','131','24'),(609,'1121','49','131','24'),(610,'1122','49','132','24'),(611,'1123','49','132','24'),(612,'1124','49','136','24'),(613,'1125','49','136','24'),(614,'1126','49','128','24'),(615,'1127','49','128','24'),(616,'1128','49','130','24'),(617,'1129','49','135','24'),(618,'1130','49','135','24'),(619,'1131','49','129','24'),(620,'1025','50','131','24'),(621,'1026','50','130','24'),(622,'1027','50','128','24'),(623,'1028','50','130','24'),(624,'1029','50','128','24'),(625,'1030','50','130','24'),(626,'1031','50','132','24'),(627,'1032','50','128','24'),(628,'1223','50','128','24'),(629,'1224','50','135','24'),(630,'1225','50','131','24'),(631,'1226','50','130','24'),(632,'1227','50','128','24'),(633,'1228','50','131','24'),(634,'1229','50','130','24'),(635,'1230','50','128','24'),(636,'1231','50','130','24'),(637,'1232','50','132','24'),(638,'1233','50','131','24'),(639,'1234','50','128','24'),(640,'1043','51','130','24'),(641,'1044','51','129','24'),(642,'1045','51','129','24'),(643,'1046','51','129','24'),(644,'1047','51','131','24'),(645,'1048','51','130','24'),(646,'1250','51','130','24'),(647,'1251','51','130','24'),(648,'1252','51','130','24'),(649,'1253','51','129','24'),(650,'1254','51','129','24'),(651,'1255','51','129','24'),(652,'1256','51','130','24'),(653,'1257','51','131','24'),(654,'1258','51','130','24'),(655,'911','52','128','24'),(656,'913','52','128','24'),(657,'914','52','131','24'),(658,'915','52','131','24'),(659,'916','52','132','24'),(660,'1071','52','128','24'),(661,'1072','52','135','24'),(662,'1073','52','128','24'),(663,'1074','52','131','24'),(664,'1075','52','131','24'),(665,'1076','52','132','24'),(666,'1033','53','129','24'),(667,'1034','53','132','24'),(668,'1035','53','132','24'),(669,'1036','53','132','24'),(670,'1037','53','128','24'),(671,'1038','53','128','24'),(672,'1039','53','130','24'),(673,'1040','53','130','24'),(674,'1041','53','130','24'),(675,'1042','53','130','24'),(676,'1235','53','129','24'),(677,'1236','53','132','24'),(678,'1237','53','132','24'),(680,'1238','53','128','24'),(681,'1239','53','128','24'),(682,'1240','53','132','24'),(683,'1241','53','132','24'),(684,'1242','53','128','24'),(685,'1243','53','128','24'),(686,'1244','53','131','24'),(687,'1245','53','130','24'),(688,'1246','53','130','24'),(689,'1247','53','130','24'),(690,'1248','53','130','24'),(691,'1249','53','130','24'),(692,'1068','54','135','24'),(693,'1069','54','135','24'),(694,'1070','54','135','24'),(695,'1205','54','129','24'),(696,'1206','54','132','24'),(697,'1207','54','135','24'),(698,'1208','54','131','24'),(699,'1209','54','132','24'),(700,'1210','54','128','24'),(701,'1211','54','128','24'),(702,'1212','54','132','24'),(703,'1213','54','130','24'),(704,'1214','54','130','24'),(705,'1215','54','130','24'),(706,'1216','54','130','24'),(710,'1260','53','130','24'),(711,'1261','54','128','24'),(713,'1186','57','136','24'),(714,'1262','59','128','24'),(715,'1185','57','136','24'),(716,'1222','59','134','24'),(717,'1200','58','131','24'),(718,'1199','58','131','24'),(719,'1198','58','131','24'),(720,'1197','58','131','24'),(721,'1196','58','131','24'),(722,'1195','58','131','24'),(723,'1194','58','131','24'),(724,'1193','58','131','24'),(725,'1192','58','132','24'),(726,'1191','58','130','24'),(727,'1190','58','132','24'),(728,'1189','57','129','24'),(729,'1188','57','129','24'),(730,'1187','57','136','24'),(731,'1184','57','129','24'),(732,'1183','57','129','24'),(733,'1182','57','135','24'),(734,'1181','57','129','24'),(735,'1180','57','135','24'),(736,'1179','57','135','24'),(737,'1178','57','136','24'),(738,'1177','56','132','24'),(739,'1176','59','133','24'),(740,'1175','59','130','24'),(743,'1172','56','132','24'),(744,'1171','56','128','24'),(746,'1169','56','130','24'),(749,'1166','56','130','24'),(751,'1164','56','131','24'),(752,'1163','56','131','24'),(753,'1162','56','132','24'),(754,'1161','59','134','24'),(755,'1160','59','134','24'),(757,'1158','59','134','24'),(758,'1132','55','129','24'),(759,'1133','55','129','24'),(760,'1134','55','129','24'),(761,'1135','55','129','24'),(762,'1136','55','129','24'),(764,'1138','55','131','24'),(765,'1139','55','131','24'),(766,'1140','55','131','24'),(767,'1141','56','132','24'),(768,'1142','56','129','24'),(769,'1143','59','134','24'),(770,'1144','56','132','24'),(771,'1145','56','129','24'),(772,'1146','59','134','24'),(773,'1147','56','132','24'),(774,'1148','59','134','24'),(775,'1149','59','134','24'),(776,'1150','59','133','24'),(777,'1151','59','133','24'),(778,'1152','59','133','24'),(779,'1153','59','133','24'),(780,'1154','59','133','24'),(781,'1157','56','132','24'),(782,'1156','56','132','24'),(783,'1155','56','132','24'),(784,'1057','58','131','24'),(785,'1056','58','131','24'),(786,'1055','58','131','24'),(787,'1054','58','131','24'),(788,'1053','58','131','24'),(789,'1052','58','131','24'),(790,'1051','58','131','24'),(791,'1050','58','132','24'),(792,'1049','58','130','24'),(793,'1023','57','129','24'),(794,'1022','57','129','24'),(795,'1018','57','129','24'),(796,'1017','57','129','24'),(797,'1014','59','133','24'),(798,'1013','56','130','24'),(799,'1012','56','130','24'),(800,'1011','56','132','24'),(801,'1010','56','130','24'),(802,'1009','56','130','24'),(803,'1008','56','130','24'),(804,'1007','56','130','24'),(805,'1006','56','131','24'),(806,'1005','56','131','24'),(807,'1004','56','131','24'),(808,'1003','56','132','24'),(809,'1001','56','131','24'),(810,'999','56','132','24'),(811,'998','56','132','24'),(812,'997','56','132','24'),(813,'996','59','127','24'),(814,'995','59','133','24'),(815,'994','59','133','24'),(816,'993','59','133','24'),(817,'990','59','132','24'),(818,'988','56','129','24'),(819,'987','56','132','24'),(820,'986','56','129','24'),(821,'985','56','132','24'),(825,'984','55','131','24'),(826,'983','55','131','24'),(827,'982','55','131','24'),(828,'981','55','131','24'),(829,'980','55','129','24'),(830,'979','55','129','24'),(831,'978','55','129','24'),(832,'977','55','129','24'),(833,'976','55','129','24'),(834,'1259','60','139','24'),(835,'1280','60','144','24'),(836,'1279','60','143','24'),(837,'1278','60','143','24'),(838,'1292','54','138','24'),(839,'1273','54','138','24'),(840,'1268','54','138','24'),(841,'1291','54','138','24'),(842,'1267','54','138','24'),(843,'1282','54','138','24'),(844,'1266','54','138','24'),(847,'1274','47','130','24'),(848,'1293','49','132','24'),(849,'1269','49','132','24'),(850,'1290','49','132','24'),(851,'1289','57','135','24'),(852,'1288','52','131','24'),(855,'1285','49','135','24'),(856,'1284','58','130','24'),(857,'1283','49','128','24'),(858,'1271','49','135','24'),(859,'1281','49','130','24'),(860,'1272','47','130','24'),(862,'1276','59','128','24'),(863,'1270','49','128','24'),(864,'1265','47','130','24'),(865,'1300','62','130','24'),(866,'1297','61','139','24'),(867,'1299','47','135','24'),(868,'1298','47','132','24'),(869,'1296','47','130','24'),(870,'1295','47','130','24'),(871,'1301','47','131','24'),(872,'1302','47','130','24'),(873,'1303','57','130','24'),(874,'1306','62','130','24'),(875,'1305','62','130','24'),(876,'1304','62','130','24'),(877,'1307','47','128','24'),(879,'1310','62','130','24'),(880,'1309','62','130','24'),(881,'1308','62','130','24'),(882,'1159','63','131','24'),(883,'1165','63','131','24'),(884,'1167','63','130','24'),(885,'1314','57','130','24'),(886,'1313','57','130','24'),(887,'1312','52','130','24'),(888,'1311','62','130','24'),(889,'1328','47','130','24'),(890,'1320','47','132','24'),(891,'1327','47','130','24'),(892,'1326','47','130','24'),(893,'1325','47','130','24'),(894,'1324','47','130','24'),(895,'1323','62','130','24'),(896,'1322','57','130','24'),(897,'1321','57','130','24'),(898,'1319','57','130','24'),(899,'1318','50','130','24'),(900,'1317','50','130','24'),(901,'1316','48','130','24'),(902,'1315','57','130','24'),(903,'1168','63','130','24'),(904,'1287','63','130','24'),(905,'1286','63','130','24'),(906,'1263','63','130','24'),(907,'1174','63','130','24'),(908,'1170','63','130','24'),(909,'1173','63','131','24'),(910,'1137','63','131','24'),(911,'1277','63','131','24'),(912,'1363','47','130','24'),(913,'1362','58','130','24'),(914,'1361','48','130','24'),(915,'1348','60','143','24'),(916,'1359','60','143','24'),(917,'1358','62','130','24'),(918,'1357','48','130','24'),(919,'1356','47','130','24'),(920,'1355','58','130','24'),(921,'1354','61','139','24'),(922,'1353','54','130','24'),(923,'1352','57','130','24'),(924,'1351','57','130','24'),(925,'1350','48','130','24'),(926,'1349','57','130','24'),(927,'1347','62','130','24'),(928,'1346','49','131','24'),(929,'1345','60','140','24'),(930,'1344','61','139','24'),(931,'1343','58','130','24'),(932,'1342','50','130','24'),(933,'1341','61','139','24'),(934,'1340','49','128','24'),(935,'1339','53','130','24'),(936,'1338','62','130','24'),(937,'1337','52','130','24'),(938,'1336','62','130','24'),(940,'1335','50','130','24'),(941,'1334','52','130','24'),(942,'1333','62','130','24'),(943,'1332','60','144','24'),(944,'1331','57','130','24'),(945,'1330','48','130','24'),(946,'1329','57','130','24'),(947,'1382','57','130','24'),(948,'1381','50','131','24'),(949,'1364','47','130','24'),(950,'1365','47','130','24'),(951,'1368','62','131','24'),(952,'1369','52','130','24'),(953,'1370','62','130','24'),(954,'1372','51','130','24'),(955,'1373','48','130','24'),(956,'1376','48','130','24'),(957,'1377','48','130','24'),(958,'1380','57','130','24'),(959,'1379','57','130','24'),(960,'1378','60','144','24'),(961,'1375','57','132','24'),(962,'1374','57','136','24'),(963,'1371','54','138','24'),(964,'1367','49','132','24'),(965,'1366','57','129','24'),(966,'1396','58','130','24'),(967,'1395','58','130','24'),(968,'1394','58','130','24'),(969,'1393','58','130','24'),(970,'1392','50','130','24'),(971,'1391','50','130','24'),(972,'1390','57','136','24'),(973,'1389','47','130','24'),(974,'1388','49','131','24'),(975,'1387','49','131','24'),(976,'1386','57','135','24'),(977,'1385','58','130','24'),(978,'1384','51','130','24'),(979,'1383','48','130','24'),(980,'1399','47','130','24'),(981,'1398','59','130','24'),(982,'1397','59','130','24'),(983,'1407','62','130','24'),(984,'1406','61','139','24'),(985,'1405','57','146','24'),(986,'1403','51','130','24'),(987,'1402','57','132','24'),(988,'1400','57','130','24'),(989,'1404','61','139','24'),(990,'1401','47','130','24'),(991,'1408','51','130','24'),(992,'1409','51','130','24'),(993,'1412','59','130','24'),(994,'1411','58','130','24'),(995,'1410','51','130','24'),(996,'1416','47','130','24'),(997,'1415','63','130','24'),(999,'1414','47','130','24'),(1000,'1413','63','130','24'),(1001,'1432','52','128','24'),(1002,'1431','60','141','24'),(1003,'1430','60','141','24'),(1004,'1429','60','141','24'),(1005,'1427','54','138','24'),(1006,'1426','63','131','24'),(1007,'1425','63','130','24'),(1008,'1421','62','130','24'),(1009,'1420','61','139','24'),(1010,'1424','62','130','24'),(1011,'1423','52','128','24'),(1012,'1422','50','130','24'),(1013,'1419','61','139','24'),(1014,'1418','50','130','24'),(1015,'1417','51','130','24'),(1016,'1447','59','130','24'),(1017,'1446','61','139','24'),(1018,'1445','57','146','24'),(1019,'1444','57','130','24'),(1020,'1443','54','138','24'),(1021,'1442','58','130','24'),(1022,'1441','47','128','24'),(1023,'1440','50','130','24'),(1024,'1439','50','130','24'),(1025,'1438','63','130','24'),(1026,'1437','62','130','24'),(1027,'1436','62','130','24'),(1028,'1435','49','136','24'),(1029,'1434','47','130','24'),(1030,'1433','63','130','24'),(1031,'1450','54','138','26'),(1032,'1449','50','130','26'),(1033,'1447','59','130','26'),(1034,'1446','61','139','26'),(1035,'1445','57','146','26'),(1036,'1444','57','130','26'),(1037,'1443','54','138','26'),(1038,'1442','58','130','26'),(1039,'1441','47','128','26'),(1040,'1440','50','130','26'),(1041,'1439','50','130','26'),(1043,'1437','62','130','26'),(1044,'1436','62','130','26'),(1045,'1435','49','136','26'),(1046,'1434','47','130','26'),(1048,'1432','52','128','26'),(1049,'1383','48','130','26'),(1050,'1152','59','134','26'),(1051,'1431','60','141','26'),(1052,'1430','60','141','26'),(1053,'1429','60','141','26'),(1054,'1351','57','130','26'),(1055,'1427','54','138','26'),(1056,'1426','63','131','26'),(1057,'1156','56','132','26'),(1058,'1425','63','130','26'),(1059,'1424','62','130','26'),(1060,'1423','52','128','26'),(1061,'1422','50','130','26'),(1062,'1402','57','132','26'),(1063,'1078','48','131','26'),(1064,'1223','50','128','26'),(1065,'1225','50','131','26'),(1066,'1226','50','130','26'),(1067,'1227','50','128','26'),(1068,'1229','50','130','26'),(1069,'1231','50','130','26'),(1070,'1232','50','132','26'),(1071,'1233','50','131','26'),(1072,'1230','50','128','26'),(1073,'1224','50','129','26'),(1074,'1234','50','129','26'),(1075,'1317','50','130','26'),(1076,'1418','50','130','26'),(1077,'1381','50','131','26'),(1078,'1391','50','130','26'),(1079,'1392','50','130','26'),(1080,'1318','50','130','26'),(1081,'1335','50','130','26'),(1082,'1342','50','130','26'),(1083,'1219','47','130','26'),(1084,'1218','47','135','26'),(1085,'1217','47','129','26'),(1086,'1221','47','131','26'),(1087,'1274','47','130','26'),(1088,'1301','47','131','26'),(1089,'1295','47','130','26'),(1090,'1296','47','130','26'),(1091,'1302','47','130','26'),(1092,'1298','47','132','26'),(1093,'1324','47','130','26'),(1094,'1325','47','130','26'),(1095,'1320','47','132','26'),(1096,'1326','47','130','26'),(1097,'1327','47','130','26'),(1098,'1328','47','130','26'),(1099,'1299','47','135','26'),(1100,'1364','47','130','26'),(1101,'1416','47','130','26'),(1102,'1414','47','130','26'),(1103,'1399','47','130','26'),(1104,'1356','47','130','26'),(1105,'1363','47','130','26'),(1106,'1265','47','130','26'),(1107,'1272','47','130','26'),(1108,'1365','47','130','26'),(1109,'1307','47','128','26'),(1110,'1389','47','130','26'),(1111,'1220','47','132','26'),(1112,'1401','47','130','26'),(1113,'1079','48','131','26'),(1114,'1082','48','131','26'),(1115,'1083','48','131','26'),(1116,'1084','48','131','26'),(1117,'1077','48','131','26'),(1118,'1080','48','129','26'),(1119,'1081','48','131','26'),(1120,'1294','48','129','26'),(1121,'1316','48','130','26'),(1122,'1330','48','130','26'),(1123,'1350','48','130','26'),(1124,'1357','48','130','26'),(1125,'1361','48','130','26'),(1126,'1376','48','130','26'),(1127,'1373','48','130','26'),(1128,'1377','48','130','26'),(1129,'1102','49','129','26'),(1130,'1421','62','130','26'),(1131,'1420','61','139','26'),(1132,'1419','61','139','26'),(1133,'1451','50','130','26'),(1134,'1453','50','130','26'),(1135,'1410','51','130','26'),(1136,'1417','51','130','26'),(1137,'1166','63','130','26'),(1140,'1409','51','130','26'),(1141,'1412','59','130','26'),(1142,'1388','49','131','26'),(1143,'1285','49','136','26'),(1144,'1511','61','139','26'),(1145,'1501','51','128','26'),(1146,'1125','49','136','26'),(1147,'1510','62','130','26'),(1148,'1509','49','130','26'),(1149,'1508','53','130','26'),(1150,'1507','53','130','26'),(1151,'1506','50','130','26'),(1152,'1505','49','130','26'),(1153,'1504','50','130','26'),(1154,'1503','54','130','26'),(1155,'1502','51','130','26'),(1156,'1500','49','128','26'),(1157,'1499','49','128','26'),(1158,'1498','49','128','26'),(1159,'1497','49','128','26'),(1160,'1496','49','128','26'),(1161,'1495','49','128','26'),(1162,'1494','49','128','26'),(1163,'1493','49','128','26'),(1164,'1492','47','129','26'),(1166,'1189','57','135','26'),(1167,'1191','58','132','26'),(1168,'1192','58','128','26'),(1169,'1195','58','132','26'),(1170,'1196','58','132','26'),(1171,'1237','53','128','26'),(1172,'1240','53','128','26'),(1173,'1241','53','128','26'),(1174,'1245','53','132','26'),(1175,'1246','53','132','26'),(1176,'1248','53','132','26'),(1177,'1190','58','128','26'),(1178,'1197','58','132','26'),(1179,'1253','51','135','26'),(1180,'1198','58','132','26'),(1181,'1075','52','128','26'),(1182,'1251','51','132','26'),(1183,'1250','51','132','26'),(1184,'1132','55','135','26'),(1185,'1133','55','135','26'),(1186,'1134','55','135','26'),(1187,'1136','55','135','26'),(1190,'1167','63','132','26'),(1191,'1193','58','128','26'),(1192,'1199','58','128','26'),(1193,'1173','63','132','26'),(1194,'1194','58','132','26'),(1195,'1455','47','130','26'),(1197,'1456','59','128','26'),(1198,'1457','50','130','26'),(1199,'1458','53','130','26'),(1200,'1247','53','132','26'),(1201,'1105','49','136','26'),(1202,'1260','53','131','26'),(1203,'1258','51','131','26'),(1204,'1459','47','130','26'),(1205,'1491','50','128','26'),(1206,'1490','52','128','26'),(1207,'1489','53','129','26'),(1208,'1488','53','128','26'),(1209,'1487','56','128','26'),(1210,'1486','49','128','26'),(1211,'1485','49','128','26'),(1212,'1484','52','128','26'),(1213,'1483','49','128','26'),(1215,'1481','49','128','26'),(1216,'1188','57','128','26'),(1217,'1480','48','130','26'),(1218,'1479','58','130','26'),(1220,'1477','62','130','26'),(1221,'1476','59','129','26'),(1222,'1475','59','129','26'),(1223,'1474','51','130','26'),(1224,'1473','62','130','26'),(1225,'1472','62','130','26'),(1226,'1471','51','130','26'),(1227,'1470','52','128','26'),(1228,'1469','51','130','26'),(1229,'1460','49','129','26'),(1230,'1461','49','130','26'),(1231,'1462','49','130','26'),(1232,'1463','62','130','26'),(1233,'1464','51','130','26'),(1234,'1465','49','128','26'),(1235,'1466','49','128','26'),(1236,'1467','48','130','26'),(1237,'1468','48','130','26'),(1239,'1512','57','146','26'),(1240,'1514','51','130','26'),(1241,'1513','51','130','26'),(1242,'1515','57','146','26'),(1243,'1538','55','130','26'),(1244,'1107','49','129','26'),(1245,'1537','49','128','26'),(1247,'1390','57','146','26'),(1248,'1374','57','146','26'),(1249,'1535','61','139','26'),(1250,'1534','60','141','26'),(1251,'1533','60','141','26'),(1252,'1532','60','141','26'),(1253,'1531','51','130','26'),(1254,'1530','51','130','26'),(1255,'1529','51','130','26'),(1256,'1091','49','128','26'),(1257,'1528','51','128','26'),(1258,'1516','53','130','26'),(1259,'1517','53','130','26'),(1262,'1520','62','130','26'),(1263,'1521','61','139','26'),(1264,'1522','52','130','26'),(1265,'1523','62','130','26'),(1266,'1524','52','130','26'),(1267,'1525','62','130','26'),(1268,'1527','50','130','26'),(1269,'1526','48','130','26'),(1270,'1539','47','131','26'),(1271,'1344','60','144','26'),(1272,'1411','58','130','26'),(1273,'1406','61','139','26'),(1274,'1408','51','130','26'),(1275,'1407','62','130','26'),(1276,'1405','57','146','26'),(1277,'1403','51','130','26'),(1278,'1536','63','130','26'),(1279,'1556','53','130','26'),(1280,'1555','60','141','26'),(1281,'1554','60','141','26'),(1282,'1553','52','130','26'),(1283,'1552','51','130','26'),(1284,'1551','50','130','26'),(1285,'1550','50','130','26'),(1286,'1549','53','130','26'),(1287,'1187','57','146','26'),(1288,'1548','57','130','26'),(1289,'1547','49','132','26'),(1290,'1546','49','130','26'),(1291,'1545','62','130','26'),(1292,'1544','62','130','26'),(1293,'1543','55','130','26'),(1294,'1542','51','130','26'),(1295,'1541','47','130','26'),(1296,'1540','47','130','26'),(1297,'1368','62','131','26'),(1298,'1557','49','130','26'),(1299,'1558','57','130','26'),(1300,'1559','57','132','26'),(1301,'1560','53','130','26'),(1302,'1561','50','130','26'),(1303,'1562','50','130','26'),(1304,'1563','53','128','26'),(1305,'1576','49','130','26'),(1306,'1577','49','130','26'),(1307,'1578','50','128','26'),(1308,'1575','61','139','26'),(1309,'1574','51','130','26'),(1310,'1573','51','130','26'),(1311,'1571','50','128','26'),(1312,'1570','47','130','26'),(1313,'1569','61','139','26'),(1314,'1568','61','139','26'),(1315,'1567','60','141','26'),(1316,'1566','57','128','26'),(1317,'1565','51','130','26'),(1318,'1564','51','132','26'),(1319,'1580','50','130','26'),(1320,'1154','59','145','26'),(1321,'1178','57','146','26'),(1322,'1579','60','144','26'),(1323,'1581','54','138','26'),(1324,'1582','51','130','26'),(1325,'1583','49','130','26'),(1326,'1584','52','130','26'),(1327,'1586','50','130','26'),(1328,'1587','50','144','26'),(1329,'1585','47','130','26'),(1330,'1588','61','139','26'),(1332,'1596','63','130','26'),(1333,'1174','57','132','26'),(1334,'1608','57','132','26'),(1335,'1104','49','129','26'),(1336,'1600','49','130','26'),(1337,'1601','49','130','26'),(1338,'1607','50','144','26'),(1339,'1598','50','130','26'),(1340,'1593','50','130','26'),(1341,'1609','64','131','26'),(1342,'1606','55','130','26'),(1343,'1605','57','128','26'),(1344,'1604','55','130','26'),(1345,'1603','55','130','26'),(1346,'1602','55','130','26'),(1347,'1599','62','130','26'),(1348,'1177','56','132','26'),(1349,'1592','59','130','26'),(1350,'1200','58','132','26'),(1351,'1597','54','138','26'),(1352,'1276','59','145','26'),(1353,'1144','56','128','26'),(1355,'1398','59','131','26'),(1356,'1595','47','130','26'),(1357,'1594','64','130','26'),(1358,'1591','60','141','26'),(1359,'1590','60','141','26'),(1360,'1589','60','141','26'),(1361,'1482','55','130','26'),(1362,'1610','49','130','26'),(1363,'1158','59','145','26'),(1364,'1611','64','130','26'),(1365,'1612','64','130','26'),(1366,'1618','62','130','26'),(1367,'1159','57','132','26'),(1369,'1137','58','131','26'),(1370,'1617','53','130','26'),(1371,'1286','58','130','26'),(1372,'1263','58','130','26'),(1373,'1616','61','139','26'),(1374,'1615','48','130','26'),(1375,'1385','55','130','26'),(1376,'1614','52','130','26'),(1377,'1613','57','130','26'),(1378,'1621','57','146','26'),(1379,'1620','52','144','26'),(1380,'1619','62','130','26'),(1381,'1633','51','130','26'),(1382,'1121','49','128','26'),(1383,'1123','49','128','26'),(1384,'1267','54','138','26'),(1385,'1209','54','138','26'),(1386,'1632','51','130','26'),(1387,'1631','52','130','26'),(1388,'1630','47','130','26'),(1389,'1235','53','135','26'),(1390,'1244','53','128','26'),(1391,'1629','51','130','26'),(1392,'1628','51','130','26'),(1393,'1627','61','139','26'),(1394,'1626','54','138','26'),(1395,'1349','57','131','26'),(1396,'1625','55','130','26'),(1397,'1118','49','128','26'),(1398,'1346','49','132','26'),(1399,'1270','49','135','26'),(1400,'1339','53','131','26'),(1401,'1624','58','130','26'),(1402,'1623','55','130','26'),(1403,'1395','58','131','26'),(1404,'1622','52','130','26'),(1405,'1647','64','130','26'),(1406,'1646','64','130','26'),(1407,'1645','60','141','26'),(1408,'1644','60','144','26'),(1409,'1090','49','135','26'),(1410,'1643','60','144','26'),(1411,'1400','57','131','26'),(1412,'1122','49','128','26'),(1413,'1321','57','131','26'),(1414,'1333','62','131','26'),(1415,'1387','49','132','26'),(1416,'1642','50','144','26'),(1417,'1641','47','130','26'),(1418,'1113','49','128','26'),(1419,'1640','53','130','26'),(1420,'1639','60','144','26'),(1421,'1638','50','130','26'),(1422,'1315','57','131','26'),(1423,'1314','57','131','26'),(1424,'1208','54','138','26'),(1425,'1352','57','131','26'),(1426,'1119','49','128','26'),(1427,'1637','61','139','26'),(1428,'1337','52','131','26'),(1429,'1183','57','135','26'),(1430,'1206','54','138','26'),(1431,'1117','49','128','26'),(1432,'1343','58','131','26'),(1433,'1636','48','130','26'),(1434,'1182','57','136','26'),(1435,'1116','49','128','26'),(1436,'1635','53','130','26'),(1437,'1634','55','130','26'),(1438,'1380','57','131','26'),(1439,'1413','58','131','26'),(1440,'1415','58','131','26'),(1441,'1170','58','131','26'),(1442,'1438','58','131','26'),(1443,'1168','58','132','26'),(1444,'1165','57','132','26'),(1445,'1518','55','130','26'),(1446,'1478','55','130','26'),(1447,'1433','55','130','26'),(1448,'1657','55','130','26'),(1449,'1656','50','130','26'),(1450,'1655','50','130','26'),(1452,'1653','50','130','26'),(1453,'1652','62','130','26'),(1454,'1651','52','130','26'),(1455,'1650','62','130','26'),(1456,'1649','55','130','26'),(1457,'1648','52','130','26'),(1458,'1664','53','130','26'),(1459,'1663','55','130','26'),(1460,'1393','58','130','26'),(1461,'1662','57','130','26'),(1462,'1661','60','142','26'),(1463,'1660','53','130','26'),(1464,'1659','57','146','26'),(1465,'1658','53','130','26'),(1466,'1665','57','146','26'),(1467,'1519','55','130','26'),(1468,'1666','62','130','26'),(1469,'1668','47','130','26'),(1470,'1667','60','142','26'),(1471,'1131','49','135','26'),(1472,'1654','64','130','26');

--
-- Table structure for table `kgs_student_verification`
--

CREATE TABLE `kgs_student_verification` (
  `id` int(11) NOT NULL AUTO_INCREMENT,
  `student_id` int(11) DEFAULT NULL,
  `random_id` varchar(50) DEFAULT NULL,
  `status` enum('used','not used') DEFAULT NULL,
  PRIMARY KEY (`id`)
) ENGINE=InnoDB AUTO_INCREMENT=7 DEFAULT CHARSET=utf8mb4 ;

--
-- Dumping data for table `kgs_student_verification`
--

INSERT INTO `kgs_student_verification` VALUES (1,1070,'34923010','used'),(2,1258,'2055772779','not used'),(3,1204,'1213141213','not used'),(4,1259,'1368649106','used'),(5,1294,'947982761','not used'),(6,1452,'1768146041','not used');

--
-- Table structure for table `kgs_student_work_description`
--

CREATE TABLE `kgs_student_work_description` (
  `id` int(11) NOT NULL AUTO_INCREMENT,
  `work_description_id` int(11) DEFAULT NULL,
  `teacher_id` int(11) DEFAULT NULL,
  `student_id` int(11) DEFAULT NULL,
  `user_id` int(11) DEFAULT NULL,
  `created` int(11) DEFAULT NULL,
  `modified` int(11) DEFAULT NULL,
  PRIMARY KEY (`id`)
) ENGINE=InnoDB DEFAULT CHARSET=utf8mb4 ;

--
-- Dumping data for table `kgs_student_work_description`
--


--
-- Table structure for table `kgs_subject_list`
--

CREATE TABLE `kgs_subject_list` (
  `id` int(11) NOT NULL AUTO_INCREMENT,
  `teacher_id` varchar(50) DEFAULT NULL,
  `subject_id` varchar(50) DEFAULT NULL,
  `delete_status` varchar(50) DEFAULT NULL,
  PRIMARY KEY (`id`)
) ENGINE=InnoDB AUTO_INCREMENT=371 DEFAULT CHARSET=utf8mb4 ;

--
-- Dumping data for table `kgs_subject_list`
--

INSERT INTO `kgs_subject_list` VALUES (334,'174','40','0'),(335,'175','40','0'),(338,'178','40','0'),(347,'187','46','0'),(348,'188','46','0'),(351,'185','50','0'),(352,'176','56','0'),(353,'176','59','0'),(354,'177','58','0'),(355,'179','49','0'),(356,'180','48','0'),(357,'181','51','0'),(358,'182','54','0'),(359,'183','52','0'),(360,'184','53','0'),(361,'186','47','0'),(362,'205','57','0'),(363,'204','55','0'),(364,'938','60','0'),(365,'939','61','0'),(366,'979','62','0'),(369,'971','63','0'),(370,'1273','64','0');

--
-- Table structure for table `kgs_supplier`
--

CREATE TABLE `kgs_supplier` (
  `id` int(11) NOT NULL AUTO_INCREMENT,
  `name` varchar(255) DEFAULT NULL,
  `status` varchar(255) DEFAULT NULL,
  PRIMARY KEY (`id`)
) ENGINE=InnoDB DEFAULT CHARSET=latin1;

--
-- Dumping data for table `kgs_supplier`
--


--
-- Table structure for table `kgs_teacher_class_section_list`
--

CREATE TABLE `kgs_teacher_class_section_list` (
  `id` int(11) NOT NULL AUTO_INCREMENT,
  `teacher_id` varchar(50) DEFAULT NULL,
  `class_id` varchar(50) DEFAULT NULL,
  `section_id` varchar(50) DEFAULT NULL,
  PRIMARY KEY (`id`) USING BTREE
) ENGINE=InnoDB AUTO_INCREMENT=34 DEFAULT CHARSET=utf8mb4  ROW_FORMAT=DYNAMIC;

--
-- Dumping data for table `kgs_teacher_class_section_list`
--

INSERT INTO `kgs_teacher_class_section_list` VALUES (21,'179','82','21'),(23,'188','0','0'),(24,'180','82','23'),(25,'181','81','21'),(26,'185',NULL,'0'),(27,'186','84','21'),(28,'183','76','21'),(29,'184','76','23'),(30,'176','77','21'),(31,'177','77','23'),(32,'174','77','24'),(33,'175','77','25');

--
-- Table structure for table `kgs_teacher_list`
--

CREATE TABLE `kgs_teacher_list` (
  `id` int(11) NOT NULL AUTO_INCREMENT,
  `teacher_id` varchar(255) DEFAULT NULL,
  `class_id` varchar(255) DEFAULT NULL,
  `delete_status` varchar(255) DEFAULT NULL,
  PRIMARY KEY (`id`)
) ENGINE=InnoDB AUTO_INCREMENT=1561 DEFAULT CHARSET=latin1 ROW_FORMAT=DYNAMIC;

--
-- Dumping data for table `kgs_teacher_list`
--

INSERT INTO `kgs_teacher_list` VALUES (925,'183','114','1'),(926,'183','113','1'),(927,'180','110','1'),(930,'180','109','1'),(934,'179','108','1'),(936,'179','107','1'),(940,'182','122','1'),(944,'182','123','1'),(945,'182','125','1'),(946,'182','124','1'),(947,'182','126','1'),(948,'182','121','1'),(949,'182','119','1'),(950,'182','120','1'),(952,'177','117','1'),(953,'177','116','1'),(954,'177','118','1'),(955,'181','115','1'),(956,'181','75','1'),(958,'184','77','1'),(959,'183','112','1'),(960,'183','111','1'),(961,'184','78','1'),(962,'179','106','1'),(963,'179','105','1'),(964,'179','103','1'),(965,'179','102','1'),(966,'186','100','1'),(967,'186','99','1'),(968,'186','98','1'),(969,'186','97','1'),(972,'176','94','1'),(973,'176','90','1'),(974,'176','91','1'),(978,'185','86','1'),(979,'185','83','1'),(980,'185','82','1'),(981,'185','81','1'),(982,'184','80','1'),(983,'184','79','1'),(985,'181','76','1'),(1119,'204','127','1'),(1120,'205','127','1'),(1121,'186','127','1'),(1122,'184','127','1'),(1123,'183','127','1'),(1124,'182','127','1'),(1125,'181','127','1'),(1126,'180','127','1'),(1127,'179','127','1'),(1128,'177','127','1'),(1129,'176','127','1'),(1130,'185','127','1'),(1143,'185','137','1'),(1144,'182','137','1'),(1171,'182','138','0'),(1172,'939','139','0'),(1173,'938','139','0'),(1174,'939','140','0'),(1175,'938','140','0'),(1176,'939','141','0'),(1177,'938','141','0'),(1178,'939','142','0'),(1179,'938','142','0'),(1180,'939','143','0'),(1181,'938','143','0'),(1186,'176','145',NULL),(1349,'204','133',NULL),(1350,'205','133',NULL),(1351,'186','133',NULL),(1352,'184','133',NULL),(1353,'183','133',NULL),(1354,'181','133',NULL),(1355,'180','133',NULL),(1356,'179','133',NULL),(1357,'177','133',NULL),(1358,'176','133',NULL),(1359,'182','133',NULL),(1360,'185','133',NULL),(1361,'971','133',NULL),(1362,'979','133',NULL),(1363,'204','134',NULL),(1364,'205','134',NULL),(1365,'186','134',NULL),(1366,'184','134',NULL),(1367,'183','134',NULL),(1368,'181','134',NULL),(1369,'180','134',NULL),(1370,'179','134',NULL),(1371,'177','134',NULL),(1372,'176','134',NULL),(1373,'182','134',NULL),(1374,'185','134',NULL),(1375,'971','134',NULL),(1376,'979','134',NULL),(1434,'176','147','0'),(1435,'176','148','0'),(1437,'176','150','0'),(1438,'176','149',NULL),(1440,'205','152','0'),(1441,'176','151',NULL),(1448,'204','136',NULL),(1449,'205','136',NULL),(1450,'186','136',NULL),(1451,'184','136',NULL),(1452,'183','136',NULL),(1453,'181','136',NULL),(1454,'180','136',NULL),(1455,'179','136',NULL),(1456,'177','136',NULL),(1457,'176','136',NULL),(1458,'182','136',NULL),(1459,'185','136',NULL),(1460,'971','136',NULL),(1461,'979','136',NULL),(1462,'1273','136',NULL),(1463,'204','135',NULL),(1464,'205','135',NULL),(1465,'186','135',NULL),(1466,'184','135',NULL),(1467,'183','135',NULL),(1468,'181','135',NULL),(1469,'180','135',NULL),(1470,'179','135',NULL),(1471,'177','135',NULL),(1472,'176','135',NULL),(1473,'182','135',NULL),(1474,'185','135',NULL),(1475,'971','135',NULL),(1476,'979','135',NULL),(1477,'1273','135',NULL),(1478,'204','132',NULL),(1479,'205','132',NULL),(1480,'186','132',NULL),(1481,'184','132',NULL),(1482,'183','132',NULL),(1483,'181','132',NULL),(1484,'180','132',NULL),(1485,'179','132',NULL),(1486,'177','132',NULL),(1487,'176','132',NULL),(1488,'182','132',NULL),(1489,'185','132',NULL),(1490,'971','132',NULL),(1491,'979','132',NULL),(1492,'1273','132',NULL),(1493,'204','131',NULL),(1494,'205','131',NULL),(1495,'186','131',NULL),(1496,'184','131',NULL),(1497,'183','131',NULL),(1498,'181','131',NULL),(1499,'180','131',NULL),(1500,'179','131',NULL),(1501,'177','131',NULL),(1502,'176','131',NULL),(1503,'182','131',NULL),(1504,'185','131',NULL),(1505,'971','131',NULL),(1506,'979','131',NULL),(1507,'1273','131',NULL),(1508,'204','130',NULL),(1509,'205','130',NULL),(1510,'186','130',NULL),(1511,'184','130',NULL),(1512,'183','130',NULL),(1513,'181','130',NULL),(1514,'180','130',NULL),(1515,'179','130',NULL),(1516,'177','130',NULL),(1517,'176','130',NULL),(1518,'182','130',NULL),(1519,'185','130',NULL),(1520,'971','130',NULL),(1521,'979','130',NULL),(1522,'1273','130',NULL),(1523,'204','129',NULL),(1524,'205','129',NULL),(1525,'186','129',NULL),(1526,'184','129',NULL),(1527,'183','129',NULL),(1528,'181','129',NULL),(1529,'180','129',NULL),(1530,'179','129',NULL),(1531,'177','129',NULL),(1532,'176','129',NULL),(1533,'182','129',NULL),(1534,'185','129',NULL),(1535,'971','129',NULL),(1536,'979','129',NULL),(1537,'1273','129',NULL),(1538,'204','128',NULL),(1539,'205','128',NULL),(1540,'186','128',NULL),(1541,'184','128',NULL),(1542,'183','128',NULL),(1543,'181','128',NULL),(1544,'180','128',NULL),(1545,'179','128',NULL),(1546,'177','128',NULL),(1547,'176','128',NULL),(1548,'182','128',NULL),(1549,'185','128',NULL),(1550,'971','128',NULL),(1551,'979','128',NULL),(1552,'1273','128',NULL),(1553,'185','144',NULL),(1554,'939','144',NULL),(1555,'938','144',NULL),(1560,'205','146',NULL);

--
-- Table structure for table `kgs_teacher_mentor`
--

CREATE TABLE `kgs_teacher_mentor` (
  `id` int(11) NOT NULL AUTO_INCREMENT,
  `teacher_id` varchar(50) DEFAULT NULL,
  `std_id` varchar(50) DEFAULT NULL,
  PRIMARY KEY (`id`)
) ENGINE=InnoDB AUTO_INCREMENT=32 DEFAULT CHARSET=utf8mb4 ;

--
-- Dumping data for table `kgs_teacher_mentor`
--

INSERT INTO `kgs_teacher_mentor` VALUES (26,'182','737'),(27,'182','738'),(28,'182','739'),(29,'182','740'),(30,'182','741'),(31,'182','742');

--
-- Table structure for table `kgs_teacher_registration`
--

CREATE TABLE `kgs_teacher_registration` (
  `id` int(11) NOT NULL AUTO_INCREMENT,
  `first_name` varchar(50) DEFAULT NULL,
  PRIMARY KEY (`id`)
) ENGINE=InnoDB DEFAULT CHARSET=utf8mb4 ;

--
-- Dumping data for table `kgs_teacher_registration`
--


--
-- Table structure for table `kgs_temporary_timetable`
--

CREATE TABLE `kgs_temporary_timetable` (
  `id` int(11) NOT NULL AUTO_INCREMENT,
  `timetable_id` int(11) DEFAULT NULL,
  `period_id` int(11) DEFAULT NULL,
  `week_id` int(11) DEFAULT NULL,
  `teacher_id` int(11) DEFAULT NULL,
  `class_id` int(11) DEFAULT NULL,
  `section_id` int(11) DEFAULT NULL,
  `subject_id` int(11) DEFAULT NULL,
  `start_time` varchar(50) DEFAULT NULL,
  `end_time` varchar(50) DEFAULT NULL,
  `leaveList_id` int(11) DEFAULT NULL,
  `status` enum('pending','requested','accepted','rejected') DEFAULT NULL,
  `delete_status` int(11) DEFAULT NULL,
  PRIMARY KEY (`id`) USING BTREE
) ENGINE=InnoDB DEFAULT CHARSET=utf8mb4  ROW_FORMAT=DYNAMIC;

--
-- Dumping data for table `kgs_temporary_timetable`
--


--
-- Table structure for table `kgs_temporary_timetable_history`
--

CREATE TABLE `kgs_temporary_timetable_history` (
  `id` int(11) NOT NULL AUTO_INCREMENT,
  `timetable_id` int(11) DEFAULT NULL,
  `period_id` int(11) DEFAULT NULL,
  `week_id` int(11) DEFAULT NULL,
  `teacher_id` int(11) DEFAULT NULL,
  `class_id` int(11) DEFAULT NULL,
  `section_id` int(11) DEFAULT NULL,
  `subject_id` int(11) DEFAULT NULL,
  `start_time` varchar(50) DEFAULT NULL,
  `end_time` varchar(50) DEFAULT NULL,
  `leaveList_id` int(11) DEFAULT NULL,
  PRIMARY KEY (`id`) USING BTREE
) ENGINE=InnoDB DEFAULT CHARSET=utf8mb4  ROW_FORMAT=DYNAMIC;

--
-- Dumping data for table `kgs_temporary_timetable_history`
--


--
-- Table structure for table `kgs_tenant`
--

CREATE TABLE `kgs_tenant` (
  `id` int(11) NOT NULL AUTO_INCREMENT,
  `tenant_name` varchar(20) DEFAULT NULL,
  `user_name` varchar(50) DEFAULT NULL,
  `password` varchar(50) DEFAULT NULL,
  `delete_status` int(11) DEFAULT NULL,
  PRIMARY KEY (`id`)
) ENGINE=InnoDB DEFAULT CHARSET=utf8mb4 ;

--
-- Dumping data for table `kgs_tenant`
--


--
-- Table structure for table `kgs_timetable`
--

CREATE TABLE `kgs_timetable` (
  `id` int(11) NOT NULL AUTO_INCREMENT,
  `period_id` int(11) DEFAULT NULL,
  `week_id` int(11) DEFAULT NULL,
  `teacher_id` int(11) DEFAULT NULL,
  `class_id` int(11) DEFAULT NULL,
  `section_id` int(11) DEFAULT NULL,
  `subject_id` int(11) DEFAULT NULL,
  `start_time` int(11) DEFAULT NULL,
  `end_time` int(11) DEFAULT NULL,
  `adjustment` int(11) DEFAULT NULL,
  `custom_table_id` int(11) DEFAULT NULL,
  `adjusted_lecture` int(11) DEFAULT NULL,
  PRIMARY KEY (`id`)
) ENGINE=InnoDB AUTO_INCREMENT=604 DEFAULT CHARSET=utf8mb4 ;

--
-- Dumping data for table `kgs_timetable`
--

INSERT INTO `kgs_timetable` VALUES (273,221,2,186,133,34,47,1616643000,1616646600,0,0,0),(274,223,4,186,133,34,47,1616650200,1616653800,0,0,0),(276,252,3,180,136,35,48,1617276600,1617278400,0,0,0),(277,252,5,180,136,35,48,1617276600,1617278400,0,0,0),(278,252,1,179,136,36,49,1617276600,1617278400,0,0,0),(279,252,3,179,136,36,49,1617276600,1617278400,0,0,0),(281,252,2,185,136,37,50,1617276600,1617278400,0,0,0),(282,252,4,185,136,37,50,1617276600,1617278400,0,0,0),(283,252,2,181,136,38,51,1617276600,1617278400,0,0,0),(285,252,4,181,136,38,51,1617276600,1617278400,0,0,0),(286,252,1,183,136,39,52,1617276600,1617278400,0,0,0),(287,252,4,183,136,39,52,1617276600,1617278400,0,0,0),(288,252,3,184,136,40,53,1617276600,1617278400,0,0,0),(289,252,5,184,136,40,53,1617276600,1617278400,0,0,0),(290,252,2,182,136,41,54,1617276600,1617278400,0,0,0),(291,252,5,182,136,41,54,1617276600,1617278400,0,0,0),(292,252,6,205,136,44,57,1617276600,1617278400,0,0,0),(293,252,7,205,136,44,57,1617276600,1617278400,0,0,0),(294,252,3,177,136,45,58,1617276600,1617278400,0,0,0),(295,252,5,177,136,45,58,1617276600,1617278400,0,0,0),(296,252,1,176,136,46,59,1617276600,1617278400,0,0,0),(297,252,2,176,136,46,59,1617276600,1617278400,0,0,0),(298,252,3,176,136,46,59,1617276600,1617278400,0,0,0),(299,252,4,176,136,46,59,1617276600,1617278400,0,0,0),(300,252,5,176,136,46,59,1617276600,1617278400,0,0,0),(301,252,6,176,136,46,59,1617276600,1617278400,0,0,0),(302,261,3,180,135,35,48,1617278400,1617280200,0,0,0),(303,261,5,180,135,35,48,1617278400,1617280200,0,0,0),(304,261,1,179,135,36,49,1617278400,1617280200,0,0,0),(305,261,3,179,135,36,49,1617278400,1617280200,0,0,0),(306,261,2,185,135,37,50,1617278400,1617280200,0,0,0),(307,261,4,185,135,37,50,1617278400,1617280200,0,0,0),(308,261,2,181,135,38,51,1617278400,1617280200,0,0,0),(309,261,4,181,135,38,51,1617278400,1617280200,0,0,0),(310,261,1,183,135,39,52,1617278400,1617280200,0,0,0),(311,261,4,183,135,39,52,1617278400,1617280200,0,0,0),(312,261,3,184,135,40,53,1617278400,1617280200,0,0,0),(313,261,5,184,135,40,53,1617278400,1617280200,0,0,0),(314,261,2,182,135,41,54,1617278400,1617280200,0,0,0),(315,261,5,182,135,41,54,1617278400,1617280200,0,0,0),(316,261,6,205,135,44,57,1617278400,1617280200,0,0,0),(317,261,7,205,135,44,57,1617278400,1617280200,0,0,0),(318,261,3,177,135,45,58,1617278400,1617280200,0,0,0),(319,261,5,177,135,45,58,1617278400,1617280200,0,0,0),(320,261,1,176,135,46,59,1617278400,1617280200,0,0,0),(321,261,2,176,135,46,59,1617278400,1617280200,0,0,0),(322,261,3,176,135,46,59,1617278400,1617280200,0,0,0),(323,261,4,176,135,46,59,1617278400,1617280200,0,0,0),(324,261,5,176,135,46,59,1617278400,1617280200,0,0,0),(325,261,6,176,135,46,59,1617278400,1617280200,0,0,0),(326,270,3,180,134,35,48,1617280200,1617282000,0,0,0),(327,270,5,180,134,35,48,1617280200,1617282000,0,0,0),(328,270,1,179,134,36,49,1617280200,1617282000,0,0,0),(329,270,3,179,134,36,49,1617280200,1617282000,0,0,0),(330,270,2,185,134,37,50,1617280200,1617282000,0,0,0),(331,270,4,185,134,37,50,1617280200,1617282000,0,0,0),(332,270,2,181,134,38,51,1617280200,1617282000,0,0,0),(333,270,4,181,134,38,51,1617280200,1617282000,0,0,0),(334,270,1,183,134,39,52,1617280200,1617282000,0,0,0),(335,270,4,183,134,39,52,1617280200,1617282000,0,0,0),(336,270,3,184,134,40,53,1617280200,1617282000,0,0,0),(337,270,5,184,134,40,53,1617280200,1617282000,0,0,0),(338,270,2,182,134,41,54,1617280200,1617282000,0,0,0),(339,270,5,182,134,41,54,1617280200,1617282000,0,0,0),(340,270,6,205,134,44,57,1617280200,1617282000,0,0,0),(341,270,7,205,134,44,57,1617280200,1617282000,0,0,0),(342,270,3,177,134,45,58,1617280200,1617282000,0,0,0),(344,270,5,177,134,45,58,1617280200,1617282000,0,0,0),(345,270,1,176,134,46,59,1617280200,1617282000,0,0,0),(346,270,2,176,134,46,59,1617280200,1617282000,0,0,0),(347,270,3,176,134,46,59,1617280200,1617282000,0,0,0),(348,270,4,176,134,46,59,1617280200,1617282000,0,0,0),(349,270,5,176,134,46,59,1617280200,1617282000,0,0,0),(350,270,6,176,134,46,59,1617280200,1617282000,0,0,0),(351,279,3,180,133,35,48,1617282000,1617283800,0,0,0),(352,279,5,180,133,35,48,1617282000,1617283800,0,0,0),(353,279,1,179,133,36,49,1617282000,1617283800,0,0,0),(354,279,3,179,133,36,49,1617282000,1617283800,0,0,0),(355,279,2,185,133,37,50,1617282000,1617283800,0,0,0),(356,279,4,185,133,37,50,1617282000,1617283800,0,0,0),(357,279,2,181,133,38,51,1617282000,1617283800,0,0,0),(358,279,4,181,133,38,51,1617282000,1617283800,0,0,0),(359,279,1,183,133,39,52,1617282000,1617283800,0,0,0),(360,279,4,183,133,39,52,1617282000,1617283800,0,0,0),(361,279,3,184,133,40,53,1617282000,1617283800,0,0,0),(362,279,5,184,133,40,53,1617282000,1617283800,0,0,0),(363,279,2,182,133,41,54,1617282000,1617283800,0,0,0),(364,279,5,182,133,41,54,1617282000,1617283800,0,0,0),(365,279,6,205,133,44,57,1617282000,1617283800,0,0,0),(366,279,7,205,133,44,57,1617282000,1617283800,0,0,0),(367,279,3,177,133,45,58,1617282000,1617283800,0,0,0),(368,279,5,177,133,45,58,1617282000,1617283800,0,0,0),(369,279,1,176,133,46,59,1617282000,1617283800,0,0,0),(370,279,2,176,133,46,59,1617282000,1617283800,0,0,0),(371,279,6,176,133,46,59,1617282000,1617283800,0,0,0),(372,279,3,176,133,46,59,1617282000,1617283800,0,0,0),(373,279,4,176,133,46,59,1617282000,1617283800,0,0,0),(374,279,5,176,133,46,59,1617282000,1617283800,0,0,0),(375,332,3,180,136,35,48,1617363000,1617364800,0,0,0),(376,332,5,180,136,35,48,1617363000,1617364800,0,0,0),(377,332,1,179,136,36,49,1617363000,1617364800,0,0,0),(378,332,3,179,136,36,49,1617363000,1617364800,0,0,0),(379,332,2,185,136,37,50,1617363000,1617364800,0,0,0),(380,332,4,185,136,37,50,1617363000,1617364800,0,0,0),(381,332,2,181,136,38,51,1617363000,1617364800,0,0,0),(382,332,4,181,136,38,51,1617363000,1617364800,0,0,0),(383,332,1,183,136,39,52,1617363000,1617364800,0,0,0),(384,332,4,183,136,39,52,1617363000,1617364800,0,0,0),(386,332,5,184,136,40,53,1617363000,1617364800,0,0,0),(387,332,2,182,136,41,54,1617363000,1617364800,0,0,0),(388,332,5,182,136,41,54,1617363000,1617364800,0,0,0),(389,332,3,184,136,40,53,1617363000,1617364800,0,0,0),(390,332,6,205,136,44,57,1617363000,1617364800,0,0,0),(391,332,7,205,136,44,57,1617363000,1617364800,0,0,0),(392,332,3,177,136,45,58,1617363000,1617364800,0,0,0),(393,332,5,177,136,45,58,1617363000,1617364800,0,0,0),(394,332,1,176,136,46,59,1617363000,1617364800,0,0,0),(395,332,2,176,136,46,59,1617363000,1617364800,0,0,0),(396,332,3,176,136,46,59,1617363000,1617364800,0,0,0),(397,332,4,176,136,46,59,1617363000,1617364800,0,0,0),(398,332,5,176,136,46,59,1617363000,1617364800,0,0,0),(399,332,6,176,136,46,59,1617363000,1617364800,0,0,0),(401,343,3,180,135,35,48,1617364800,1617366600,0,0,0),(402,343,5,180,135,35,48,1617364800,1617366600,0,0,0),(403,343,1,179,135,36,49,1617364800,1617366600,0,0,0),(404,343,3,179,135,36,49,1617364800,1617366600,0,0,0),(405,343,2,185,135,37,50,1617364800,1617366600,0,0,0),(406,343,4,185,135,37,50,1617364800,1617366600,0,0,0),(407,343,2,181,135,38,51,1617364800,1617366600,0,0,0),(408,343,4,181,135,38,51,1617364800,1617366600,0,0,0),(409,343,1,183,135,39,52,1617364800,1617366600,0,0,0),(410,343,4,183,135,39,52,1617364800,1617366600,0,0,0),(411,343,3,184,135,40,53,1617364800,1617366600,0,0,0),(412,343,5,184,135,40,53,1617364800,1617366600,0,0,0),(413,343,2,182,135,41,54,1617364800,1617366600,0,0,0),(414,343,5,182,135,41,54,1617364800,1617366600,0,0,0),(415,343,6,205,135,44,57,1617364800,1617366600,0,0,0),(416,343,7,205,135,44,57,1617364800,1617366600,0,0,0),(417,343,3,177,135,45,58,1617364800,1617366600,0,0,0),(418,343,5,177,135,45,58,1617364800,1617366600,0,0,0),(419,343,1,176,135,46,59,1617364800,1617366600,0,0,0),(420,343,2,176,135,46,59,1617364800,1617366600,0,0,0),(421,343,3,176,135,46,59,1617364800,1617366600,0,0,0),(422,343,4,176,135,46,59,1617364800,1617366600,0,0,0),(423,343,5,176,135,46,59,1617364800,1617366600,0,0,0),(424,343,6,176,135,46,59,1617364800,1617366600,0,0,0),(425,354,3,180,134,35,48,1617366600,1617368400,0,0,0),(426,354,5,180,134,35,48,1617366600,1617368400,0,0,0),(427,354,1,179,134,36,49,1617366600,1617368400,0,0,0),(428,354,3,179,134,36,49,1617366600,1617368400,0,0,0),(429,354,2,185,134,37,50,1617366600,1617368400,0,0,0),(430,354,4,185,134,37,50,1617366600,1617368400,0,0,0),(431,354,2,181,134,38,51,1617366600,1617368400,0,0,0),(432,354,4,181,134,38,51,1617366600,1617368400,0,0,0),(433,354,1,183,134,39,52,1617366600,1617368400,0,0,0),(434,354,4,183,134,39,52,1617366600,1617368400,0,0,0),(435,354,3,184,134,40,53,1617366600,1617368400,0,0,0),(436,354,5,184,134,40,53,1617366600,1617368400,0,0,0),(437,354,2,182,134,41,54,1617366600,1617368400,0,0,0),(438,354,5,182,134,41,54,1617366600,1617368400,0,0,0),(439,354,6,205,134,44,57,1617366600,1617368400,0,0,0),(440,354,7,205,134,44,57,1617366600,1617368400,0,0,0),(441,354,3,177,134,45,58,1617366600,1617368400,0,0,0),(442,354,5,177,134,45,58,1617366600,1617368400,0,0,0),(443,354,1,176,134,46,59,1617366600,1617368400,0,0,0),(444,354,2,176,134,46,59,1617366600,1617368400,0,0,0),(445,354,3,176,134,46,59,1617366600,1617368400,0,0,0),(446,354,4,176,134,46,59,1617366600,1617368400,0,0,0),(447,354,5,176,134,46,59,1617366600,1617368400,0,0,0),(448,354,6,176,134,46,59,1617366600,1617368400,0,0,0),(449,375,3,180,133,35,48,1617368400,1617370200,0,0,0),(450,375,5,180,133,35,48,1617368400,1617370200,0,0,0),(451,375,1,179,133,36,49,1617368400,1617370200,0,0,0),(452,375,3,179,133,36,49,1617368400,1617370200,0,0,0),(453,375,2,185,133,37,50,1617368400,1617370200,0,0,0),(454,375,4,185,133,37,50,1617368400,1617370200,0,0,0),(455,375,2,181,133,38,51,1617368400,1617370200,0,0,0),(456,375,4,181,133,38,51,1617368400,1617370200,0,0,0),(457,375,1,183,133,39,52,1617368400,1617370200,0,0,0),(458,375,4,183,133,39,52,1617368400,1617370200,0,0,0),(459,375,3,184,133,40,53,1617368400,1617370200,0,0,0),(460,375,5,184,133,40,53,1617368400,1617370200,0,0,0),(461,375,2,182,133,41,54,1617368400,1617370200,0,0,0),(462,375,5,182,133,41,54,1617368400,1617370200,0,0,0),(463,375,6,205,133,44,57,1617368400,1617370200,0,0,0),(464,375,7,205,133,44,57,1617368400,1617370200,0,0,0),(465,375,3,177,133,45,58,1617368400,1617370200,0,0,0),(466,375,5,177,133,45,58,1617368400,1617370200,0,0,0),(467,375,1,176,133,46,59,1617368400,1617370200,0,0,0),(468,375,2,176,133,46,59,1617368400,1617370200,0,0,0),(469,375,3,176,133,46,59,1617368400,1617370200,0,0,0),(470,375,4,176,133,46,59,1617368400,1617370200,0,0,0),(471,375,5,176,133,46,59,1617368400,1617370200,0,0,0),(472,375,6,176,133,46,59,1617368400,1617370200,0,0,0),(473,386,3,180,132,35,48,1617370200,1617372000,0,0,0),(474,386,5,180,132,35,48,1617370200,1617372000,0,0,0),(475,386,1,179,132,36,49,1617370200,1617372000,0,0,0),(476,386,3,179,132,36,49,1617370200,1617372000,0,0,0),(477,386,2,185,132,37,50,1617370200,1617372000,0,0,0),(479,386,4,185,132,37,50,1617370200,1617372000,0,0,0),(480,386,2,181,132,38,51,1617370200,1617372000,0,0,0),(481,386,4,181,132,38,51,1617370200,1617372000,0,0,0),(482,386,1,183,132,39,52,1617370200,1617372000,0,0,0),(483,386,4,183,132,39,52,1617370200,1617372000,0,0,0),(484,386,3,184,132,40,53,1617370200,1617372000,0,0,0),(485,386,5,184,132,40,53,1617370200,1617372000,0,0,0),(486,386,2,182,132,41,54,1617370200,1617372000,0,0,0),(487,386,5,182,132,41,54,1617370200,1617372000,0,0,0),(488,386,6,205,132,44,57,1617370200,1617372000,0,0,0),(489,386,7,205,132,44,57,1617370200,1617372000,0,0,0),(490,386,3,177,132,45,58,1617370200,1617372000,0,0,0),(491,386,5,177,132,45,58,1617370200,1617372000,0,0,0),(492,386,1,176,132,46,59,1617370200,1617372000,0,0,0),(493,386,2,176,132,46,59,1617370200,1617372000,0,0,0),(494,386,3,176,132,46,59,1617370200,1617372000,0,0,0),(495,386,4,176,132,46,59,1617370200,1617372000,0,0,0),(496,386,5,176,132,46,59,1617370200,1617372000,0,0,0),(497,386,6,176,132,46,59,1617370200,1617372000,0,0,0),(498,397,3,180,131,35,48,1617372000,1617373800,0,0,0),(499,397,5,180,131,35,48,1617372000,1617373800,0,0,0),(500,397,3,179,131,36,49,1617372000,1617373800,0,0,0),(502,397,1,179,131,36,49,1617372000,1617373800,0,0,0),(503,397,2,185,131,37,50,1617372000,1617373800,0,0,0),(504,397,4,185,131,37,50,1617372000,1617373800,0,0,0),(505,397,2,181,131,38,51,1617372000,1617373800,0,0,0),(506,397,4,181,131,38,51,1617372000,1617373800,0,0,0),(507,397,1,183,131,39,52,1617372000,1617373800,0,0,0),(508,397,4,183,131,39,52,1617372000,1617373800,0,0,0),(509,397,3,184,131,40,53,1617372000,1617373800,0,0,0),(510,397,5,184,131,40,53,1617372000,1617373800,0,0,0),(511,397,2,182,131,41,54,1617372000,1617373800,0,0,0),(512,397,5,182,131,41,54,1617372000,1617373800,0,0,0),(513,397,6,205,131,44,57,1617372000,1617373800,0,0,0),(514,397,7,205,131,44,57,1617372000,1617373800,0,0,0),(515,397,3,177,131,45,58,1617372000,1617373800,0,0,0),(516,397,5,177,131,45,58,1617372000,1617373800,0,0,0),(517,397,1,176,131,46,59,1617372000,1617373800,0,0,0),(518,397,2,176,131,46,59,1617372000,1617373800,0,0,0),(519,397,3,176,131,46,59,1617372000,1617373800,0,0,0),(520,397,4,176,131,46,59,1617372000,1617373800,0,0,0),(521,397,5,176,131,46,59,1617372000,1617373800,0,0,0),(522,397,6,176,131,46,59,1617372000,1617373800,0,0,0),(523,408,3,180,130,35,48,1617373800,1617375600,0,0,0),(524,408,5,180,130,35,48,1617373800,1617375600,0,0,0),(525,408,1,179,130,36,49,1617373800,1617375600,0,0,0),(526,408,3,179,130,36,49,1617373800,1617375600,0,0,0),(527,408,2,185,130,37,50,1617373800,1617375600,0,0,0),(528,408,4,185,130,37,50,1617373800,1617375600,0,0,0),(529,408,2,181,130,38,51,1617373800,1617375600,0,0,0),(530,408,4,181,130,38,51,1617373800,1617375600,0,0,0),(531,408,1,183,130,39,52,1617373800,1617375600,0,0,0),(532,408,4,183,130,39,52,1617373800,1617375600,0,0,0),(533,408,3,184,130,40,53,1617373800,1617375600,0,0,0),(534,408,5,184,130,40,53,1617373800,1617375600,0,0,0),(535,408,2,182,130,41,54,1617373800,1617375600,0,0,0),(536,408,5,182,130,41,54,1617373800,1617375600,0,0,0),(537,408,6,205,130,44,57,1617373800,1617375600,0,0,0),(538,408,7,205,130,44,57,1617373800,1617375600,0,0,0),(539,408,3,177,130,45,58,1617373800,1617375600,0,0,0),(540,408,5,177,130,45,58,1617373800,1617375600,0,0,0),(541,408,1,176,130,46,59,1617373800,1617375600,0,0,0),(542,408,2,176,130,46,59,1617373800,1617375600,0,0,0),(543,408,3,176,130,46,59,1617373800,1617375600,0,0,0),(544,408,4,176,130,46,59,1617373800,1617375600,0,0,0),(545,408,5,176,130,46,59,1617373800,1617375600,0,0,0),(546,408,6,176,130,46,59,1617373800,1617375600,0,0,0),(547,419,3,180,129,35,48,1617375600,1617377400,0,0,0),(548,419,5,180,129,35,48,1617375600,1617377400,0,0,0),(549,419,1,179,129,36,49,1617375600,1617377400,0,0,0),(550,419,3,179,129,36,49,1617375600,1617377400,0,0,0),(551,419,2,185,129,37,50,1617375600,1617377400,0,0,0),(552,419,4,185,129,37,50,1617375600,1617377400,0,0,0),(553,419,2,181,129,38,51,1617375600,1617377400,0,0,0),(554,419,4,181,129,38,51,1617375600,1617377400,0,0,0),(555,419,1,183,129,39,52,1617375600,1617377400,0,0,0),(556,419,4,183,129,39,52,1617375600,1617377400,0,0,0),(557,419,3,184,129,40,53,1617375600,1617377400,0,0,0),(558,419,5,184,129,40,53,1617375600,1617377400,0,0,0),(559,419,2,182,129,41,54,1617375600,1617377400,0,0,0),(560,419,5,182,129,41,54,1617375600,1617377400,0,0,0),(561,419,6,205,129,44,57,1617375600,1617377400,0,0,0),(562,419,7,205,129,44,57,1617375600,1617377400,0,0,0),(563,419,3,177,129,45,58,1617375600,1617377400,0,0,0),(564,419,5,177,129,45,58,1617375600,1617377400,0,0,0),(565,419,1,176,129,46,59,1617375600,1617377400,0,0,0),(566,419,2,176,129,46,59,1617375600,1617377400,0,0,0),(567,419,3,176,129,46,59,1617375600,1617377400,0,0,0),(568,419,4,176,129,46,59,1617375600,1617377400,0,0,0),(569,419,5,176,129,46,59,1617375600,1617377400,0,0,0),(570,419,6,176,129,46,59,1617375600,1617377400,0,0,0),(571,430,3,180,128,35,48,1617377400,1617379200,0,0,0),(572,430,5,180,128,35,48,1617377400,1617379200,0,0,0),(573,430,1,179,128,36,49,1617377400,1617379200,0,0,0),(574,430,3,179,128,36,49,1617377400,1617379200,0,0,0),(575,430,2,185,128,37,50,1617377400,1617379200,0,0,0),(576,430,4,185,128,37,50,1617377400,1617379200,0,0,0),(577,430,2,181,128,38,51,1617377400,1617379200,0,0,0),(578,430,4,181,128,38,51,1617377400,1617379200,0,0,0),(579,430,1,183,128,39,52,1617377400,1617379200,0,0,0),(580,430,4,183,128,39,52,1617377400,1617379200,0,0,0),(581,430,3,184,128,40,53,1617377400,1617379200,0,0,0),(582,430,5,184,128,40,53,1617377400,1617379200,0,0,0),(583,430,2,182,128,41,54,1617377400,1617379200,0,0,0),(584,430,5,182,128,41,54,1617377400,1617379200,0,0,0),(585,430,6,205,128,44,57,1617377400,1617379200,0,0,0),(586,430,7,205,128,44,57,1617377400,1617379200,0,0,0),(587,430,3,177,128,45,58,1617377400,1617379200,0,0,0),(588,430,5,177,128,45,58,1617377400,1617379200,0,0,0),(595,430,1,176,128,46,59,1617377400,1617379200,0,0,0),(596,430,2,176,128,46,59,1617377400,1617379200,0,0,0),(597,430,3,176,128,46,59,1617377400,1617379200,0,0,0),(598,430,4,176,128,46,59,1617377400,1617379200,0,0,0),(599,430,6,176,128,46,59,1617377400,1617379200,0,0,0),(600,430,5,176,128,46,59,1617377400,1617379200,0,0,0),(601,332,1,204,136,34,55,1617363000,1617364800,0,0,0),(602,337,2,205,136,34,57,1617372000,1617373800,0,0,0);

--
-- Table structure for table `kgs_upload_document`
--

CREATE TABLE `kgs_upload_document` (
  `id` int(11) NOT NULL AUTO_INCREMENT,
  `color_name` varchar(50) DEFAULT NULL,
  `logo_name` varchar(1000) DEFAULT NULL,
  `logo_path` varchar(1000) DEFAULT NULL,
  `favicon_name` varchar(1000) DEFAULT NULL,
  `favicon_path` varchar(1000) DEFAULT NULL,
  `water_mark_name` varchar(1000) DEFAULT NULL,
  `water_mark_path` varchar(1000) DEFAULT NULL,
  `working_hour` int(11) DEFAULT NULL,
  `file_size` int(11) DEFAULT NULL,
  `No_of_files` int(11) DEFAULT NULL,
  `background_image_name` varchar(50) DEFAULT NULL,
  `background_image_path` varchar(100) DEFAULT NULL,
  `institute_name` varchar(100) DEFAULT NULL,
  `columnbackground_image_path` varchar(50) DEFAULT NULL,
  `institute_full_name` varchar(200) DEFAULT NULL,
  `logo_print_left` varchar(100) DEFAULT NULL,
  `logo_print_right` varchar(100) DEFAULT NULL,
  PRIMARY KEY (`id`)
) ENGINE=InnoDB AUTO_INCREMENT=2 DEFAULT CHARSET=utf8mb4 ;

--
-- Dumping data for table `kgs_upload_document`
--

INSERT INTO `kgs_upload_document` VALUES (1,'#a74538','1624968829_3a29954e6bfaada0fbe8.png','logo_and_favicon/1624968829_3a29954e6bfaada0fbe8.png','1613126380_8f660e84f951dec6be06.jpg','logo_and_favicon/1613126380_8f660e84f951dec6be06.jpg','1613126693_a012982cf75d8c85991b.jpg','logo_and_favicon/1613126693_a012982cf75d8c85991b.jpg',1,1,1,'1617372186_2eb87c45b08a1bcf2b5d.jpg','logo_and_favicon/1617372186_2eb87c45b08a1bcf2b5d.jpg','KGS',NULL,'Kalyan Gayan Samaj\'s Dinkar Sangeet Vidyalaya','logo_and_favicon/left-icon-logo-fee.png','logo_and_favicon/right-icon-logo-fee.png');

--
-- Table structure for table `kgs_uploadimage`
--

CREATE TABLE `kgs_uploadimage` (
  `id` int(11) NOT NULL AUTO_INCREMENT,
  `file_name` varchar(50) DEFAULT NULL,
  `file_path` varchar(50) DEFAULT NULL,
  `file_real_name` varchar(50) DEFAULT NULL,
  `document_name` varchar(50) DEFAULT NULL,
  `std_id` varchar(50) DEFAULT NULL,
  `document_type` varchar(50) DEFAULT NULL,
  `type` enum('photo','document') DEFAULT NULL,
  `delete_status` int(11) DEFAULT NULL,
  `uploadby` enum('admin','student') DEFAULT NULL,
  PRIMARY KEY (`id`)
) ENGINE=InnoDB AUTO_INCREMENT=154 DEFAULT CHARSET=utf8mb4 ;

--
-- Dumping data for table `kgs_uploadimage`
--

INSERT INTO `kgs_uploadimage` VALUES (58,'1613131907_2cc99b379084f2337afb.jpg','student/1613131907_2cc99b379084f2337afb.jpg','Hydrangeas.jpg','document','138','jpg','document',0,'student'),(59,'1613132373_7c14348bcfe0799097db.jpg','student/1613132373_7c14348bcfe0799097db.jpg',NULL,NULL,'138',NULL,'photo',NULL,NULL),(60,'1613830078_91b97b43cd633370340f.jpg','student/1613830078_91b97b43cd633370340f.jpg',NULL,NULL,'141',NULL,'photo',NULL,NULL),(61,'1642771484_dbddadf09f0e17ccb560.jpg','student/1642771484_dbddadf09f0e17ccb560.jpg',NULL,NULL,'1381',NULL,'photo',NULL,NULL),(62,'1642774150_1b55d8a92329e7c2a422.jpg','student/1642774150_1b55d8a92329e7c2a422.jpg',NULL,NULL,'1380',NULL,'photo',NULL,NULL),(63,'1646662399_ee1f3ca3c62f16603fd9.jpg','student/1646662399_ee1f3ca3c62f16603fd9.jpg',NULL,NULL,'1379',NULL,'photo',NULL,NULL),(64,'1646403911_9d943bc77e58e1cc43ca.jpg','student/1646403911_9d943bc77e58e1cc43ca.jpg',NULL,NULL,'1377',NULL,'photo',NULL,NULL),(65,'1646490333_76030c32f95b3b4a82cb.jpg','student/1646490333_76030c32f95b3b4a82cb.jpg',NULL,NULL,'1376',NULL,'photo',NULL,NULL),(66,'1646490452_9760fe374b606dbb9494.jpg','student/1646490452_9760fe374b606dbb9494.jpg',NULL,NULL,'1375',NULL,'photo',NULL,NULL),(67,'1642774612_bdbe2b1f6fa51ab4f0b9.jpg','student/1642774612_bdbe2b1f6fa51ab4f0b9.jpg',NULL,NULL,'1374',NULL,'photo',NULL,NULL),(68,'1646407024_8a2099958182d30adb44.jpg','student/1646407024_8a2099958182d30adb44.jpg',NULL,NULL,'1373',NULL,'photo',NULL,NULL),(69,'1646662508_6e66e8f53c4f91fb410a.jpg','student/1646662508_6e66e8f53c4f91fb410a.jpg',NULL,NULL,'1372',NULL,'photo',NULL,NULL),(70,'1646490371_cd3520d37c4d98463d6e.jpg','student/1646490371_cd3520d37c4d98463d6e.jpg',NULL,NULL,'1370',NULL,'photo',NULL,NULL),(71,'1646663980_a39aa9eb51b233580208.jpg','student/1646663980_a39aa9eb51b233580208.jpg',NULL,NULL,'1369',NULL,'photo',NULL,NULL),(72,'1646663952_d1d8402a517aca239aa1.jpg','student/1646663952_d1d8402a517aca239aa1.jpg',NULL,NULL,'1368',NULL,'photo',NULL,NULL),(73,'1646665850_f78acd28af9b03763d8d.jpg','student/1646665850_f78acd28af9b03763d8d.jpg',NULL,NULL,'1367',NULL,'photo',NULL,NULL),(74,'1642774927_9aac5c41724adc7107e3.jpg','student/1642774927_9aac5c41724adc7107e3.jpg',NULL,NULL,'1366',NULL,'photo',NULL,NULL),(75,'1642774955_b7805321b2799cd7471e.jpg','student/1642774955_b7805321b2799cd7471e.jpg',NULL,NULL,'1365',NULL,'photo',NULL,NULL),(76,'1646403498_68dc80eaae76cd6028ad.jpg','student/1646403498_68dc80eaae76cd6028ad.jpg',NULL,NULL,'1364',NULL,'photo',NULL,NULL),(77,'1643463397_d40330c5ce9445b116fa.jpg','student/1643463397_d40330c5ce9445b116fa.jpg',NULL,NULL,'1338',NULL,'photo',NULL,NULL),(78,'1646403432_e60a3e9192a6667495f9.jpg','student/1646403432_e60a3e9192a6667495f9.jpg',NULL,NULL,'1319',NULL,'photo',NULL,NULL),(79,'1646403541_34c307f685c0333b76be.jpg','student/1646403541_34c307f685c0333b76be.jpg',NULL,NULL,'1314',NULL,'photo',NULL,NULL),(80,'1646403588_0fba3fda1e6f44355653.jpg','student/1646403588_0fba3fda1e6f44355653.jpg',NULL,NULL,'1311',NULL,'photo',NULL,NULL),(81,'1646403732_adb4dbe9fd7ef6a9e9b7.jpg','student/1646403732_adb4dbe9fd7ef6a9e9b7.jpg',NULL,NULL,'1333',NULL,'photo',NULL,NULL),(82,'1646403819_d0a0f2d5b99cbb1fcc82.jpg','student/1646403819_d0a0f2d5b99cbb1fcc82.jpg',NULL,NULL,'1400',NULL,'photo',NULL,NULL),(83,'1646403974_ca4c9f04189e98b17fc2.jpg','student/1646403974_ca4c9f04189e98b17fc2.jpg',NULL,NULL,'1304',NULL,'photo',NULL,NULL),(84,'1646404134_d52c2ab87435322c2ada.jpg','student/1646404134_d52c2ab87435322c2ada.jpg',NULL,NULL,'1325',NULL,'photo',NULL,NULL),(85,'1646407057_c65a573e9a4b12404726.jpg','student/1646407057_c65a573e9a4b12404726.jpg',NULL,NULL,'1390',NULL,'photo',NULL,NULL),(86,'1646407091_abc0d4b1e54e4e059748.jpg','student/1646407091_abc0d4b1e54e4e059748.jpg',NULL,NULL,'1270',NULL,'photo',NULL,NULL),(87,'1646407226_8de5be2746dc77b84327.jpg','student/1646407226_8de5be2746dc77b84327.jpg',NULL,NULL,'1286',NULL,'photo',NULL,NULL),(88,'1646407254_10852ffff74a8a8d9773.jpg','student/1646407254_10852ffff74a8a8d9773.jpg',NULL,NULL,'1342',NULL,'photo',NULL,NULL),(89,'1646407290_65f08dd9452758f0c6d7.jpg','student/1646407290_65f08dd9452758f0c6d7.jpg',NULL,NULL,'1385',NULL,'photo',NULL,NULL),(90,'1646407344_a41e13c897f087c28278.jpg','student/1646407344_a41e13c897f087c28278.jpg',NULL,NULL,'1312',NULL,'photo',NULL,NULL),(91,'1646407373_66c767138df4aec2edbf.jpg','student/1646407373_66c767138df4aec2edbf.jpg',NULL,NULL,'1389',NULL,'photo',NULL,NULL),(92,'1646407414_3ffd1a1fb1f0933c805d.jpg','student/1646407414_3ffd1a1fb1f0933c805d.jpg',NULL,NULL,'1287',NULL,'photo',NULL,NULL),(93,'1646407441_fdfb79389d6f961f0b49.jpg','student/1646407441_fdfb79389d6f961f0b49.jpg',NULL,NULL,'1330',NULL,'photo',NULL,NULL),(94,'1646407479_574d88c825d185abf0b3.jpg','student/1646407479_574d88c825d185abf0b3.jpg',NULL,NULL,'1331',NULL,'photo',NULL,NULL),(95,'1646407521_da74db69f074c895adba.jpg','student/1646407521_da74db69f074c895adba.jpg',NULL,NULL,'1292',NULL,'photo',NULL,NULL),(96,'1646407566_a10656250c8b631cf3be.jpg','student/1646407566_a10656250c8b631cf3be.jpg',NULL,NULL,'1384',NULL,'photo',NULL,NULL),(97,'1646407594_30e406fce36f4236afa5.jpg','student/1646407594_30e406fce36f4236afa5.jpg',NULL,NULL,'1393',NULL,'photo',NULL,NULL),(98,'1646407745_e80f6db7c5d1a121a764.jpg','student/1646407745_e80f6db7c5d1a121a764.jpg',NULL,NULL,'1356',NULL,'photo',NULL,NULL),(99,'1646407781_7db851e2470ac0bd4df5.jpg','student/1646407781_7db851e2470ac0bd4df5.jpg',NULL,NULL,'1306',NULL,'photo',NULL,NULL),(100,'1646487213_f0a48669cdeaf1800fdd.jpg','student/1646487213_f0a48669cdeaf1800fdd.jpg',NULL,NULL,'1316',NULL,'photo',NULL,NULL),(101,'1646487177_553d188da6d9b0e416ad.jpg','student/1646487177_553d188da6d9b0e416ad.jpg',NULL,NULL,'1403',NULL,'photo',NULL,NULL),(102,'1646487248_80c5774460ec309c9eae.jpg','student/1646487248_80c5774460ec309c9eae.jpg',NULL,NULL,'1383',NULL,'photo',NULL,NULL),(103,'1646487326_3d275b533906437189d3.jpg','student/1646487326_3d275b533906437189d3.jpg',NULL,NULL,'1299',NULL,'photo',NULL,NULL),(104,'1646487369_70b5300527942ce90aa5.jpg','student/1646487369_70b5300527942ce90aa5.jpg',NULL,NULL,'1334',NULL,'photo',NULL,NULL),(105,'1646487407_1cbf6755d17ac014232e.jpg','student/1646487407_1cbf6755d17ac014232e.jpg',NULL,NULL,'1326',NULL,'photo',NULL,NULL),(106,'1646487444_6d092f0c9638afe2640e.jpg','student/1646487444_6d092f0c9638afe2640e.jpg',NULL,NULL,'1324',NULL,'photo',NULL,NULL),(107,'1646487474_18762f26f7d9ca907d6f.jpg','student/1646487474_18762f26f7d9ca907d6f.jpg',NULL,NULL,'1317',NULL,'photo',NULL,NULL),(108,'1646487533_f46402c8c0823dae0e1a.jpg','student/1646487533_f46402c8c0823dae0e1a.jpg',NULL,NULL,'1329',NULL,'photo',NULL,NULL),(109,'1646487875_2c281bc2b4084b039a12.jpg','student/1646487875_2c281bc2b4084b039a12.jpg',NULL,NULL,'1397',NULL,'photo',NULL,NULL),(110,'1646487991_4785aeb5d4ce9c0bd812.jpg','student/1646487991_4785aeb5d4ce9c0bd812.jpg',NULL,NULL,'1396',NULL,'photo',NULL,NULL),(111,'1646488985_5fdcadbb0a718216542f.jpg','student/1646488985_5fdcadbb0a718216542f.jpg',NULL,NULL,'1285',NULL,'photo',NULL,NULL),(112,'1646489038_29b65d3fd73c44ee7a54.jpg','student/1646489038_29b65d3fd73c44ee7a54.jpg',NULL,NULL,'1340',NULL,'photo',NULL,NULL),(113,'1646489079_d8630cff8b4a4a53d660.jpg','student/1646489079_d8630cff8b4a4a53d660.jpg',NULL,NULL,'1391',NULL,'photo',NULL,NULL),(114,'1646489121_1b3ee4850028ed66978a.jpg','student/1646489121_1b3ee4850028ed66978a.jpg',NULL,NULL,'1392',NULL,'photo',NULL,NULL),(115,'1646489147_8df19b72fae6d8420f3f.jpg','student/1646489147_8df19b72fae6d8420f3f.jpg',NULL,NULL,'1295',NULL,'photo',NULL,NULL),(116,'1646489176_b54c71d98749b0c589c7.jpg','student/1646489176_b54c71d98749b0c589c7.jpg',NULL,NULL,'1291',NULL,'photo',NULL,NULL),(117,'1646489248_6ba29ee72beea394380c.jpg','student/1646489248_6ba29ee72beea394380c.jpg',NULL,NULL,'1347',NULL,'photo',NULL,NULL),(118,'1646489283_53bf8dea7e4d62ded5f6.jpg','student/1646489283_53bf8dea7e4d62ded5f6.jpg',NULL,NULL,'1399',NULL,'photo',NULL,NULL),(119,'1646489327_a47876f467c44213b0ab.jpg','student/1646489327_a47876f467c44213b0ab.jpg',NULL,NULL,'1343',NULL,'photo',NULL,NULL),(120,'1646489389_bd5dfb88fe940a9bc4b0.jpg','student/1646489389_bd5dfb88fe940a9bc4b0.jpg',NULL,NULL,'1337',NULL,'photo',NULL,NULL),(121,'1646489795_04cec0e3a7da08a38ea9.jpg','student/1646489795_04cec0e3a7da08a38ea9.jpg',NULL,NULL,'1328',NULL,'photo',NULL,NULL),(122,'1646489859_90406b78d78be7f15f6f.jpg','student/1646489859_90406b78d78be7f15f6f.jpg',NULL,NULL,'1302',NULL,'photo',NULL,NULL),(123,'1646489937_1a10c556d7d1cced4c53.jpg','student/1646489937_1a10c556d7d1cced4c53.jpg',NULL,NULL,'1315',NULL,'photo',NULL,NULL),(124,'1646490021_77f1d4775041a8adb22d.jpg','student/1646490021_77f1d4775041a8adb22d.jpg',NULL,NULL,'1323',NULL,'photo',NULL,NULL),(125,'1646490293_92d41b49e468dadb6d7f.jpg','student/1646490293_92d41b49e468dadb6d7f.jpg',NULL,NULL,'1387',NULL,'photo',NULL,NULL),(126,'1646490418_cd44cb3d257bb5aaf7b1.jpg','student/1646490418_cd44cb3d257bb5aaf7b1.jpg',NULL,NULL,'1321',NULL,'photo',NULL,NULL),(127,'1646662060_fb8021c1a2b044329040.jpg','student/1646662060_fb8021c1a2b044329040.jpg',NULL,NULL,'1388',NULL,'photo',NULL,NULL),(128,'1646662201_0d72e21df485bcee3583.jpg','student/1646662201_0d72e21df485bcee3583.jpg',NULL,NULL,'1322',NULL,'photo',NULL,NULL),(129,'1646662322_74d2681aa79c975a60e8.jpg','student/1646662322_74d2681aa79c975a60e8.jpg',NULL,NULL,'1296',NULL,'photo',NULL,NULL),(130,'1646663609_ac851f5ec8c0f5acc347.jpg','student/1646663609_ac851f5ec8c0f5acc347.jpg',NULL,NULL,'1263',NULL,'photo',NULL,NULL),(131,'1646663647_d2431c5c348642efe9e1.jpg','student/1646663647_d2431c5c348642efe9e1.jpg',NULL,NULL,'1353',NULL,'photo',NULL,NULL),(132,'1646663692_bd4dac1f00d30dc88065.jpg','student/1646663692_bd4dac1f00d30dc88065.jpg',NULL,NULL,'1335',NULL,'photo',NULL,NULL),(133,'1646663721_eef983118de9411e8dcd.jpg','student/1646663721_eef983118de9411e8dcd.jpg',NULL,NULL,'1336',NULL,'photo',NULL,NULL),(134,'1646663781_43d239bbc8251ea51200.jpg','student/1646663781_43d239bbc8251ea51200.jpg',NULL,NULL,'1303',NULL,'photo',NULL,NULL),(135,'1646663880_1628dd2c4902e3744865.jpg','student/1646663880_1628dd2c4902e3744865.jpg',NULL,NULL,'1327',NULL,'photo',NULL,NULL),(136,'1646663921_bce717dd69dc91f8a9e2.jpg','student/1646663921_bce717dd69dc91f8a9e2.jpg',NULL,NULL,'1407',NULL,'photo',NULL,NULL),(137,'1646664036_c3cf5d4c54b293bd7da6.jpg','student/1646664036_c3cf5d4c54b293bd7da6.jpg',NULL,NULL,'1398',NULL,'photo',NULL,NULL),(138,'1646664203_1380e5c1d49529964e05.jpg','student/1646664203_1380e5c1d49529964e05.jpg',NULL,NULL,'1300',NULL,'photo',NULL,NULL),(139,'1646664293_362f1dea3674c62a8c87.jpg','student/1646664293_362f1dea3674c62a8c87.jpg',NULL,NULL,'1402',NULL,'photo',NULL,NULL),(140,'1646664332_42a2df53b0c7617b01c6.jpg','student/1646664332_42a2df53b0c7617b01c6.jpg',NULL,NULL,'1382',NULL,'photo',NULL,NULL),(141,'1646665895_a0565d053c95ac64b119.jpg','student/1646665895_a0565d053c95ac64b119.jpg',NULL,NULL,'1313',NULL,'photo',NULL,NULL),(142,'1646665980_51b595a0420fb0e7f81f.jpg','student/1646665980_51b595a0420fb0e7f81f.jpg',NULL,NULL,'1272',NULL,'photo',NULL,NULL),(143,'1646666013_7a7f3b372740769443e6.jpg','student/1646666013_7a7f3b372740769443e6.jpg',NULL,NULL,'1386',NULL,'photo',NULL,NULL),(144,'1653573965_fb012b19a47f45fb714f.jpg','student/1653573965_fb012b19a47f45fb714f.jpg',NULL,NULL,'1440',NULL,'photo',NULL,NULL),(145,'1653574056_e56cac0ad3a880cb448e.jpg','student/1653574056_e56cac0ad3a880cb448e.jpg',NULL,NULL,'1447',NULL,'photo',NULL,NULL),(146,'1653575104_e24d2413b6f40ccdae3f.jpg','student/1653575104_e24d2413b6f40ccdae3f.jpg',NULL,NULL,'1437',NULL,'photo',NULL,NULL),(147,'1653575144_8e704494a680735b75f7.jpg','student/1653575144_8e704494a680735b75f7.jpg',NULL,NULL,'1449',NULL,'photo',NULL,NULL),(148,'1653575439_36de717f624ad8b32005.jpg','student/1653575439_36de717f624ad8b32005.jpg',NULL,NULL,'1442',NULL,'photo',NULL,NULL),(149,'1653575515_39f0209460db18ebf6a7.jpg','student/1653575515_39f0209460db18ebf6a7.jpg',NULL,NULL,'1439',NULL,'photo',NULL,NULL),(150,'1653575998_ac31022c6c1f3f3b9523.jpg','student/1653575998_ac31022c6c1f3f3b9523.jpg',NULL,NULL,'1436',NULL,'photo',NULL,NULL),(151,'1653576039_ae6a942666e103898cb2.jpg','student/1653576039_ae6a942666e103898cb2.jpg',NULL,NULL,'1443',NULL,'photo',NULL,NULL),(152,'1653576118_893c71ce7fae13a45f53.jpg','student/1653576118_893c71ce7fae13a45f53.jpg',NULL,NULL,'1444',NULL,'photo',NULL,NULL),(153,'1653576386_c381a7924de4411b72c4.jpg','student/1653576386_c381a7924de4411b72c4.jpg',NULL,NULL,'1435',NULL,'photo',NULL,NULL);

--
-- Table structure for table `kgs_user_attendance`
--

CREATE TABLE `kgs_user_attendance` (
  `id` int(11) NOT NULL AUTO_INCREMENT,
  `user_id` varchar(255) DEFAULT NULL,
  `date` varchar(255) DEFAULT NULL,
  `attendance_status` varchar(255) DEFAULT NULL,
  `role_id` int(11) DEFAULT NULL,
  PRIMARY KEY (`id`) USING BTREE
) ENGINE=InnoDB AUTO_INCREMENT=306 DEFAULT CHARSET=latin1 ROW_FORMAT=DYNAMIC;

--
-- Dumping data for table `kgs_user_attendance`
--

INSERT INTO `kgs_user_attendance` VALUES (293,'189','1613068200','1',3),(294,'190','1613068200','2',3),(295,'192','1613068200','1',12),(296,'174','1613068200','1',2),(297,'175','1613068200','3',2),(298,'176','1613068200','2',2),(299,'177','1613068200','2',2),(300,'178','1613068200','2',2),(301,'180','1613068200','2',2),(302,'181','1613068200','3',2),(303,'183','1613068200','1',2),(304,'192','4768741800','1',29),(305,'192','4768828200','9',29);

--
-- Table structure for table `kgs_user_permission`
--

CREATE TABLE `kgs_user_permission` (
  `id` int(11) NOT NULL AUTO_INCREMENT,
  `user_id` varchar(50) NOT NULL DEFAULT '0',
  `permission_id` varchar(50) NOT NULL DEFAULT '0',
  `status` varchar(50) NOT NULL DEFAULT '0',
  PRIMARY KEY (`id`) USING BTREE
) ENGINE=InnoDB AUTO_INCREMENT=1490 DEFAULT CHARSET=latin1 ROW_FORMAT=DYNAMIC;

--
-- Dumping data for table `kgs_user_permission`
--

INSERT INTO `kgs_user_permission` VALUES (1413,'1','87','1'),(1414,'1','88','1'),(1415,'1','89','1'),(1416,'1','90','1'),(1417,'1','91','1'),(1418,'1','92','1'),(1419,'1','93','1'),(1420,'191','87','1'),(1421,'191','88','0'),(1422,'191','89','0'),(1423,'191','90','0'),(1424,'191','91','0'),(1425,'191','92','0'),(1426,'191','93','1'),(1427,'192','87','1'),(1428,'192','88','1'),(1429,'192','89','1'),(1430,'192','90','1'),(1431,'192','91','0'),(1432,'192','92','0'),(1433,'192','93','0'),(1434,'174','87','1'),(1435,'174','88','1'),(1436,'174','89','1'),(1437,'174','90','1'),(1438,'174','91','1'),(1439,'174','92','1'),(1440,'174','93','1'),(1441,'175','87','1'),(1442,'175','88','1'),(1443,'175','89','1'),(1444,'175','90','1'),(1445,'175','91','0'),(1446,'175','92','1'),(1447,'175','93','0'),(1448,'183','87','1'),(1449,'183','88','1'),(1450,'183','89','1'),(1451,'183','90','1'),(1452,'183','91','0'),(1453,'183','92','1'),(1454,'183','93','0'),(1455,'182','87','1'),(1456,'182','88','0'),(1457,'182','89','0'),(1458,'182','90','0'),(1459,'182','91','0'),(1460,'182','92','0'),(1461,'182','93','0'),(1462,'177','87','1'),(1463,'177','88','1'),(1464,'177','89','1'),(1465,'177','90','1'),(1466,'177','91','0'),(1467,'177','92','1'),(1468,'177','93','0'),(1469,'181','87','1'),(1470,'181','88','1'),(1471,'181','89','1'),(1472,'181','90','1'),(1473,'181','91','0'),(1474,'181','92','1'),(1475,'181','93','0'),(1476,'176','87','1'),(1477,'176','88','1'),(1478,'176','89','1'),(1479,'176','90','1'),(1480,'176','91','0'),(1481,'176','92','1'),(1482,'176','93','0'),(1483,'190','87','0'),(1484,'190','88','0'),(1485,'190','89','0'),(1486,'190','90','0'),(1487,'190','91','0'),(1488,'190','92','0'),(1489,'190','93','0');

--
-- Table structure for table `kgs_users`
--

CREATE TABLE `kgs_users` (
  `id` int(11) NOT NULL AUTO_INCREMENT,
  `uname` varchar(255) DEFAULT NULL,
  `firstname` varchar(255) NOT NULL,
  `lastname` varchar(255) NOT NULL,
  `email` varchar(255) NOT NULL,
  `password` varchar(255) DEFAULT NULL,
  `status` varchar(255) DEFAULT NULL,
  `subject_name` varchar(255) NOT NULL,
  `std_id` varchar(255) DEFAULT NULL,
  PRIMARY KEY (`id`),
  FULLTEXT KEY `firstname` (`firstname`,`email`)
) ENGINE=InnoDB AUTO_INCREMENT=1350 DEFAULT CHARSET=latin1;

--
-- Dumping data for table `kgs_users`
--

INSERT INTO `kgs_users` VALUES (1,'admin','admin','admin','admin@admin.com','0e7517141fb53f21ee439b355b5a1d0a','1','test','1'),(176,'Smita ','Mrs. Smita','Bane','kirti.m.bane@gmail.com','25f9e794323b453885f5181f1b624d0b','1','',NULL),(177,'Swati','Mrs. Swati karve','Mujumdar','swt.krv@gmail.com','25f9e794323b453885f5181f1b624d0b','1','',NULL),(179,'Sangita','Mrs. Sangita ','Sathe','Sangita@gmail.com','25f9e794323b453885f5181f1b624d0b','1','',NULL),(180,'Tanmai ','Mrs. Tanmai','Apte','apte.tanmai@gmail.com','25f9e794323b453885f5181f1b624d0b','1','',NULL),(181,'Kshitija','Mrs. Kshitija ','Mate','kshitijakelkarmate@gmail.com','25f9e794323b453885f5181f1b624d0b','1','',NULL),(182,'Swapnil ','Mr. Swapnil ','Bhate','bhate.swapnil@gmail.com','25f9e794323b453885f5181f1b624d0b','1','',NULL),(183,'Santosh ','Mr. Santosh','Patil','Santosh@gmail.com','25f9e794323b453885f5181f1b624d0b','1','',NULL),(184,'Snehalkumar','Mr. Snehalkumar ','Dhamapurkar','skumard23@gmail.com','25f9e794323b453885f5181f1b624d0b','1','',NULL),(185,' Aniruddha ','Mr. Aniruddha ','Gosavi','aniruddhagosavi86@gmail.com','25f9e794323b453885f5181f1b624d0b','1','',NULL),(186,'Prashant','Mr. Prashant','Baniya','prashant.baniya@gmail.com','25f9e794323b453885f5181f1b624d0b','1','',NULL),(189,'Manjusha ','Mrs. Manjusha ','Oze','manjusha.oze@gmail.com','25f9e794323b453885f5181f1b624d0b','1','',NULL),(190,'Aarya ','Mrs. Aarya ','Deshpande','supriyakulkarnideshpande@gmail.com','25f9e794323b453885f5181f1b624d0b','1','',NULL),(192,'John@gmail.com','John','robert','John@gmail.com','25f9e794323b453885f5181f1b624d0b','1','','138'),(193,'Mohit','Mohit','Tamhankar','mohitat@gmail.com','25f9e794323b453885f5181f1b624d0b','1','',NULL),(194,'MADHYAMA CT','MADHYAMA','1','CT1@gmail.com','25f9e794323b453885f5181f1b624d0b','0','',NULL),(195,'MADHYAMA PRATHAM CT','MADHYAMA PRATHAM','2','CT2@gmail.com','25f9e794323b453885f5181f1b624d0b','0','',NULL),(196,'MADHYAMA PURNA CT','MADHYAMA PURNA','3','CT3@gmail.com','25f9e794323b453885f5181f1b624d0b','0','',NULL),(197,'PRARAMBHIK CT','PRARAMBHIK','4','CT4@gmail.com','25f9e794323b453885f5181f1b624d0b','0','',NULL),(198,'PRAVESHIKA PRATHAM CT','PRAVESHIKA PRATHAM','5','CT5@gmail.com','25f9e794323b453885f5181f1b624d0b','0','',NULL),(199,'PRAVESHIKA PURNA CT','PRAVESHIKA PURNA','6','CT6@gmail.com','25f9e794323b453885f5181f1b624d0b','0','',NULL),(200,'UPANTYA CT','UPANTYA','7','CT7@gmail.com','25f9e794323b453885f5181f1b624d0b','0','',NULL),(201,'VISHARAD CT','VISHARAD','8','CT8@gmail.com','25f9e794323b453885f5181f1b624d0b','0','',NULL),(202,'VISHARAD PRATHAM CT','VISHARAD PRATHAM','9','CT9@gmail.com','25f9e794323b453885f5181f1b624d0b','0','',NULL),(203,'VISHARAD PURNA CT','VISHARAD PURNA','10','CT10@gmail.com','25f9e794323b453885f5181f1b624d0b','0','',NULL),(204,'Manisha','Ms. Manisha','Gharpure','manisha@gmail.com','25f9e794323b453885f5181f1b624d0b','1','',NULL),(205,'Meghana','Ms. Meghana','Desai','Meghana@gmail.com','25f9e794323b453885f5181f1b624d0b','1','',NULL),(206,'sandeepsarosh@gmail.com','aryan','Sandeep','sandeepsarosh@gmail.com','d41d8cd98f00b204e9800998ecf8427e','1','','1070'),(208,'megh@gmail.com','megh','Dandekar','megh@gmail.com','7604602b945f04213334c11c34f1c9f0','1','','139'),(209,'parth@123gmail.com','parth','Deshpande','parth@123gmail.com','27f76ff30e589177242ef58101b87006','1','','140'),(210,'rasika@gmail.com','rasika','Abhyankar','rasika@gmail.com','27f76ff30e589177242ef58101b87006','1','','141'),(211,'demo@demo.com_1','AVDHUT','SANGALE','demo@demo.com_1','27f76ff30e589177242ef58101b87006','1','','142'),(212,'demo@demo.com_2','CHINMAY','WAVHAL','demo@demo.com_2','27f76ff30e589177242ef58101b87006','1','','143'),(213,'demo@demo.com_3','VARAD','SHIMPI','demo@demo.com_3','4adede0b957d4fa2271275a4acd65df4','1','','144'),(214,'demo@demo.com_4','RAKSHIT','THAKUR','demo@demo.com_4','4adede0b957d4fa2271275a4acd65df4','1','','145'),(215,'demo@demo.com_5','VIJAY','WAVU','demo@demo.com_5','4adede0b957d4fa2271275a4acd65df4','1','','146'),(216,'demo@demo.com_6','SUSHIL','SHANKPAL','demo@demo.com_6','4adede0b957d4fa2271275a4acd65df4','1','','147'),(217,'demo@demo.com_7','HETAVI','HETAVI BHOER','demo@demo.com_7','4adede0b957d4fa2271275a4acd65df4','1','','148'),(218,'demo@demo.com_8','YASHITA','AATALKAR','demo@demo.com_8','4adede0b957d4fa2271275a4acd65df4','1','','149'),(219,'demo@demo.com_9','TRISHA','CHAVHAN','demo@demo.com_9','4adede0b957d4fa2271275a4acd65df4','1','','150'),(220,'demo@demo.com_10','PRAJKTA','DHAWALE','demo@demo.com_10','4adede0b957d4fa2271275a4acd65df4','1','','151'),(221,'demo@demo.com_11','DAMINI','MORE','demo@demo.com_11','4adede0b957d4fa2271275a4acd65df4','1','','152'),(222,'demo@demo.com_12','SARVADNYA','SAWANT','demo@demo.com_12','4adede0b957d4fa2271275a4acd65df4','1','','153'),(223,'demo@demo.com_13','RUCHI','INAMDAR','demo@demo.com_13','d97a45d942a51d9a3aecab9d5c403075','1','','154'),(224,'demo@demo.com_14','DEVYANI','GAIKWAD','demo@demo.com_14','d97a45d942a51d9a3aecab9d5c403075','1','','155'),(225,'demo@demo.com_15','SHRIYA','PITALE','demo@demo.com_15','d97a45d942a51d9a3aecab9d5c403075','1','','156'),(226,'demo@demo.com_16','RISHA','THAKKAR','demo@demo.com_16','d97a45d942a51d9a3aecab9d5c403075','1','','157'),(227,'demo@demo.com_17','BHAGYASHREE','SARAGE','demo@demo.com_17','d97a45d942a51d9a3aecab9d5c403075','1','','158'),(228,'demo@demo.com_18','PRANJALI','HANKARE','demo@demo.com_18','d97a45d942a51d9a3aecab9d5c403075','1','','159'),(229,'demo@demo.com_19','VIDHI','NIKUMBH','demo@demo.com_19','d97a45d942a51d9a3aecab9d5c403075','1','','160'),(230,'demo@demo.com_20','GIRIJA','LADAVA','demo@demo.com_20','d97a45d942a51d9a3aecab9d5c403075','1','','161'),(231,'demo@demo.com_21','HARSHAVI','JAIN','demo@demo.com_21','d97a45d942a51d9a3aecab9d5c403075','1','','162'),(232,'demo@demo.com_22','VAIDEHI','GHORPADE','demo@demo.com_22','d97a45d942a51d9a3aecab9d5c403075','1','','163'),(233,'demo@demo.com_23','SHRAVANI','KULKARNI','demo@demo.com_23','9ab7e78a84e74f2aefc41c4683a35cc6','1','','164'),(234,'demo@demo.com_24','SUKHADA','VEDPATHAK','demo@demo.com_24','9ab7e78a84e74f2aefc41c4683a35cc6','1','','165'),(235,'demo@demo.com_25','SAMIKSHA','WAGALE','demo@demo.com_25','9ab7e78a84e74f2aefc41c4683a35cc6','1','','166'),(236,'demo@demo.com_26','TANVI','SATOSE','demo@demo.com_26','9ab7e78a84e74f2aefc41c4683a35cc6','1','','167'),(237,'demo@demo.com_27','AARYA','PHADNIS','demo@demo.com_27','9ab7e78a84e74f2aefc41c4683a35cc6','1','','168'),(238,'demo@demo.com_28','AACHAL','PATIL','demo@demo.com_28','9ab7e78a84e74f2aefc41c4683a35cc6','1','','169'),(239,'demo@demo.com_29','SHREYA','PATIL','demo@demo.com_29','9ab7e78a84e74f2aefc41c4683a35cc6','1','','170'),(240,'demo@demo.com_30','SWARA','PATIL','demo@demo.com_30','9ab7e78a84e74f2aefc41c4683a35cc6','1','','171'),(241,'demo@demo.com_31','PRACHITI','PATIL','demo@demo.com_31','9ab7e78a84e74f2aefc41c4683a35cc6','1','','172'),(242,'demo@demo.com_32','JANHAVI','SARAGE','demo@demo.com_32','25446706c48ae1c9a60612f7dcf1cfce','1','','173'),(243,'demo@demo.com_33','AAYUSHI','KARNIK','demo@demo.com_33','25446706c48ae1c9a60612f7dcf1cfce','1','','174'),(244,'demo@demo.com_34','AARAVA','GEDAM','demo@demo.com_34','25446706c48ae1c9a60612f7dcf1cfce','1','','175'),(245,'demo@demo.com_35','SONALI','GOKHALE','demo@demo.com_35','25446706c48ae1c9a60612f7dcf1cfce','1','','176'),(246,'demo@demo.com_36','PURVASHRI','SARAGE','demo@demo.com_36','25446706c48ae1c9a60612f7dcf1cfce','1','','177'),(247,'demo@demo.com_37','ANUSHKA','PILLE','demo@demo.com_37','25446706c48ae1c9a60612f7dcf1cfce','1','','178'),(248,'demo@demo.com_38','JANHAVI','SONAVANE','demo@demo.com_38','25446706c48ae1c9a60612f7dcf1cfce','1','','179'),(249,'demo@demo.com_39','SHARAYU','VYAVHARE','demo@demo.com_39','25446706c48ae1c9a60612f7dcf1cfce','1','','180'),(250,'demo@demo.com_40','SUPRIYA','PALAVE','demo@demo.com_40','25446706c48ae1c9a60612f7dcf1cfce','1','','181'),(251,'demo@demo.com_41','MRUNAL','JOSHI','demo@demo.com_41','25446706c48ae1c9a60612f7dcf1cfce','1','','182'),(252,'demo@demo.com_42','ACHALA','SHENOY','demo@demo.com_42','25446706c48ae1c9a60612f7dcf1cfce','1','','183'),(253,'demo@demo.com_43','RUCHI','DEVKARE','demo@demo.com_43','60f5b66192d3375131259a17cb8d1027','1','','184'),(254,'demo@demo.com_44','LEHER','THAKKAR','demo@demo.com_44','60f5b66192d3375131259a17cb8d1027','1','','185'),(255,'demo@demo.com_45','SAYALI','AAVHAD','demo@demo.com_45','60f5b66192d3375131259a17cb8d1027','1','','186'),(256,'demo@demo.com_46','SANCHITA','CHAUDHARI','demo@demo.com_46','60f5b66192d3375131259a17cb8d1027','1','','187'),(257,'demo@demo.com_47','RADHIKA','JOSHI','demo@demo.com_47','60f5b66192d3375131259a17cb8d1027','1','','188'),(258,'demo@demo.com_48','PRAVESHA','ACHAREKAR','demo@demo.com_48','93afdf5036c33e941eeeaee67639a6b6','1','','189'),(259,'demo@demo.com_49','JANHAVI','PATEL','demo@demo.com_49','94cf02363e4634416a5b4912c72024b7','1','','190'),(260,'demo@demo.com_50','MANISHA','SANGALE','demo@demo.com_50','94cf02363e4634416a5b4912c72024b7','1','','191'),(261,'demo@demo.com_51','MEGHANA','SHINDE','demo@demo.com_51','78816dc389c6938473c35bf244cd7ad5','1','','192'),(262,'demo@demo.com_52','ANANYA','BAGADE','demo@demo.com_52','996718c37aa98eaeccbcc0b5ccc5de22','1','','193'),(263,'demo@demo.com_53','SHALMALI','PATIL','demo@demo.com_53','1880ca789a0c13537ee2740156ee810a','1','','194'),(264,'demo@demo.com_54','SAEE','DAREKAR','demo@demo.com_54','1880ca789a0c13537ee2740156ee810a','1','','195'),(265,'demo@demo.com_55','SAMRUDDHI','BHISE','demo@demo.com_55','0b949a3c88b7c5b0bf163fc9f2d1fa92','1','','196'),(266,'demo@demo.com_56','KOMAL','DIVEKAR','demo@demo.com_56','4b83529452667133701438dafd2e9c32','1','','197'),(267,'demo@demo.com_57','RENUKA','GHAISAS','demo@demo.com_57','4b83529452667133701438dafd2e9c32','1','','198'),(268,'demo@demo.com_58','SWARALI','DESHPANDE','demo@demo.com_58','780a7bbc53cfece102564a6044dcd696','1','','199'),(269,'demo@demo.com_59','MOKSHADA','BHINGARDE','demo@demo.com_59','780a7bbc53cfece102564a6044dcd696','1','','200'),(270,'demo@demo.com_60','GARVI','CHAUHAN','demo@demo.com_60','79c3f88b3fb8a786d1961aa807a61ebf','1','','201'),(271,'demo@demo.com_61','DIPTI','PATRE','demo@demo.com_61','f9733f390b43c6725f858924eda254e1','1','','202'),(272,'demo@demo.com_62','ADITI','JAHAGIRDAR','demo@demo.com_62','f9733f390b43c6725f858924eda254e1','1','','203'),(273,'demo@demo.com_63','NEHA','WAGH','demo@demo.com_63','358f651786eb2b6b475974551b526b91','1','','204'),(274,'demo@demo.com_69','AISHWARYA','JOGALEKAR','demo@demo.com_69','358f651786eb2b6b475974551b526b91','1','','205'),(275,'demo@demo.com_70','PRAVEENA','GAIKWAD','demo@demo.com_70','bcdfe6aaec7f9ce41fb2ee8c869f2444','1','','206'),(276,'demo@demo.com_71','SHUBHANGI','SINNARKAR','demo@demo.com_71','207d2600e12266ae1fcbcb38088485f9','1','','207'),(277,'demo@demo.com_72','ASMITA','LAD','demo@demo.com_72','207d2600e12266ae1fcbcb38088485f9','1','','208'),(278,'demo@demo.com_73','AAROHI','BARVE','demo@demo.com_73','207d2600e12266ae1fcbcb38088485f9','1','','209'),(279,'demo@demo.com_74','PALLAVI','OVALEKAR/JOSHI','demo@demo.com_74','207d2600e12266ae1fcbcb38088485f9','1','','210'),(280,'demo@demo.com_75','SAI','DHAMAPURKAR','demo@demo.com_75','207d2600e12266ae1fcbcb38088485f9','1','','211'),(281,'demo@demo.com_76','ISHITA','PATHAK','demo@demo.com_76','207d2600e12266ae1fcbcb38088485f9','1','','212'),(282,'demo@demo.com_77','RUDRA','SARDAR','demo@demo.com_77','207d2600e12266ae1fcbcb38088485f9','1','','213'),(283,'demo@demo.com_78','PRIYANKA','PATIL','demo@demo.com_78','f08700698fab4cc17d9c5fd34996a087','1','','214'),(284,'demo@demo.com_79','CHAITRALI','GANORKAR','demo@demo.com_79','f08700698fab4cc17d9c5fd34996a087','1','','215'),(285,'demo@demo.com_80','RAKHI','DATAR','demo@demo.com_80','f08700698fab4cc17d9c5fd34996a087','1','','216'),(286,'demo@demo.com_81','TEJASWINI','JADHAV','demo@demo.com_81','f08700698fab4cc17d9c5fd34996a087','1','','217'),(287,'demo@demo.com_82','ROSHANI','PATRA','demo@demo.com_82','f08700698fab4cc17d9c5fd34996a087','1','','218'),(288,'demo@demo.com_83','YASHASHREE','KARANDIKAR','demo@demo.com_83','f08700698fab4cc17d9c5fd34996a087','1','','219'),(289,'demo@demo.com_84','PADMA','GEDAM','demo@demo.com_84','f08700698fab4cc17d9c5fd34996a087','1','','220'),(290,'demo@demo.com_85','SARIKA','SONAWALE','demo@demo.com_85','f08700698fab4cc17d9c5fd34996a087','1','','221'),(291,'demo@demo.com_86','SHILPA','KHANGAOKAR','demo@demo.com_86','f08700698fab4cc17d9c5fd34996a087','1','','222'),(292,'demo@demo.com_87','SHREYA','DESHMUKH','demo@demo.com_87','f08700698fab4cc17d9c5fd34996a087','1','','223'),(293,'demo@demo.com_88','AARATI','PHAD','demo@demo.com_88','5fa3135316f4b923878cdb2b1d30a60e','1','','224'),(294,'demo@demo.com_89','PRABHATKUMAR','SAHU','demo@demo.com_89','5fa3135316f4b923878cdb2b1d30a60e','1','','225'),(295,'demo@demo.com_90','SAMRUDDHI','PALNITKAR','demo@demo.com_90','5fa3135316f4b923878cdb2b1d30a60e','1','','226'),(296,'demo@demo.com_91','REKHA','PAHADI','demo@demo.com_91','5fa3135316f4b923878cdb2b1d30a60e','1','','227'),(297,'demo@demo.com_92','ROHINI','BIDWAI','demo@demo.com_92','5fa3135316f4b923878cdb2b1d30a60e','1','','228'),(298,'demo@demo.com_93','VASUSHREE','KINIKAR','demo@demo.com_93','5fa3135316f4b923878cdb2b1d30a60e','1','','229'),(299,'demo@demo.com_94','DIKSHA','MARATHE','demo@demo.com_94','5fa3135316f4b923878cdb2b1d30a60e','1','','230'),(300,'demo@demo.com_95','SANIKA','JOSHI','demo@demo.com_95','5fa3135316f4b923878cdb2b1d30a60e','1','','231'),(301,'demo@demo.com_96','APURVA','CHITALE','demo@demo.com_96','5fa3135316f4b923878cdb2b1d30a60e','1','','232'),(302,'demo@demo.com_97','CHETNA','SONAR','demo@demo.com_97','5fa3135316f4b923878cdb2b1d30a60e','1','','233'),(303,'demo@demo.com_98','JAYMALA','WAGH','demo@demo.com_98','fc6fd926161bb4369f473fac5c8f0ce8','1','','234'),(304,'demo@demo.com_99','DIPTI','BHIDE','demo@demo.com_99','fc6fd926161bb4369f473fac5c8f0ce8','1','','235'),(305,'demo@demo.com_100','SWAPNALI','SUKHATME','demo@demo.com_100','fc6fd926161bb4369f473fac5c8f0ce8','1','','236'),(306,'demo@demo.com_101','ANKITA','KARNIK','demo@demo.com_101','fc6fd926161bb4369f473fac5c8f0ce8','1','','237'),(307,'demo@demo.com_102','HITESHI','JAIN','demo@demo.com_102','fc6fd926161bb4369f473fac5c8f0ce8','1','','238'),(308,'demo@demo.com_103','HARDIKA','JAIN','demo@demo.com_103','fc6fd926161bb4369f473fac5c8f0ce8','1','','239'),(309,'demo@demo.com_104','SONALI','LOKHANDE','demo@demo.com_104','fc6fd926161bb4369f473fac5c8f0ce8','1','','240'),(310,'demo@demo.com_105','TEJASHRI','TOKIKAR','demo@demo.com_105','fc6fd926161bb4369f473fac5c8f0ce8','1','','241'),(311,'demo@demo.com_106','SHREYA','MORE','demo@demo.com_106','fc6fd926161bb4369f473fac5c8f0ce8','1','','242'),(312,'demo@demo.com_107','NAYONIKA','SHAH','demo@demo.com_107','fc6fd926161bb4369f473fac5c8f0ce8','1','','243'),(313,'demo@demo.com_108','ANAGHA','RAJHANS','demo@demo.com_108','c31ebacd4b9690a6e7e11bb5575a34be','1','','244'),(314,'demo@demo.com_109','DEVASHREE','TOFKHANE','demo@demo.com_109','c31ebacd4b9690a6e7e11bb5575a34be','1','','245'),(315,'demo@demo.com_110','ADITI','BHALEKAR','demo@demo.com_110','c31ebacd4b9690a6e7e11bb5575a34be','1','','246'),(316,'demo@demo.com_111','SNEHA','SONAWANE','demo@demo.com_111','c31ebacd4b9690a6e7e11bb5575a34be','1','','247'),(317,'demo@demo.com_112','ANAGHA','AVASARMAL','demo@demo.com_112','c31ebacd4b9690a6e7e11bb5575a34be','1','','248'),(318,'demo@demo.com_113','SHRINIDHI','VAISHNAV','demo@demo.com_113','c31ebacd4b9690a6e7e11bb5575a34be','1','','249'),(319,'demo@demo.com_114','KASTURI','DESAI','demo@demo.com_114','c31ebacd4b9690a6e7e11bb5575a34be','1','','250'),(320,'demo@demo.com_115','MANASI','MUKADAM','demo@demo.com_115','c31ebacd4b9690a6e7e11bb5575a34be','1','','251'),(321,'demo@demo.com_116','MANASI','MUKADAM','demo@demo.com_116','c31ebacd4b9690a6e7e11bb5575a34be','1','','252'),(322,'demo@demo.com_117','NAMITA','BHAVE','demo@demo.com_117','a4da73bf046cef006f4b4af4f621ab6b','1','','253'),(323,'demo@demo.com_118','KASTURI','KULKARNI','demo@demo.com_118','a4da73bf046cef006f4b4af4f621ab6b','1','','254'),(324,'demo@demo.com_119','RIDDHI','LOHAR','demo@demo.com_119','a4da73bf046cef006f4b4af4f621ab6b','1','','255'),(325,'demo@demo.com_120','PRATIKSHA','GAWANDE','demo@demo.com_120','a4da73bf046cef006f4b4af4f621ab6b','1','','256'),(326,'demo@demo.com_121','KASTURI','NENE','demo@demo.com_121','a4da73bf046cef006f4b4af4f621ab6b','1','','257'),(327,'demo@demo.com_122','SRUSHTI','NANDURKAR','demo@demo.com_122','a4da73bf046cef006f4b4af4f621ab6b','1','','258'),(328,'demo@demo.com_123','PRATIKSHA','GAIKWAD','demo@demo.com_123','a4da73bf046cef006f4b4af4f621ab6b','1','','259'),(329,'demo@demo.com_124','GAURI','DEV','demo@demo.com_124','a4da73bf046cef006f4b4af4f621ab6b','1','','260'),(330,'demo@demo.com_125','GAYATRI','DEV','demo@demo.com_125','a4da73bf046cef006f4b4af4f621ab6b','1','','261'),(331,'demo@demo.com_126','BHAIRAVI','BHISE','demo@demo.com_126','967a6ec813873e8aa1501fa24613d63d','1','','262'),(332,'demo@demo.com_127','SHRADDHA','GAWADE','demo@demo.com_127','967a6ec813873e8aa1501fa24613d63d','1','','263'),(333,'demo@demo.com_128','SHRAVANI','VAISHNAV','demo@demo.com_128','967a6ec813873e8aa1501fa24613d63d','1','','264'),(334,'demo@demo.com_129','APURVA','VAZE','demo@demo.com_129','967a6ec813873e8aa1501fa24613d63d','1','','265'),(335,'demo@demo.com_130','MADHURI','AATHAVALE','demo@demo.com_130','967a6ec813873e8aa1501fa24613d63d','1','','266'),(336,'demo@demo.com_131','PRATAP','MORE','demo@demo.com_131','967a6ec813873e8aa1501fa24613d63d','1','','267'),(337,'demo@demo.com_132','ARUN','KARVE','demo@demo.com_132','967a6ec813873e8aa1501fa24613d63d','1','','268'),(338,'demo@demo.com_133','ANUJA','PETHE','demo@demo.com_133','967a6ec813873e8aa1501fa24613d63d','1','','269'),(339,'demo@demo.com_134','YASHASHREE','KARANDIKAR','demo@demo.com_134','967a6ec813873e8aa1501fa24613d63d','1','','270'),(340,'demo@demo.com_135','MILIND','BACHCHAV','demo@demo.com_135','043bdccd082c0a06eaebfe5561607783','1','','271'),(341,'demo@demo.com_136','HRUSHIKESH','JADHAV','demo@demo.com_136','043bdccd082c0a06eaebfe5561607783','1','','272'),(342,'demo@demo.com_137','SHIV','MANDLIK','demo@demo.com_137','043bdccd082c0a06eaebfe5561607783','1','','273'),(343,'demo@demo.com_138','OVI','PANCHAL','demo@demo.com_138','043bdccd082c0a06eaebfe5561607783','1','','274'),(344,'demo@demo.com_139','RAGHUNATH','KOR','demo@demo.com_139','043bdccd082c0a06eaebfe5561607783','1','','275'),(345,'demo@demo.com_140','VIHANG','BHAVE','demo@demo.com_140','043bdccd082c0a06eaebfe5561607783','1','','276'),(346,'demo@demo.com_141','AARAV','BARHATE','demo@demo.com_141','043bdccd082c0a06eaebfe5561607783','1','','277'),(347,'demo@demo.com_142','TANMAY','DAREKAR','demo@demo.com_142','043bdccd082c0a06eaebfe5561607783','1','','278'),(348,'demo@demo.com_143','VIJAY','KOLHE','demo@demo.com_143','043bdccd082c0a06eaebfe5561607783','1','','279'),(349,'demo@demo.com_144','HRUSHIKESH','THAKARE','demo@demo.com_144','19315ccc4369435c39d30762e0d3058b','1','','280'),(350,'demo@demo.com_145','HIREN','GODE','demo@demo.com_145','19315ccc4369435c39d30762e0d3058b','1','','281'),(351,'demo@demo.com_146','VARAD','BRAHMA','demo@demo.com_146','19315ccc4369435c39d30762e0d3058b','1','','282'),(352,'demo@demo.com_147','ATHARV','NIKUMBH','demo@demo.com_147','19315ccc4369435c39d30762e0d3058b','1','','283'),(353,'demo@demo.com_148','SAURABH','WALANJ','demo@demo.com_148','19315ccc4369435c39d30762e0d3058b','1','','284'),(354,'demo@demo.com_149','RUDRA','BADAVE','demo@demo.com_149','19315ccc4369435c39d30762e0d3058b','1','','285'),(355,'demo@demo.com_150','SHAUNAK','LAWATE','demo@demo.com_150','7cb7f88d911dc8365716a2fc937b8587','1','','286'),(356,'demo@demo.com_151','MALHAR','KULKARNI','demo@demo.com_151','415a4f44ee7289db112bcd8808073ac7','1','','287'),(357,'demo@demo.com_152','RUTVI','SATVIK','demo@demo.com_152','db0f029251159d7f96845e6ee5a16819','1','','288'),(358,'demo@demo.com_153','SARVANG','BHARAMBE','demo@demo.com_153','f5e3bd3d0b8f895f1c4b6eec10843db9','1','','289'),(359,'demo@demo.com_154','ADITI','BARVE','demo@demo.com_154','1d6ab3d14b97fc7df9b43a7df2dcb751','1','','290'),(360,'demo@demo.com_155','KASTURI','MHATRE','demo@demo.com_155','4fb7d493b970ed1327b6f06c863f49db','1','','291'),(361,'demo@demo.com_156','SAKSHI','WALIMBE','demo@demo.com_156','429201edd77fa96d05a7d7ebde5bb5b9','1','','292'),(362,'demo@demo.com_157','AARYA','DESHPANDE','demo@demo.com_157','d08ff31c39bb95428e1a2680d830fa55','1','','293'),(363,'demo@demo.com_158','PARINITA','PAWAR','demo@demo.com_158','29e4ee9fe8040f60733b4f7b861dd4e0','1','','294'),(364,'demo@demo.com_159','JUI','SANE','demo@demo.com_159','13dafee38e357c21c86aafb3da37b2ba','1','','295'),(365,'demo@demo.com_160','NETRA','SATHE','demo@demo.com_160','579533cedab3db8fde8d62f7f21b2037','1','','296'),(366,'demo@demo.com_161','PRIYANKA','CHIKSHETTI','demo@demo.com_161','963c26580b9aff2c03c914205f2a3ca7','1','','297'),(367,'demo@demo.com_162','AVANTIKA','MARATHE','demo@demo.com_162','963c26580b9aff2c03c914205f2a3ca7','1','','298'),(368,'demo@demo.com_163','HARSHITA','AAMBEKAR','demo@demo.com_163','da69f396a4ed6138f0d212e21b68ed37','1','','299'),(369,'demo@demo.com_164','VIDISHA','CHAUDHARI','demo@demo.com_164','3f4db0ea620d9112c6915ac66f2b83a1','1','','300'),(370,'demo@demo.com_165','SHRAVANI','KULKARNI','demo@demo.com_165','05f5a29e0e36e1f84223c99703075384','1','','301'),(371,'demo@demo.com_166','SIYA','DALAL','demo@demo.com_166','05f5a29e0e36e1f84223c99703075384','1','','302'),(372,'demo@demo.com_167','NUPUR','BHIDE','demo@demo.com_167','765d9fefc619288f63063d78ce969fe0','1','','303'),(373,'demo@demo.com_168','HETAL','ZALAR','demo@demo.com_168','765d9fefc619288f63063d78ce969fe0','1','','304'),(374,'demo@demo.com_169','PRITI','YASHWANTE','demo@demo.com_169','765d9fefc619288f63063d78ce969fe0','1','','305'),(375,'demo@demo.com_170','TANVI','DESHPANDE','demo@demo.com_170','765d9fefc619288f63063d78ce969fe0','1','','306'),(376,'demo@demo.com_171','MRUDULA','BACHCHHAV','demo@demo.com_171','eaef1ac0e82afeac0578d9852348f292','1','','307'),(377,'demo@demo.com_172','VISHRAM','KOLHE','demo@demo.com_172','eaef1ac0e82afeac0578d9852348f292','1','','308'),(378,'demo@demo.com_173','RITI','ZALAR','demo@demo.com_173','eaef1ac0e82afeac0578d9852348f292','1','','309'),(379,'demo@demo.com_174','CHARUL','DAFADE','demo@demo.com_174','eaef1ac0e82afeac0578d9852348f292','1','','310'),(380,'demo@demo.com_175','PRATHA','CHAUDHARI','demo@demo.com_175','eaef1ac0e82afeac0578d9852348f292','1','','311'),(381,'demo@demo.com_176','MEGH','DANDEKAR','demo@demo.com_176','eaef1ac0e82afeac0578d9852348f292','1','','312'),(382,'demo@demo.com_177','ISHAN','BHAT','demo@demo.com_177','eaef1ac0e82afeac0578d9852348f292','1','','313'),(383,'demo@demo.com_178','MEGHNAD','KAMBALE','demo@demo.com_178','eaef1ac0e82afeac0578d9852348f292','1','','314'),(384,'demo@demo.com_179','CHAITANYA','VAZE','demo@demo.com_179','eaef1ac0e82afeac0578d9852348f292','1','','315'),(385,'demo@demo.com_180','ATHARV','DAMALE','demo@demo.com_180','eaef1ac0e82afeac0578d9852348f292','1','','316'),(386,'demo@demo.com_181','MALHAR','KULKARNI','demo@demo.com_181','5df10f4d7b2c42979e88272730addfc0','1','','317'),(387,'demo@demo.com_182','RUGVED','RODE','demo@demo.com_182','5df10f4d7b2c42979e88272730addfc0','1','','318'),(388,'demo@demo.com_183','TEJAS','KALKAR','demo@demo.com_183','5df10f4d7b2c42979e88272730addfc0','1','','319'),(389,'demo@demo.com_184','MAITREY','BHARAMBE','demo@demo.com_184','5df10f4d7b2c42979e88272730addfc0','1','','320'),(390,'demo@demo.com_185','GANDHARV','CHUMBALE','demo@demo.com_185','5df10f4d7b2c42979e88272730addfc0','1','','321'),(391,'demo@demo.com_186','AARYVEER','SALGAVKAR','demo@demo.com_186','5df10f4d7b2c42979e88272730addfc0','1','','322'),(392,'demo@demo.com_187','ATHARV','BUDHKAR','demo@demo.com_187','5df10f4d7b2c42979e88272730addfc0','1','','323'),(393,'demo@demo.com_188','SAKAR','DESAI','demo@demo.com_188','5df10f4d7b2c42979e88272730addfc0','1','','324'),(394,'demo@demo.com_189','HANSIN','SAKALYE','demo@demo.com_189','5df10f4d7b2c42979e88272730addfc0','1','','325'),(395,'demo@demo.com_190','SHYAM','DESHMUKH','demo@demo.com_190','5df10f4d7b2c42979e88272730addfc0','1','','326'),(396,'demo@demo.com_191','VARAD','PATHAK','demo@demo.com_191','4f8acfd56764b3a106c6a9d2b83995fe','1','','327'),(397,'demo@demo.com_192','HERAMB','RAJE','demo@demo.com_192','4f8acfd56764b3a106c6a9d2b83995fe','1','','328'),(398,'demo@demo.com_193','SMITESH','MAHAJAN','demo@demo.com_193','4f8acfd56764b3a106c6a9d2b83995fe','1','','329'),(399,'demo@demo.com_194','AADITYA','PAITHANKAR','demo@demo.com_194','4f8acfd56764b3a106c6a9d2b83995fe','1','','330'),(400,'demo@demo.com_195','ATHANG','PHANASE','demo@demo.com_195','4f8acfd56764b3a106c6a9d2b83995fe','1','','331'),(401,'demo@demo.com_196','DEVESH','PARAB','demo@demo.com_196','4f8acfd56764b3a106c6a9d2b83995fe','1','','332'),(402,'demo@demo.com_197','SUMEDH','BHATAVADEKAR','demo@demo.com_197','4f8acfd56764b3a106c6a9d2b83995fe','1','','333'),(403,'demo@demo.com_198','AARUSH','BAGAL','demo@demo.com_198','4f8acfd56764b3a106c6a9d2b83995fe','1','','334'),(404,'demo@demo.com_199','CHAITANYA','JOSHI','demo@demo.com_199','4f8acfd56764b3a106c6a9d2b83995fe','1','','335'),(405,'demo@demo.com_200','NAHUSH','AGRAWAL','demo@demo.com_200','4f8acfd56764b3a106c6a9d2b83995fe','1','','336'),(406,'demo@demo.com_201','RUDRA','PARDESHI','demo@demo.com_201','6d28cf59b68985e422df18beab3f9024','1','','337'),(407,'demo@demo.com_202','SAUMITRA','BIVALKAR','demo@demo.com_202','6d28cf59b68985e422df18beab3f9024','1','','338'),(408,'demo@demo.com_203','UMESH','NIMBHORKAR','demo@demo.com_203','6d28cf59b68985e422df18beab3f9024','1','','339'),(409,'krishna@gmail.com','krishna','KARADA','krishna@gmail.com','6d28cf59b68985e422df18beab3f9024','1','','340'),(410,'demo@demo.com_300','ABHI','SANGALE','demo@demo.com_300','6d28cf59b68985e422df18beab3f9024','1','','341'),(411,'demo@demo.com','AVDHUT','SANGALE','demo@demo.com','6d28cf59b68985e422df18beab3f9024','1','','342'),(412,'2_demo@demo.com','AVDHUT','SANGALE','2_demo@demo.com','6d28cf59b68985e422df18beab3f9024','1','','737'),(413,'3_demo@demo.com','CHINMAY','WAVHAL','3_demo@demo.com','6d28cf59b68985e422df18beab3f9024','1','','738'),(414,'4_demo@demo.com','VARAD','SHIMPI','4_demo@demo.com','6d28cf59b68985e422df18beab3f9024','1','','739'),(415,'5_demo@demo.com','RAKSHIT','THAKUR','5_demo@demo.com','65ecb7ffaf089b68d53f539784159407','1','','740'),(416,'6_demo@demo.com','VIJAY','WAVU','6_demo@demo.com','65ecb7ffaf089b68d53f539784159407','1','','741'),(417,'7_demo@demo.com','SUSHIL','SHANKPAL','7_demo@demo.com','65ecb7ffaf089b68d53f539784159407','1','','742'),(418,'8_demo@demo.com','HETAVI','BHOIR','8_demo@demo.com','65ecb7ffaf089b68d53f539784159407','1','','743'),(419,'9_demo@demo.com','YASHITA','AATALKAR','9_demo@demo.com','65ecb7ffaf089b68d53f539784159407','1','','744'),(420,'10_demo@demo.com','TRISHA','CHAVHAN','10_demo@demo.com','65ecb7ffaf089b68d53f539784159407','1','','745'),(421,'11_demo@demo.com','PRAJKTA','DHAWALE','11_demo@demo.com','65ecb7ffaf089b68d53f539784159407','1','','746'),(422,'12_demo@demo.com','DAMINI','MORE','12_demo@demo.com','65ecb7ffaf089b68d53f539784159407','1','','747'),(423,'13_trupti0408@gmail.com','SARVADNYA','SAWANT','13_trupti0408@gmail.com','65ecb7ffaf089b68d53f539784159407','1','','748'),(424,'14_demo@demo.com','RUCHI','INAMDAR','14_demo@demo.com','65ecb7ffaf089b68d53f539784159407','1','','749'),(425,'15_demo@demo.com','DEVYANI','GAIKWAD','15_demo@demo.com','a7e2669f67f3b5e617fa2acc8ef9f2c7','1','','750'),(426,'16_demo@demo.com','SHRIYA','PITALE','16_demo@demo.com','a7e2669f67f3b5e617fa2acc8ef9f2c7','1','','751'),(427,'17_demo@demo.com','RISHA','THAKKAR','17_demo@demo.com','a7e2669f67f3b5e617fa2acc8ef9f2c7','1','','752'),(428,'18_demo@demo.com','BHAGYASHREE','SARAGE','18_demo@demo.com','a7e2669f67f3b5e617fa2acc8ef9f2c7','1','','753'),(429,'19_demo@demo.com','PRANJALI','HANKARE','19_demo@demo.com','a7e2669f67f3b5e617fa2acc8ef9f2c7','1','','754'),(430,'20_deepali.nikumbh77@gmail.com','VIDHI','NIKUMBH','20_deepali.nikumbh77@gmail.com','a7e2669f67f3b5e617fa2acc8ef9f2c7','1','','755'),(431,'21_demo@demo.com','GIRIJA','LADAVA','21_demo@demo.com','a7e2669f67f3b5e617fa2acc8ef9f2c7','1','','756'),(432,'22_demo@demo.com','HARSHAVI','JAIN','22_demo@demo.com','a7e2669f67f3b5e617fa2acc8ef9f2c7','1','','757'),(433,'23_demo@demo.com','VAIDEHI','GHORPADE','23_demo@demo.com','a7e2669f67f3b5e617fa2acc8ef9f2c7','1','','758'),(434,'24_demo@demo.com','SHRAVANI','KULKARNI','24_demo@demo.com','a7e2669f67f3b5e617fa2acc8ef9f2c7','1','','759'),(435,'25_demo@demo.com','SUKHADA','VEDPATHAK','25_demo@demo.com','ffd7605d83eaf75c77eddccc028def04','1','','760'),(436,'26_demo@demo.com','SAMIKSHA','WAGALE','26_demo@demo.com','ffd7605d83eaf75c77eddccc028def04','1','','761'),(437,'27_demo@demo.com','TANVI','SATOSE','27_demo@demo.com','ffd7605d83eaf75c77eddccc028def04','1','','762'),(438,'28_demo@demo.com','AARYA','PHADNIS','28_demo@demo.com','ffd7605d83eaf75c77eddccc028def04','1','','763'),(439,'29_demo@demo.com','AACHAL','PATIL','29_demo@demo.com','ffd7605d83eaf75c77eddccc028def04','1','','764'),(440,'30_demo@demo.com','SHREYA','PATIL','30_demo@demo.com','ffd7605d83eaf75c77eddccc028def04','1','','765'),(441,'31_demo@demo.com','SWARA','PATIL','31_demo@demo.com','ffd7605d83eaf75c77eddccc028def04','1','','766'),(442,'32_demo@demo.com','PRACHITI','PATIL','32_demo@demo.com','ffd7605d83eaf75c77eddccc028def04','1','','767'),(443,'33_demo@demo.com','JANHAVI','SARAGE','33_demo@demo.com','7de330b4727cd87ab5b300d6b639e795','1','','768'),(444,'34_demo@demo.com','AAYUSHI','KARNIK','34_demo@demo.com','7de330b4727cd87ab5b300d6b639e795','1','','769'),(445,'35_demo@demo.com','AARAVA','GEDAM','35_demo@demo.com','7de330b4727cd87ab5b300d6b639e795','1','','770'),(446,'36_demo@demo.com','SONALI','GOKHALE','36_demo@demo.com','7de330b4727cd87ab5b300d6b639e795','1','','771'),(447,'37_demo@demo.com','PURVASHRI','SARAGE','37_demo@demo.com','7de330b4727cd87ab5b300d6b639e795','1','','772'),(448,'38_demo@demo.com','ANUSHKA','PILLE','38_demo@demo.com','7de330b4727cd87ab5b300d6b639e795','1','','773'),(449,'40_demo@demo.com','SHARAYU','VYAVHARE','40_demo@demo.com','e77656fe21fae83ac3f08149b233fcf0','1','','774'),(450,'41_demo@demo.com','SUPRIYA','PALAVE','41_demo@demo.com','c555763edf0f2e517a1954d047135d3e','1','','775'),(451,'42_demo@demo.com','MRUNAL','JOSHI','42_demo@demo.com','1e0ddb35d542b0ad08be1f4226e24b27','1','','776'),(452,'43_demo@demo.com','ACHALA','SHENOY','43_demo@demo.com','1e0ddb35d542b0ad08be1f4226e24b27','1','','777'),(453,'44_bhaktidevkare@gmail.com','RUCHI','DEVKARE','44_bhaktidevkare@gmail.com','7d548c010c2ef1e1fad93fd4d5cdb737','1','','778'),(454,'45_demo@demo.com','LEHER','THAKKAR','45_demo@demo.com','446c914a36137789d981891b3056e58f','1','','779'),(455,'46_demo@demo.com','SAYALI','AAVHAD','46_demo@demo.com','446c914a36137789d981891b3056e58f','1','','780'),(456,'47_demo@demo.com','SANCHITA','CHAUDHARI','47_demo@demo.com','249fae5aa57c1494902be8bcafc81b03','1','','781'),(457,'49_demo@demo.com','PRAVESHA','ACHAREKAR','49_demo@demo.com','547c0b0cad4b00afd1d3c8076ee84711','1','','782'),(458,'50_demo@demo.com','JANHAVI','PATEL','50_demo@demo.com','547c0b0cad4b00afd1d3c8076ee84711','1','','783'),(459,'51_demo@demo.com','MANISHA','SANGALE','51_demo@demo.com','547c0b0cad4b00afd1d3c8076ee84711','1','','784'),(460,'52_demo@demo.com','MEGHANA','SHINDE','52_demo@demo.com','eb6c5b7437c2ae917658edceaff50cc6','1','','785'),(461,'53_demo@demo.com','ANANYA','BAGADE','53_demo@demo.com','eb6c5b7437c2ae917658edceaff50cc6','1','','786'),(462,'54_demo@demo.com','SHALMALI','PATIL','54_demo@demo.com','eb6c5b7437c2ae917658edceaff50cc6','1','','787'),(463,'55_demo@demo.com','SAEE','DAREKAR','55_demo@demo.com','6387c92ceac7dc1bd73b7b76c618c81e','1','','788'),(464,'56_demo@demo.com','SAMRUDDHI','BHISE','56_demo@demo.com','6387c92ceac7dc1bd73b7b76c618c81e','1','','789'),(465,'57_demo@demo.com','KOMAL','DIVEKAR','57_demo@demo.com','6387c92ceac7dc1bd73b7b76c618c81e','1','','790'),(466,'58_demo@demo.com','RENUKA','GHAISAS','58_demo@demo.com','84c7db3cdc0f0e64255ccb1f11393fc3','1','','791'),(467,'59_dswaraliss@gmail.com','SWARALI','DESHPANDE','59_dswaraliss@gmail.com','84c7db3cdc0f0e64255ccb1f11393fc3','1','','792'),(468,'60_demo@demo.com','MOKSHADA','BHINGARDE','60_demo@demo.com','32a482998880048e018400fc8bb1eaa5','1','','793'),(469,'62_demo@demo.com','DIPTI','PATRE','62_demo@demo.com','bb12bc9f26ef3cd664999df3f8a2d005','1','','794'),(470,'63_demo@demo.com','ADITI','JAHAGIRDAR','63_demo@demo.com','bb12bc9f26ef3cd664999df3f8a2d005','1','','795'),(471,'64_nehawagh0089@gmail.com','NEHA','WAGH','64_nehawagh0089@gmail.com','bb12bc9f26ef3cd664999df3f8a2d005','1','','796'),(472,'65_demo@demo.com','PRASAD','PAWAR','65_demo@demo.com','825a079660ed2e8ab95c11f22f3ba9fa','1','','797'),(473,'66_demo@demo.com','AARYAN','SHETTI','66_demo@demo.com','825a079660ed2e8ab95c11f22f3ba9fa','1','','798'),(474,'67_demo@demo.com','SATISH','BHAVE','67_demo@demo.com','cfe91c3890f5996c6c1549184e8e6851','1','','799'),(475,'68_demo@demo.com','SRUSHTI','GUJRATHI','68_demo@demo.com','e6d4d2c5bedde8258eb7bf7d853b2636','1','','800'),(476,'69_demo@demo.com','BHAKTI','KOLTE','69_demo@demo.com','998664235ede4309134892498ad2afaa','1','','801'),(477,'70_demo@demo.com','AISHWARYA','JOGALEKAR','70_demo@demo.com','998664235ede4309134892498ad2afaa','1','','802'),(478,'71_demo@demo.com','PRAVEENA','GAIKWAD','71_demo@demo.com','998664235ede4309134892498ad2afaa','1','','803'),(479,'72_demo@demo.com','SHUBHANGI','SINNARKAR','72_demo@demo.com','8ecde2850e80f4f04ef7212e0542a327','1','','804'),(480,'73_demo@demo.com','ASMITA','LAD','73_demo@demo.com','8ecde2850e80f4f04ef7212e0542a327','1','','805'),(481,'74_demo@demo.com','PALLAVI','OVALEKAR/JOSHI','74_demo@demo.com','c1e7375227db260fad6a9682f8bcd587','1','','806'),(482,'75_demo@demo.com','SAI','DHAMAPURKAR','75_demo@demo.com','c1e7375227db260fad6a9682f8bcd587','1','','807'),(483,'76_demo@demo.com','ISHITA','PATHAK','76_demo@demo.com','c1e7375227db260fad6a9682f8bcd587','1','','808'),(484,'77_demo@demo.com','RUDRA','SARDAR','77_demo@demo.com','9dce13305e29050b4cd06af1976409fe','1','','809'),(485,'78_demo@demo.com','PRIYANKA','PATIL','78_demo@demo.com','9dce13305e29050b4cd06af1976409fe','1','','810'),(486,'79_demo@demo.com','CHAITRALI','GANORKAR','79_demo@demo.com','9dce13305e29050b4cd06af1976409fe','1','','811'),(487,'80_demo@demo.com','RAKHI','DATAR','80_demo@demo.com','9dce13305e29050b4cd06af1976409fe','1','','812'),(488,'82_demo@demo.com','TEJASWINI','JADHAV','82_demo@demo.com','9dce13305e29050b4cd06af1976409fe','1','','813'),(489,'83_demo@demo.com','ROSHANI','PATRA','83_demo@demo.com','9dce13305e29050b4cd06af1976409fe','1','','814'),(490,'85_demo@demo.com','PADMA','GEDAM','85_demo@demo.com','8bdf076e5bba6f3e335ff81b534d4f7b','1','','815'),(491,'95_demo@demo.com','VASUSHREE','KINIKAR','95_demo@demo.com','8bdf076e5bba6f3e335ff81b534d4f7b','1','','816'),(492,'96_demo@demo.com','DIKSHA','MARATHE','96_demo@demo.com','e9005a0a8c61760224a567bd006a70e7','1','','817'),(493,'97_demo@demo.com','SANIKA','JOSHI','97_demo@demo.com','e9005a0a8c61760224a567bd006a70e7','1','','818'),(494,'99_demo@demo.com','CHETNA','SONAR','99_demo@demo.com','dc106a25fc09bb6694c1d0000b1bf2af','1','','819'),(495,'102_demo@demo.com','SWAPNALI','SUKHATME','102_demo@demo.com','dc106a25fc09bb6694c1d0000b1bf2af','1','','820'),(496,'103_demo@demo.com','HITESHI','JAIN','103_demo@demo.com','dc106a25fc09bb6694c1d0000b1bf2af','1','','821'),(497,'104_demo@demo.com','HARDIKA','JAIN','104_demo@demo.com','dc106a25fc09bb6694c1d0000b1bf2af','1','','822'),(498,'105_lokhandesonali90@gmail.com','SONALI','LOKHANDE','105_lokhandesonali90@gmail.com','dc106a25fc09bb6694c1d0000b1bf2af','1','','823'),(499,'106_demo@demo.com','TEJASHRI','TOKIKAR','106_demo@demo.com','dc106a25fc09bb6694c1d0000b1bf2af','1','','824'),(500,'107_demo@demo.com','SHREYA','MORE','107_demo@demo.com','dc106a25fc09bb6694c1d0000b1bf2af','1','','825'),(501,'108_demo@demo.com','NAYONIKA','SHAH','108_demo@demo.com','54ce8e8f52faca629bb14cab3d430612','1','','826'),(502,'109_demo@demo.com','ANAGHA','RAJHANS','109_demo@demo.com','54ce8e8f52faca629bb14cab3d430612','1','','827'),(503,'110_priyamohane@gmail.com','DEVASHRI','TOFKHANE','110_priyamohane@gmail.com','54ce8e8f52faca629bb14cab3d430612','1','','828'),(504,'112_demo@demo.com','SNEHA','SONAWANE','112_demo@demo.com','54ce8e8f52faca629bb14cab3d430612','1','','829'),(505,'113_demo@demo.com','ANAGHA','AVASARMAL','113_demo@demo.com','54ce8e8f52faca629bb14cab3d430612','1','','830'),(506,'114_shravanivaishnav@gmail.com','SHRINIDHI','VAISHNAV','114_shravanivaishnav@gmail.com','54ce8e8f52faca629bb14cab3d430612','1','','831'),(507,'115_demo@demo.com','KASTURI','DESAI','115_demo@demo.com','54ce8e8f52faca629bb14cab3d430612','1','','832'),(508,'117_demo@demo.com','MANASI','MUKADAM','117_demo@demo.com','54ce8e8f52faca629bb14cab3d430612','1','','833'),(509,'118_demo@demo.com','NAMITA','BHAVE','118_demo@demo.com','54ce8e8f52faca629bb14cab3d430612','1','','834'),(510,'119_demo@demo.com','KASTURI','KULKARNI','119_demo@demo.com','48330831d1f9b4bb4af4167901fca854','1','','835'),(511,'120_demo@demo.com','RIDDHI','LOHAR','120_demo@demo.com','48330831d1f9b4bb4af4167901fca854','1','','836'),(512,'122_demo@demo.com','KASTURI','NENE','122_demo@demo.com','48330831d1f9b4bb4af4167901fca854','1','','837'),(513,'125_demo@demo.com','GAURI','DEV','125_demo@demo.com','48330831d1f9b4bb4af4167901fca854','1','','838'),(514,'126_demo@demo.com','GAYATRI','DEV','126_demo@demo.com','48330831d1f9b4bb4af4167901fca854','1','','839'),(515,'127_demo@demo.com','BHAIRAVI','BHISE','127_demo@demo.com','48330831d1f9b4bb4af4167901fca854','1','','840'),(516,'130_demo@demo.com','APURVA','VAZE','130_demo@demo.com','48330831d1f9b4bb4af4167901fca854','1','','841'),(517,'131_demo@demo.com','MADHURI','AATHAVALE','131_demo@demo.com','48330831d1f9b4bb4af4167901fca854','1','','842'),(518,'132_demo@demo.com','PRATAP','MORE','132_demo@demo.com','48330831d1f9b4bb4af4167901fca854','1','','843'),(519,'133_demo@demo.com','ARUN','KARVE','133_demo@demo.com','48330831d1f9b4bb4af4167901fca854','1','','844'),(520,'134_demo@demo.com','ANUJA','PETHE','134_demo@demo.com','8f076b55bd8c2ea177a7f00b33c8289a','1','','845'),(521,'135_demo@demo.com','YASHASHREE','KARANDIKAR','135_demo@demo.com','8f076b55bd8c2ea177a7f00b33c8289a','1','','846'),(522,'136_demo@demo.com','MILIND','BACHCHAV','136_demo@demo.com','8f076b55bd8c2ea177a7f00b33c8289a','1','','847'),(523,'137_demo@demo.com','HRUSHIKESH','JADHAV','137_demo@demo.com','8f076b55bd8c2ea177a7f00b33c8289a','1','','848'),(524,'138_demo@demo.com','SHIV','MANDLIK','138_demo@demo.com','8f076b55bd8c2ea177a7f00b33c8289a','1','','849'),(525,'139_demo@demo.com','OVI','PANCHAL','139_demo@demo.com','8f076b55bd8c2ea177a7f00b33c8289a','1','','850'),(526,'140_demo@demo.com','RAGHUNATH','KOR','140_demo@demo.com','8f076b55bd8c2ea177a7f00b33c8289a','1','','851'),(527,'141_demo@demo.com','VIHANG','BHAVE','141_demo@demo.com','8f076b55bd8c2ea177a7f00b33c8289a','1','','852'),(528,'142_demo@demo.com','AARAV','BARHATE','142_demo@demo.com','8f076b55bd8c2ea177a7f00b33c8289a','1','','853'),(529,'143_demo@demo.com','TANMAY','DAREKAR','143_demo@demo.com','032b09b3572f6bc227c1ade8cb02d41e','1','','854'),(530,'144_demo@demo.com','VIJAY','KOLHE','144_demo@demo.com','032b09b3572f6bc227c1ade8cb02d41e','1','','855'),(531,'145_demo@demo.com','HRUSHIKESH','THAKARE','145_demo@demo.com','032b09b3572f6bc227c1ade8cb02d41e','1','','856'),(532,'146_demo@demo.com','HIREN','GODE','146_demo@demo.com','032b09b3572f6bc227c1ade8cb02d41e','1','','857'),(533,'147_demo@demo.com','VARAD','BRAHMA','147_demo@demo.com','032b09b3572f6bc227c1ade8cb02d41e','1','','858'),(534,'148_demo@demo.com','ATHARV','NIKUMBH','148_demo@demo.com','032b09b3572f6bc227c1ade8cb02d41e','1','','859'),(535,'149_demo@demo.com','SAURABH','WALANJ','149_demo@demo.com','032b09b3572f6bc227c1ade8cb02d41e','1','','860'),(536,'150_demo@demo.com','RUDRA','BADAVE','150_demo@demo.com','032b09b3572f6bc227c1ade8cb02d41e','1','','861'),(537,'151_demo@demo.com','SHAUNAK','LAWATE','151_demo@demo.com','032b09b3572f6bc227c1ade8cb02d41e','1','','862'),(538,'152_demo@demo.com','MALHAR','KULKARNI','152_demo@demo.com','5aefe5548421b6c5f6bd3290012d711e','1','','863'),(539,'153_demo@demo.com','RUTVI','SATVIK','153_demo@demo.com','5aefe5548421b6c5f6bd3290012d711e','1','','864'),(540,'154_demo@demo.com','SARVANG','BHARAMBE','154_demo@demo.com','5aefe5548421b6c5f6bd3290012d711e','1','','865'),(541,'155_demo@demo.com','ADITI','BARVE','155_demo@demo.com','5aefe5548421b6c5f6bd3290012d711e','1','','866'),(542,'156_demo@demo.com','KASTURI','MHATRE','156_demo@demo.com','5aefe5548421b6c5f6bd3290012d711e','1','','867'),(543,'157_demo@demo.com','SAKSHI','WALIMBE','157_demo@demo.com','5aefe5548421b6c5f6bd3290012d711e','1','','868'),(544,'158_demo@demo.com','AARYA','DESHPANDE','158_demo@demo.com','5aefe5548421b6c5f6bd3290012d711e','1','','869'),(545,'159_demo@demo.com','PARINITA','PAWAR','159_demo@demo.com','5aefe5548421b6c5f6bd3290012d711e','1','','870'),(546,'160_demo@demo.com','JUI','SANE','160_demo@demo.com','5aefe5548421b6c5f6bd3290012d711e','1','','871'),(547,'161_demo@demo.com','NETRA','SATHE','161_demo@demo.com','5aefe5548421b6c5f6bd3290012d711e','1','','872'),(548,'162_demo@demo.com','PRIYANKA','CHIKSHETTI','162_demo@demo.com','e1538b694cc3958ca882a0af40c6e2dd','1','','873'),(549,'163_demo@demo.com','HARSHITA','AAMBEKAR','163_demo@demo.com','e1538b694cc3958ca882a0af40c6e2dd','1','','874'),(550,'164_demo@demo.com','VIDISHA','CHAUDHARI','164_demo@demo.com','e1538b694cc3958ca882a0af40c6e2dd','1','','875'),(551,'165_demo@demo.com','SHRAVANI','KULKARNI','165_demo@demo.com','e1538b694cc3958ca882a0af40c6e2dd','1','','876'),(552,'166_demo@demo.com','SIYA','DALAL','166_demo@demo.com','e1538b694cc3958ca882a0af40c6e2dd','1','','877'),(553,'167_demo@demo.com','NUPUR','BHIDE','167_demo@demo.com','e1538b694cc3958ca882a0af40c6e2dd','1','','878'),(554,'168_demo@demo.com','HETAL','ZALAR','168_demo@demo.com','e1538b694cc3958ca882a0af40c6e2dd','1','','879'),(555,'169_demo@demo.com','PRITI','YASHWANTE','169_demo@demo.com','e1538b694cc3958ca882a0af40c6e2dd','1','','880'),(556,'170_demo@demo.com','TANVI','DESHPANDE','170_demo@demo.com','3ec6d00c325bc4d3a3ed4561850cd440','1','','881'),(557,'171_demo@demo.com','MRUDULA','BACHCHHAV','171_demo@demo.com','3ec6d00c325bc4d3a3ed4561850cd440','1','','882'),(558,'172_demo@demo.com','VISHRAM','KOLHE','172_demo@demo.com','3ec6d00c325bc4d3a3ed4561850cd440','1','','883'),(559,'173_demo@demo.com','RITI','ZALAR','173_demo@demo.com','3ec6d00c325bc4d3a3ed4561850cd440','1','','884'),(560,'174_demo@demo.com','CHARUL','DAFADE','174_demo@demo.com','3ec6d00c325bc4d3a3ed4561850cd440','1','','885'),(561,'175_demo@demo.com','PRATHA','CHAUDHARI','175_demo@demo.com','3ec6d00c325bc4d3a3ed4561850cd440','1','','886'),(562,'176_demo@demo.com','MEGH','DANDEKAR','176_demo@demo.com','3ec6d00c325bc4d3a3ed4561850cd440','1','','887'),(563,'177_demo@demo.com','ISHAN','BHAT','177_demo@demo.com','3ec6d00c325bc4d3a3ed4561850cd440','1','','888'),(564,'178_demo@demo.com','MEGHNAD','KAMBALE','178_demo@demo.com','3ec6d00c325bc4d3a3ed4561850cd440','1','','889'),(565,'179_demo@demo.com','CHAITANYA','VAZE','179_demo@demo.com','a5b3042e026713ea49972aaca6cd97f8','1','','890'),(566,'180_demo@demo.com','ATHARV','DAMALE','180_demo@demo.com','a5b3042e026713ea49972aaca6cd97f8','1','','891'),(567,'181_demo@demo.com','MALHAR','KULKARNI','181_demo@demo.com','a5b3042e026713ea49972aaca6cd97f8','1','','892'),(568,'182_demo@demo.com','RUGVED','RODE','182_demo@demo.com','a5b3042e026713ea49972aaca6cd97f8','1','','893'),(569,'183_demo@demo.com','MAITREY','BHARAMBE','183_demo@demo.com','a5b3042e026713ea49972aaca6cd97f8','1','','894'),(570,'184_demo@demo.com','GANDHARV','CHUMBALE','184_demo@demo.com','a5b3042e026713ea49972aaca6cd97f8','1','','895'),(571,'185_demo@demo.com','AARYVEER','SALGAVKAR','185_demo@demo.com','a5b3042e026713ea49972aaca6cd97f8','1','','896'),(572,'186_demo@demo.com','ATHARV','BUDHKAR','186_demo@demo.com','a5b3042e026713ea49972aaca6cd97f8','1','','897'),(573,'187_demo@demo.com','HANSIN','SAKALYE','187_demo@demo.com','a5b3042e026713ea49972aaca6cd97f8','1','','898'),(574,'188_demo@demo.com','SHYAM','DESHMUKH','188_demo@demo.com','2f11c6fc52cd6b9d5299f8a7bc5a1d52','1','','899'),(575,'189_demo@demo.com','HERAMB','RAJE','189_demo@demo.com','2f11c6fc52cd6b9d5299f8a7bc5a1d52','1','','900'),(576,'190_demo@demo.com','SMITESH','MAHAJAN','190_demo@demo.com','2f11c6fc52cd6b9d5299f8a7bc5a1d52','1','','901'),(577,'191_demo@demo.com','ATHANG','PHANASE','191_demo@demo.com','2f11c6fc52cd6b9d5299f8a7bc5a1d52','1','','902'),(578,'192_demo@demo.com','DEVESH','PARAB','192_demo@demo.com','041269d25a4bbdf4c7877918002ab509','1','','903'),(579,'193_demo@demo.com','AARUSH','BAGAL','193_demo@demo.com','041269d25a4bbdf4c7877918002ab509','1','','904'),(580,'194_demo@demo.com','CHAITANYA','JOSHI','194_demo@demo.com','041269d25a4bbdf4c7877918002ab509','1','','905'),(581,'195_demo@demo.com','NAHUSH','AGRAWAL','195_demo@demo.com','041269d25a4bbdf4c7877918002ab509','1','','906'),(582,'196_demo@demo.com','RUDRA','PARDESHI','196_demo@demo.com','041269d25a4bbdf4c7877918002ab509','1','','907'),(583,'197_demo@demo.com','SAUMITRA','BIVALKAR','197_demo@demo.com','041269d25a4bbdf4c7877918002ab509','1','','908'),(584,'198_demo@demo.com','UMESH','NIMBHORKAR','198_demo@demo.com','041269d25a4bbdf4c7877918002ab509','1','','909'),(585,'199_demo@demo.com','KRISHNA','KARADA','199_demo@demo.com','041269d25a4bbdf4c7877918002ab509','1','','910'),(586,'Avdhut.Demo@gmail.com','Avdhut','Sangale','Avdhut.Demo@gmail.com','041269d25a4bbdf4c7877918002ab509','1','','911'),(587,'Chinmay.Demo@gmail.com','Chinmay','Wavhal','Chinmay.Demo@gmail.com','041269d25a4bbdf4c7877918002ab509','1','','912'),(588,'Varad.Demo@gmail.com','Varad','Shimpi','Varad.Demo@gmail.com','8898ca164f5833195ddbe4eeaee299eb','1','','913'),(589,'Rakshit.Demo@gmail.com','Rakshit','Thakur','Rakshit.Demo@gmail.com','8898ca164f5833195ddbe4eeaee299eb','1','','914'),(590,'Vijay.Demo@gmail.com','Vijay','Wavu','Vijay.Demo@gmail.com','8898ca164f5833195ddbe4eeaee299eb','1','','915'),(591,'Sushil.Demo@gmail.com','Sushil','Shankpal','Sushil.Demo@gmail.com','8898ca164f5833195ddbe4eeaee299eb','1','','916'),(592,'Hetavi.Pandurang@gmail.com','Hetavi','Bhoir','Hetavi.Pandurang@gmail.com','8898ca164f5833195ddbe4eeaee299eb','1','','917'),(593,'Yashita.Demo@gmail.com','Yashita','Aatalkar','Yashita.Demo@gmail.com','8898ca164f5833195ddbe4eeaee299eb','1','','918'),(594,'Trisha.Demo@gmail.com','Trisha','Chavhan','Trisha.Demo@gmail.com','8898ca164f5833195ddbe4eeaee299eb','1','','919'),(595,'Prajkta.Demo@gmail.com','Prajkta','Dhawale','Prajkta.Demo@gmail.com','8898ca164f5833195ddbe4eeaee299eb','1','','920'),(596,'Damini.Demo@gmail.com','Damini','More','Damini.Demo@gmail.com','1185e9efcb5c2a07c4c3b3acb377850b','1','','921'),(597,'Sarvadnya.Jagadish@gmail.com','Sarvadnya','Sawant','Sarvadnya.Jagadish@gmail.com','1185e9efcb5c2a07c4c3b3acb377850b','1','','922'),(598,'Ruchi.Demo@gmail.com','Ruchi','Inamdar','Ruchi.Demo@gmail.com','1185e9efcb5c2a07c4c3b3acb377850b','1','','923'),(599,'Devyani.Demo@gmail.com','Devyani','Gaikwad','Devyani.Demo@gmail.com','1185e9efcb5c2a07c4c3b3acb377850b','1','','924'),(600,'Shriya.Demo@gmail.com','Shriya','Pitale','Shriya.Demo@gmail.com','1185e9efcb5c2a07c4c3b3acb377850b','1','','925'),(601,'Risha.Demo@gmail.com','Risha','Thakkar','Risha.Demo@gmail.com','1185e9efcb5c2a07c4c3b3acb377850b','1','','926'),(602,'Bhagyashree.Demo@gmail.com','Bhagyashree','Sarage','Bhagyashree.Demo@gmail.com','1185e9efcb5c2a07c4c3b3acb377850b','1','','927'),(603,'Pranjali.Demo@gmail.com','Pranjali','Hankare','Pranjali.Demo@gmail.com','1185e9efcb5c2a07c4c3b3acb377850b','1','','928'),(604,'Vidhi.Pramod@gmail.com','Vidhi','Nikumbh','Vidhi.Pramod@gmail.com','e656022d7a1990ab97de9f8e89bf671d','1','','929'),(605,'Girija.Demo@gmail.com','Girija','Ladava','Girija.Demo@gmail.com','e656022d7a1990ab97de9f8e89bf671d','1','','930'),(606,'Harshavi.Demo@gmail.com','Harshavi','Jain','Harshavi.Demo@gmail.com','e656022d7a1990ab97de9f8e89bf671d','1','','931'),(607,'Vaidehi.Demo@gmail.com','Vaidehi','Ghorpade','Vaidehi.Demo@gmail.com','e656022d7a1990ab97de9f8e89bf671d','1','','932'),(608,'Shravani.Demo@gmail.com','Shravani','Kulkarni','Shravani.Demo@gmail.com','e656022d7a1990ab97de9f8e89bf671d','1','','933'),(609,'Sukhada.Rajesh@gmail.com','Sukhada','Vedpathak','Sukhada.Rajesh@gmail.com','e656022d7a1990ab97de9f8e89bf671d','1','','934'),(610,'Samiksha.Demo@gmail.com','Samiksha','Wagale','Samiksha.Demo@gmail.com','e656022d7a1990ab97de9f8e89bf671d','1','','935'),(611,'Tanvi.Demo@gmail.com','Tanvi','Satose','Tanvi.Demo@gmail.com','c2450e6ed70b816910288ddd2a56c7dd','1','','936'),(612,'Aarya.Demo@gmail.com','Aarya','Phadnis','Aarya.Demo@gmail.com','c2450e6ed70b816910288ddd2a56c7dd','1','','937'),(613,'Aachal.Demo@gmail.com','Aachal','Patil','Aachal.Demo@gmail.com','c2450e6ed70b816910288ddd2a56c7dd','1','','938'),(614,'Shreya.Demo@gmail.com','Shreya','Patil','Shreya.Demo@gmail.com','c2450e6ed70b816910288ddd2a56c7dd','1','','939'),(615,'Swara.Demo@gmail.com','Swara','Patil','Swara.Demo@gmail.com','c2450e6ed70b816910288ddd2a56c7dd','1','','940'),(616,'Prachiti.Demo@gmail.com','Prachiti','Patil','Prachiti.Demo@gmail.com','c2450e6ed70b816910288ddd2a56c7dd','1','','941'),(617,'Janhavi.Demo@gmail.com','Janhavi','Sarage','Janhavi.Demo@gmail.com','c2450e6ed70b816910288ddd2a56c7dd','1','','942'),(618,'Aayushi.Demo@gmail.com','Aayushi','Karnik','Aayushi.Demo@gmail.com','c2450e6ed70b816910288ddd2a56c7dd','1','','943'),(619,'Aarava.Demo@gmail.com','Aarava','Gedam','Aarava.Demo@gmail.com','c63c52e1c9921ff00093483765cf0a71','1','','944'),(620,'Sonali.Demo@gmail.com','Sonali','Gokhale','Sonali.Demo@gmail.com','c63c52e1c9921ff00093483765cf0a71','1','','945'),(621,'Purvashri.Demo@gmail.com','Purvashri','Sarage','Purvashri.Demo@gmail.com','c63c52e1c9921ff00093483765cf0a71','1','','946'),(622,'Anushka.Demo@gmail.com','Anushka','Pille','Anushka.Demo@gmail.com','c63c52e1c9921ff00093483765cf0a71','1','','947'),(623,'Sharayu.Demo@gmail.com','Sharayu','Vyavhare','Sharayu.Demo@gmail.com','c63c52e1c9921ff00093483765cf0a71','1','','948'),(624,'Supriya.Demo@gmail.com','Supriya','Palave','Supriya.Demo@gmail.com','c63c52e1c9921ff00093483765cf0a71','1','','949'),(625,'Mrunal.Demo@gmail.com','Mrunal','Joshi','Mrunal.Demo@gmail.com','c63c52e1c9921ff00093483765cf0a71','1','','950'),(626,'Achala.Demo@gmail.com','Achala','Shenoy','Achala.Demo@gmail.com','c63c52e1c9921ff00093483765cf0a71','1','','951'),(627,'Ruchi.Vijay@gmail.com','Ruchi','Devkare','Ruchi.Vijay@gmail.com','f0287a2196c8a7020a569a128977adfa','1','','952'),(628,'Leher.Demo@gmail.com','Leher','Thakkar','Leher.Demo@gmail.com','f0287a2196c8a7020a569a128977adfa','1','','953'),(629,'Sayali.Demo@gmail.com','Sayali','Aavhad','Sayali.Demo@gmail.com','f0287a2196c8a7020a569a128977adfa','1','','954'),(630,'Sanchita.Demo@gmail.com','Sanchita','Chaudhari','Sanchita.Demo@gmail.com','f0287a2196c8a7020a569a128977adfa','1','','955'),(631,'Pravesha.Demo@gmail.com','Pravesha','Acharekar','Pravesha.Demo@gmail.com','f0287a2196c8a7020a569a128977adfa','1','','956'),(632,'Manisha.Demo@gmail.com','Manisha','Sangale','Manisha.Demo@gmail.com','f0287a2196c8a7020a569a128977adfa','1','','957'),(633,'Meghana.Demo@gmail.com','Meghana','Shinde','Meghana.Demo@gmail.com','f0287a2196c8a7020a569a128977adfa','1','','958'),(634,'Ananya.Demo@gmail.com','Ananya','Bagade','Ananya.Demo@gmail.com','f0287a2196c8a7020a569a128977adfa','1','','959'),(635,'Shalmali.Demo@gmail.com','Shalmali','Patil','Shalmali.Demo@gmail.com','a166942988a4a85c9d299008a3e7392e','1','','960'),(636,'Saee.Demo@gmail.com','Saee','Darekar','Saee.Demo@gmail.com','a166942988a4a85c9d299008a3e7392e','1','','961'),(637,'Samruddhi.Demo@gmail.com','Samruddhi','Bhise','Samruddhi.Demo@gmail.com','a166942988a4a85c9d299008a3e7392e','1','','962'),(638,'Komal.Demo@gmail.com','Komal','Divekar','Komal.Demo@gmail.com','a166942988a4a85c9d299008a3e7392e','1','','963'),(639,'Renuka.Demo@gmail.com','Renuka','Ghaisas','Renuka.Demo@gmail.com','a166942988a4a85c9d299008a3e7392e','1','','964'),(640,'Swarali.Suhas@gmail.com','Swarali','Deshpande','Swarali.Suhas@gmail.com','a166942988a4a85c9d299008a3e7392e','1','','965'),(641,'Mokshada.Demo@gmail.com','Mokshada','Bhingarde','Mokshada.Demo@gmail.com','a166942988a4a85c9d299008a3e7392e','1','','966'),(642,'Garvi.Demo@gmail.com','Garvi','Chauhan','Garvi.Demo@gmail.com','a166942988a4a85c9d299008a3e7392e','1','','967'),(643,'Dipti.Demo@gmail.com','Dipti','Patre','Dipti.Demo@gmail.com','ce452082e776b3dba457f03b29b30137','1','','968'),(644,'Aditi.Demo@gmail.com','Aditi','Jahagirdar','Aditi.Demo@gmail.com','ce452082e776b3dba457f03b29b30137','1','','969'),(645,'Neha.Balkrishna@gmail.com','Neha','Wagh','Neha.Balkrishna@gmail.com','ce452082e776b3dba457f03b29b30137','1','','970'),(646,'Prasad.Demo@gmail.com','Prasad','Pawar','Prasad.Demo@gmail.com','ce452082e776b3dba457f03b29b30137','1','','971'),(647,'Aaryan.Demo@gmail.com','Aaryan','Shetti','Aaryan.Demo@gmail.com','ce452082e776b3dba457f03b29b30137','1','','972'),(648,'Satish.Demo@gmail.com','Satish','Bhave','Satish.Demo@gmail.com','ce452082e776b3dba457f03b29b30137','1','','973'),(649,'Srushti.Demo@gmail.com','Srushti','Gujrathi','Srushti.Demo@gmail.com','ce452082e776b3dba457f03b29b30137','1','','974'),(650,'Bhakti.Demo@gmail.com','Bhakti','Kolte','Bhakti.Demo@gmail.com','ce452082e776b3dba457f03b29b30137','1','','975'),(651,'Aishwarya.Demo@gmail.com','Aishwarya','Jogalekar','Aishwarya.Demo@gmail.com','ce452082e776b3dba457f03b29b30137','1','','976'),(652,'Praveena.Demo@gmail.com','Praveena','Gaikwad','Praveena.Demo@gmail.com','1e1ea7296bda027dae22613ce9558dc9','1','','977'),(653,'Shubhangi.Demo@gmail.com','Shubhangi','Sinnarkar','Shubhangi.Demo@gmail.com','1e1ea7296bda027dae22613ce9558dc9','1','','978'),(654,'Asmita.Demo@gmail.com','Asmita','Lad','Asmita.Demo@gmail.com','1e1ea7296bda027dae22613ce9558dc9','1','','979'),(655,'Pallavi.Demo@gmail.com','Pallavi','Ovalekar/Joshi','Pallavi.Demo@gmail.com','1e1ea7296bda027dae22613ce9558dc9','1','','980'),(656,'Sai.Demo@gmail.com','Sai','Dhamapurkar','Sai.Demo@gmail.com','2733fffe8f813bf1289be07c28e2b773','1','','981'),(657,'Ishita.Demo@gmail.com','Ishita','Pathak','Ishita.Demo@gmail.com','2733fffe8f813bf1289be07c28e2b773','1','','982'),(658,'Rudra.Demo@gmail.com','Rudra','Sardar','Rudra.Demo@gmail.com','2733fffe8f813bf1289be07c28e2b773','1','','983'),(659,'Priyanka.Demo@gmail.com','Priyanka','Patil','Priyanka.Demo@gmail.com','2733fffe8f813bf1289be07c28e2b773','1','','984'),(660,'Chaitrali.Demo@gmail.com','Chaitrali','Ganorkar','Chaitrali.Demo@gmail.com','2733fffe8f813bf1289be07c28e2b773','1','','985'),(661,'Rakhi.Demo@gmail.com','Rakhi','Datar','Rakhi.Demo@gmail.com','2733fffe8f813bf1289be07c28e2b773','1','','986'),(662,'Tejaswini.Demo@gmail.com','Tejaswini','Jadhav','Tejaswini.Demo@gmail.com','2733fffe8f813bf1289be07c28e2b773','1','','987'),(663,'Roshani.Demo@gmail.com','Roshani','Patra','Roshani.Demo@gmail.com','737f0d059d9c62d2103b71f245433f71','1','','988'),(664,'Yashashree.Demo@gmail.com','Yashashree','Karandikar','Yashashree.Demo@gmail.com','737f0d059d9c62d2103b71f245433f71','1','','989'),(665,'Padma.Demo@gmail.com','Padma','Gedam','Padma.Demo@gmail.com','737f0d059d9c62d2103b71f245433f71','1','','990'),(666,'Sarika.Demo@gmail.com','Sarika','Sonawale','Sarika.Demo@gmail.com','737f0d059d9c62d2103b71f245433f71','1','','991'),(667,'Shilpa.Demo@gmail.com','Shilpa','Khangaokar','Shilpa.Demo@gmail.com','737f0d059d9c62d2103b71f245433f71','1','','992'),(668,'Aarati.Demo@gmail.com','Aarati','Phad','Aarati.Demo@gmail.com','737f0d059d9c62d2103b71f245433f71','1','','993'),(669,'Prabhatkumar.Demo@gmail.com','Prabhatkumar','Sahu','Prabhatkumar.Demo@gmail.com','737f0d059d9c62d2103b71f245433f71','1','','994'),(670,'Rekha.Demo@gmail.com','Rekha','Pahadi','Rekha.Demo@gmail.com','737f0d059d9c62d2103b71f245433f71','1','','995'),(671,'Rohini.Demo@gmail.com','Rohini','Bidwai','Rohini.Demo@gmail.com','d93d31227addd195bdcaf7312b921aac','1','','996'),(672,'Vasushree.Demo@gmail.com','Vasushree','Kinikar','Vasushree.Demo@gmail.com','d93d31227addd195bdcaf7312b921aac','1','','997'),(673,'Diksha.Demo@gmail.com','Diksha','Marathe','Diksha.Demo@gmail.com','d93d31227addd195bdcaf7312b921aac','1','','998'),(674,'Sanika.Demo@gmail.com','Sanika','Joshi','Sanika.Demo@gmail.com','d93d31227addd195bdcaf7312b921aac','1','','999'),(675,'Apurva.Demo@gmail.com','Apurva','Chitale','Apurva.Demo@gmail.com','d93d31227addd195bdcaf7312b921aac','1','','1000'),(676,'Chetna.Demo@gmail.com','Chetna','Sonar','Chetna.Demo@gmail.com','d93d31227addd195bdcaf7312b921aac','1','','1001'),(677,'Jaymala.Demo@gmail.com','Jaymala','Wagh','Jaymala.Demo@gmail.com','d93d31227addd195bdcaf7312b921aac','1','','1002'),(678,'Swapnali.Demo@gmail.com','Swapnali','Sukhatme','Swapnali.Demo@gmail.com','2fd2aee7394cbcad396a1746c30f3a7b','1','','1003'),(679,'Hiteshi.Demo@gmail.com','Hiteshi','Jain','Hiteshi.Demo@gmail.com','2fd2aee7394cbcad396a1746c30f3a7b','1','','1004'),(680,'Hardika.Demo@gmail.com','Hardika','Jain','Hardika.Demo@gmail.com','2fd2aee7394cbcad396a1746c30f3a7b','1','','1005'),(681,'Sonali.Vishal@gmail.com','Sonali','Lokhande','Sonali.Vishal@gmail.com','2fd2aee7394cbcad396a1746c30f3a7b','1','','1006'),(682,'Tejashri.Demo@gmail.com','Tejashri','Tokikar','Tejashri.Demo@gmail.com','2fd2aee7394cbcad396a1746c30f3a7b','1','','1007'),(683,'Nayonika.Demo@gmail.com','Nayonika','Shah','Nayonika.Demo@gmail.com','2fd2aee7394cbcad396a1746c30f3a7b','1','','1008'),(684,'Anagha.Demo@gmail.com','Anagha','Rajhans','Anagha.Demo@gmail.com','7cb9802ae7ea1cf80d58c07ed4016a8d','1','','1009'),(685,'Devashri.Rohit@gmail.com','Devashri','Tofkhane','Devashri.Rohit@gmail.com','7cb9802ae7ea1cf80d58c07ed4016a8d','1','','1010'),(686,'Sneha.Demo@gmail.com','Sneha','Sonawane','Sneha.Demo@gmail.com','7cb9802ae7ea1cf80d58c07ed4016a8d','1','','1011'),(687,'Shrinidhi.Shripad@gmail.com','Shrinidhi','Vaishnav','Shrinidhi.Shripad@gmail.com','7cb9802ae7ea1cf80d58c07ed4016a8d','1','','1012'),(688,'Kasturi.Demo@gmail.com','Kasturi','Desai','Kasturi.Demo@gmail.com','7cb9802ae7ea1cf80d58c07ed4016a8d','1','','1013'),(689,'Manasi.Demo@gmail.com','Manasi','Mukadam','Manasi.Demo@gmail.com','7cb9802ae7ea1cf80d58c07ed4016a8d','1','','1014'),(690,'Namita.Demo@gmail.com','Namita','Bhave','Namita.Demo@gmail.com','7cb9802ae7ea1cf80d58c07ed4016a8d','1','','1015'),(691,'Riddhi.Demo@gmail.com','Riddhi','Lohar','Riddhi.Demo@gmail.com','afc2db2d634b98c7802c58d7ed26dc89','1','','1016'),(692,'Pratiksha.Demo@gmail.com','Pratiksha','Gawande','Pratiksha.Demo@gmail.com','afc2db2d634b98c7802c58d7ed26dc89','1','','1017'),(693,'Srushti.Prashant@gmail.com','Srushti','Nandurkar','Srushti.Prashant@gmail.com','afc2db2d634b98c7802c58d7ed26dc89','1','','1018'),(694,'Gauri.Demo@gmail.com','Gauri','Dev','Gauri.Demo@gmail.com','afc2db2d634b98c7802c58d7ed26dc89','1','','1019'),(695,'Gayatri.Demo@gmail.com','Gayatri','Dev','Gayatri.Demo@gmail.com','afc2db2d634b98c7802c58d7ed26dc89','1','','1020'),(696,'Bhairavi.Demo@gmail.com','Bhairavi','Bhise','Bhairavi.Demo@gmail.com','afc2db2d634b98c7802c58d7ed26dc89','1','','1021'),(697,'Shraddha.Demo@gmail.com','Shraddha','Gawade','Shraddha.Demo@gmail.com','afc2db2d634b98c7802c58d7ed26dc89','1','','1022'),(698,'Shravani.Shripad@gmail.com','Shravani','Vaishnav','Shravani.Shripad@gmail.com','afc2db2d634b98c7802c58d7ed26dc89','1','','1023'),(699,'Madhuri.Demo@gmail.com','Madhuri','Aathavale','Madhuri.Demo@gmail.com','ab88f93401faadfc1be1f107cd9efe22','1','','1024'),(700,'Pratap.Demo@gmail.com','Pratap','More','Pratap.Demo@gmail.com','ab88f93401faadfc1be1f107cd9efe22','1','','1025'),(701,'Arun.Demo@gmail.com','Arun','Karve','Arun.Demo@gmail.com','ab88f93401faadfc1be1f107cd9efe22','1','','1026'),(702,'Anuja.Demo@gmail.com','Anuja','Pethe','Anuja.Demo@gmail.com','ab88f93401faadfc1be1f107cd9efe22','1','','1027'),(703,'Milind.Demo@gmail.com','Milind','Bachchav','Milind.Demo@gmail.com','ab88f93401faadfc1be1f107cd9efe22','1','','1028'),(704,'Hrushikesh.Demo@gmail.com','Hrushikesh','Jadhav','Hrushikesh.Demo@gmail.com','ab88f93401faadfc1be1f107cd9efe22','1','','1029'),(705,'Shiv.Demo@gmail.com','Shiv','Mandlik','Shiv.Demo@gmail.com','ab88f93401faadfc1be1f107cd9efe22','1','','1030'),(706,'Ovi.Demo@gmail.com','Ovi','Panchal','Ovi.Demo@gmail.com','f01b4217dd15704956f1b776f7e848d2','1','','1031'),(707,'Raghunath.Demo@gmail.com','Raghunath','Kor','Raghunath.Demo@gmail.com','f01b4217dd15704956f1b776f7e848d2','1','','1032'),(708,'Vihang.Demo@gmail.com','Vihang','Bhave','Vihang.Demo@gmail.com','f01b4217dd15704956f1b776f7e848d2','1','','1033'),(709,'Aarav.Demo@gmail.com','Aarav','Barhate','Aarav.Demo@gmail.com','f01b4217dd15704956f1b776f7e848d2','1','','1034'),(710,'Tanmay.Demo@gmail.com','Tanmay','Darekar','Tanmay.Demo@gmail.com','f01b4217dd15704956f1b776f7e848d2','1','','1035'),(711,'Hiren.Demo@gmail.com','Hiren','Gode','Hiren.Demo@gmail.com','f01b4217dd15704956f1b776f7e848d2','1','','1036'),(712,'Atharv.Demo@gmail.com','Atharv','Nikumbh','Atharv.Demo@gmail.com','f01b4217dd15704956f1b776f7e848d2','1','','1037'),(713,'Saurabh.Demo@gmail.com','Saurabh','Walanj','Saurabh.Demo@gmail.com','dbc157f0a9505737ea3271c585b61b94','1','','1038'),(714,'Shaunak.Demo@gmail.com','Shaunak','Lawate','Shaunak.Demo@gmail.com','dbc157f0a9505737ea3271c585b61b94','1','','1039'),(715,'Malhar.Demo@gmail.com','Malhar','Kulkarni','Malhar.Demo@gmail.com','dbc157f0a9505737ea3271c585b61b94','1','','1040'),(716,'Rutvi.Demo@gmail.com','Rutvi','Satvik','Rutvi.Demo@gmail.com','dbc157f0a9505737ea3271c585b61b94','1','','1041'),(717,'Sarvang.Demo@gmail.com','Sarvang','Bharambe','Sarvang.Demo@gmail.com','dbc157f0a9505737ea3271c585b61b94','1','','1042'),(718,'Sakshi.Demo@gmail.com','Sakshi','Walimbe','Sakshi.Demo@gmail.com','dbc157f0a9505737ea3271c585b61b94','1','','1043'),(719,'Parinita.Demo@gmail.com','Parinita','Pawar','Parinita.Demo@gmail.com','dbc157f0a9505737ea3271c585b61b94','1','','1044'),(720,'Jui.Demo@gmail.com','Jui','Sane','Jui.Demo@gmail.com','34f459c60c7a90da69685924b703a272','1','','1045'),(721,'Netra.Demo@gmail.com','Netra','Sathe','Netra.Demo@gmail.com','34f459c60c7a90da69685924b703a272','1','','1046'),(722,'Harshita.Demo@gmail.com','Harshita','Aambekar','Harshita.Demo@gmail.com','34f459c60c7a90da69685924b703a272','1','','1047'),(723,'Vidisha.Demo@gmail.com','Vidisha','Chaudhari','Vidisha.Demo@gmail.com','34f459c60c7a90da69685924b703a272','1','','1048'),(724,'Siya.Demo@gmail.com','Siya','Dalal','Siya.Demo@gmail.com','34f459c60c7a90da69685924b703a272','1','','1049'),(725,'Nupur.Demo@gmail.com','Nupur','Bhide','Nupur.Demo@gmail.com','34f459c60c7a90da69685924b703a272','1','','1050'),(726,'Hetal.Demo@gmail.com','Hetal','Zalar','Hetal.Demo@gmail.com','34f459c60c7a90da69685924b703a272','1','','1051'),(727,'Priti.Demo@gmail.com','Priti','Yashwante','Priti.Demo@gmail.com','79627174aefc6a4041249146dca871da','1','','1052'),(728,'Mrudula.Demo@gmail.com','Mrudula','Bachchhav','Mrudula.Demo@gmail.com','79627174aefc6a4041249146dca871da','1','','1053'),(729,'Vishram.Demo@gmail.com','Vishram','Kolhe','Vishram.Demo@gmail.com','79627174aefc6a4041249146dca871da','1','','1054'),(730,'Riti.Demo@gmail.com','Riti','Zalar','Riti.Demo@gmail.com','8a37faf0fbaf0d11c99cf03d1242f270','1','','1055'),(731,'Charul.Demo@gmail.com','Charul','Dafade','Charul.Demo@gmail.com','8a37faf0fbaf0d11c99cf03d1242f270','1','','1056'),(732,'Pratha.Demo@gmail.com','Pratha','Chaudhari','Pratha.Demo@gmail.com','8a37faf0fbaf0d11c99cf03d1242f270','1','','1057'),(733,'Megh.Demo@gmail.com','Megh','Dandekar','Megh.Demo@gmail.com','8a37faf0fbaf0d11c99cf03d1242f270','1','','1058'),(734,'Ishan.Demo@gmail.com','Ishan','Bhat','Ishan.Demo@gmail.com','8a37faf0fbaf0d11c99cf03d1242f270','1','','1059'),(735,'Meghnad.Demo@gmail.com','Meghnad','Kambale','Meghnad.Demo@gmail.com','8a37faf0fbaf0d11c99cf03d1242f270','1','','1060'),(736,'Chaitanya.Demo@gmail.com','Chaitanya','Vaze','Chaitanya.Demo@gmail.com','8a37faf0fbaf0d11c99cf03d1242f270','1','','1061'),(737,'Rugved.Demo@gmail.com','Rugved','Rode','Rugved.Demo@gmail.com','8a37faf0fbaf0d11c99cf03d1242f270','1','','1062'),(738,'Gandharv.Demo@gmail.com','Gandharv','Chumbale','Gandharv.Demo@gmail.com','749ff2013785e6768e86513e9841bd62','1','','1063'),(739,'Aaryveer.Demo@gmail.com','Aaryveer','Salgavkar','Aaryveer.Demo@gmail.com','749ff2013785e6768e86513e9841bd62','1','','1064'),(740,'Hansin.Demo@gmail.com','Hansin','Sakalye','Hansin.Demo@gmail.com','749ff2013785e6768e86513e9841bd62','1','','1065'),(741,'Shyam.Demo@gmail.com','Shyam','Deshmukh','Shyam.Demo@gmail.com','749ff2013785e6768e86513e9841bd62','1','','1066'),(742,'Athang.Demo@gmail.com','Athang','Phanase','Athang.Demo@gmail.com','749ff2013785e6768e86513e9841bd62','1','','1067'),(743,'sandeep@labz.in','aryan','Sandeep','sandeep@labz.in','749ff2013785e6768e86513e9841bd62','1','','1068'),(744,'sandeep1@labz.in','aryan','Sandeep','sandeep1@labz.in','749ff2013785e6768e86513e9841bd62','1','','1069'),(745,'sangle.manisha.shriram@gmail.com','Avdhut','Sangale','sangle.manisha.shriram@gmail.com','d981fddec78a4c49cb4fe467d983e67e','1','','1071'),(746,'chinmay.wavhal@kgs.com','Chinmay','Wavhal','chinmay.wavhal@kgs.com','d981fddec78a4c49cb4fe467d983e67e','0','','1072'),(747,'pshimpi1969@gmail.com','Varad','Shimpi','pshimpi1969@gmail.com','d981fddec78a4c49cb4fe467d983e67e','0','','1073'),(748,'rakshit.thakur@kgs.com','Rakshit','Thakur','rakshit.thakur@kgs.com','d981fddec78a4c49cb4fe467d983e67e','0','','1074'),(749,'wawoovijay@gmail.com','Vijay','Wavu','wawoovijay@gmail.com','d981fddec78a4c49cb4fe467d983e67e','0','','1075'),(750,'sushil.shankpal@kgs.com','Sushil','Shankpal','sushil.shankpal@kgs.com','d981fddec78a4c49cb4fe467d983e67e','1','','1076'),(751,'hetavi.bhoir@kgs.com','Hetavi','Bhoir','hetavi.bhoir@kgs.com','62007cb59db875e0267bcf7e22ff79d0','1','','1077'),(752,'pra2877@gmail.com','Yashita','Aatalkar','pra2877@gmail.com','62007cb59db875e0267bcf7e22ff79d0','1','','1078'),(753,'ashokchawhan98@gmail.com','Trisha','Chawhan','ashokchawhan98@gmail.com','62007cb59db875e0267bcf7e22ff79d0','0','','1079'),(754,'prajkta.dhawale@kgs.com','Prajkta','Dhawale','prajkta.dhawale@kgs.com','62007cb59db875e0267bcf7e22ff79d0','0','','1080'),(755,'damini.more@kgs.com','Damini','More','damini.more@kgs.com','62007cb59db875e0267bcf7e22ff79d0','1','','1081'),(756,'trupti0408@gmail.com','Sarvadnya','Sawant','trupti0408@gmail.com','62007cb59db875e0267bcf7e22ff79d0','1','','1082'),(757,'ruchiinamdar@gmail.com','Ruchi','Inamdar','ruchiinamdar@gmail.com','e94550709ed1835397d2244b979dbc43','1','','1083'),(758,'devyani.gaikwad0111@gmail.com','Devyani','Gaikwad','devyani.gaikwad0111@gmail.com','e94550709ed1835397d2244b979dbc43','1','','1084'),(759,'pitalemonika@gmail.com','Shriya','Pitale','pitalemonika@gmail.com','e94550709ed1835397d2244b979dbc43','0','','1085'),(760,'thakkargayatri1603@gmail.com','Risha','Thakkar','thakkargayatri1603@gmail.com','e94550709ed1835397d2244b979dbc43','0','','1086'),(761,'bhagyashree.sarage@kgs.com','Bhagyashree','Sarage','bhagyashree.sarage@kgs.com','e94550709ed1835397d2244b979dbc43','0','','1087'),(762,'pranjali.hankare@kgs.com','Pranjali','Hankare','pranjali.hankare@kgs.com','e94550709ed1835397d2244b979dbc43','0','','1088'),(763,'deepali.nikumbh77@gmail.com','Vidhi','Nikumbh','deepali.nikumbh77@gmail.com','e94550709ed1835397d2244b979dbc43','1','','1089'),(764,'surekha.9867915060@gmail.com','Girija','Ladava','surekha.9867915060@gmail.com','757e090ccf04b8de280e0716d01699f4','1','','1090'),(765,'mani80.2010@gmail.com','Harshvi','Jain','mani80.2010@gmail.com','757e090ccf04b8de280e0716d01699f4','0','','1091'),(766,'vaishalig.vg@gmail.com','Vaidehi','Ghorpade','vaishalig.vg@gmail.com','757e090ccf04b8de280e0716d01699f4','1','','1092'),(767,'prajakta80@gmail.com','Shravani','Kulkarni','prajakta80@gmail.com','757e090ccf04b8de280e0716d01699f4','0','','1093'),(768,'sukhada.vedpathak@kgs.com','Sukhada','Vedpathak','sukhada.vedpathak@kgs.com','757e090ccf04b8de280e0716d01699f4','1','','1094'),(769,'sameekshawagle@gmail.com','Sameeksha','Wagle','sameekshawagle@gmail.com','757e090ccf04b8de280e0716d01699f4','1','','1095'),(770,'janhvi.satose@gmail.com','Tanvi','Satose','janhvi.satose@gmail.com','63a58d194c012760787604b9db041512','0','','1096'),(771,'aarya.phadnis@kgs.com','Aarya','Phadnis','aarya.phadnis@kgs.com','63a58d194c012760787604b9db041512','0','','1097'),(772,'patil.aarti555@gmail.com','Aachal','Patil','patil.aarti555@gmail.com','63a58d194c012760787604b9db041512','0','','1098'),(773,'pshraddha25@gmail.com','Shreya','Patil','pshraddha25@gmail.com','63a58d194c012760787604b9db041512','0','','1099'),(774,'sunilspatil34@gmail.com','Swara','Patil','sunilspatil34@gmail.com','63a58d194c012760787604b9db041512','0','','1100'),(775,'rupalihpatilrr@gmail.com','Prachiti','Patil','rupalihpatilrr@gmail.com','63a58d194c012760787604b9db041512','0','','1101'),(776,'vinodsarage1978@gmail.com','Janhavi','Sarage','vinodsarage1978@gmail.com','63a58d194c012760787604b9db041512','1','','1102'),(777,'aayushikarnik05@gmail.com','Aayushi','Karnik','aayushikarnik05@gmail.com','61d0378ff9c199c6911fc92d722f2a26','0','','1103'),(778,'sunildgedam@gmail.com','Aarava','Gedam','sunildgedam@gmail.com','61d0378ff9c199c6911fc92d722f2a26','1','','1104'),(779,'sonaligokhale79@gmail.com','Sonali','Gokhale','sonaligokhale79@gmail.com','61d0378ff9c199c6911fc92d722f2a26','1','','1105'),(780,'sarage.prashant@gmail.com','Purvashri','Sarage','sarage.prashant@gmail.com','61d0378ff9c199c6911fc92d722f2a26','0','','1106'),(781,'laxmi.shetty.7194@gmail.com','Anushka','Pille','laxmi.shetty.7194@gmail.com','61d0378ff9c199c6911fc92d722f2a26','1','','1107'),(782,'sharayu296@gmail.com','Sharayu','Vyavhare','sharayu296@gmail.com','61d0378ff9c199c6911fc92d722f2a26','0','','1108'),(783,'supriya.palave@kgs.com','Supriya','Palave','supriya.palave@kgs.com','dd5f9c16cb1d07b7b6a257cd385d789a','0','','1109'),(784,'mrunal.joshi@kgs.com','Mrunal','Joshi','mrunal.joshi@kgs.com','dd5f9c16cb1d07b7b6a257cd385d789a','0','','1110'),(785,'achalashenoy8@gmail.com','Achala','Shenoy','achalashenoy8@gmail.com','dd5f9c16cb1d07b7b6a257cd385d789a','0','','1111'),(786,'bhaktidevkare@gmail.com','Ruchi','Devkare','bhaktidevkare@gmail.com','dd5f9c16cb1d07b7b6a257cd385d789a','1','','1112'),(787,'thakkarlaher33@gmail.com','Leher','Thakkar','thakkarlaher33@gmail.com','dd5f9c16cb1d07b7b6a257cd385d789a','1','','1113'),(788,'sayali.aavhad@kgs.com','Sayali','Aavhad','sayali.aavhad@kgs.com','dd5f9c16cb1d07b7b6a257cd385d789a','0','','1114'),(789,'choudharisanchita@gmail.com','Sanchita','Chaudhari','choudharisanchita@gmail.com','dd5f9c16cb1d07b7b6a257cd385d789a','1','','1115'),(790,'apravesha27612@gmail.com','Pravesha','Acharekar','apravesha27612@gmail.com','dd5f9c16cb1d07b7b6a257cd385d789a','1','','1116'),(791,'digishp@gmail.com','Jhanvi','Patel','digishp@gmail.com','dd5f9c16cb1d07b7b6a257cd385d789a','1','','1117'),(792,'sanglemanishashriram@gmail.com','Manisha','Sangale','sanglemanishashriram@gmail.com','d240a8d4d2efd4b6069163dd0f402cb6','1','','1118'),(793,'mangesh_30@yahoo.com','Meghana','Shinde','mangesh_30@yahoo.com','d240a8d4d2efd4b6069163dd0f402cb6','1','','1119'),(794,'ashwinbagade28@gmail.com','Ananya','Bagade','ashwinbagade28@gmail.com','d240a8d4d2efd4b6069163dd0f402cb6','1','','1120'),(795,'shalmalimpatil2000@gmail.com','Shalmali','Patil','shalmalimpatil2000@gmail.com','d240a8d4d2efd4b6069163dd0f402cb6','1','','1121'),(796,'hdarekar7@gmail.com','Saee','Darekar','hdarekar7@gmail.com','d240a8d4d2efd4b6069163dd0f402cb6','1','','1122'),(797,'compuworld96@gmail.com','Samruddhi','Bhise','compuworld96@gmail.com','d240a8d4d2efd4b6069163dd0f402cb6','1','','1123'),(798,'komal.divekar@kgs.com','Komal','Divekar','komal.divekar@kgs.com','d240a8d4d2efd4b6069163dd0f402cb6','0','','1124'),(799,'renuka.ghaisas@kgs.com','Renuka','Ghaisas','renuka.ghaisas@kgs.com','d240a8d4d2efd4b6069163dd0f402cb6','0','','1125'),(800,'dswaraliss@gmail.com','Swarali','Deshpande','dswaraliss@gmail.com','d240a8d4d2efd4b6069163dd0f402cb6','1','','1126'),(801,'mokshada.bhingarde@kgs.com','Mokshada','Bhingarde','mokshada.bhingarde@kgs.com','6ebba85536514114f8fb6225b74e202e','1','','1127'),(802,'garvi.chauhan@kgs.com','Garvi','Chauhan','garvi.chauhan@kgs.com','6ebba85536514114f8fb6225b74e202e','0','','1128'),(803,'dipti.patre@kgs.com','Dipti','Patre','dipti.patre@kgs.com','6ebba85536514114f8fb6225b74e202e','0','','1129'),(804,'aditijahagirdar@yahoo.in','Aditi','Jahagirdar','aditijahagirdar@yahoo.in','6ebba85536514114f8fb6225b74e202e','0','','1130'),(805,'nehawagh0089@gmail.com','Neha','Wagh','nehawagh0089@gmail.com','6ebba85536514114f8fb6225b74e202e','1','','1131'),(806,'aishwarya.jogalekar@gmail.com','Aishwarya','Jogalekar','aishwarya.jogalekar@gmail.com','6ebba85536514114f8fb6225b74e202e','0','','1132'),(807,'pravina.r88@gmail.com','Praveena','Gaikwad','pravina.r88@gmail.com','6ebba85536514114f8fb6225b74e202e','0','','1133'),(808,'a.v.sinnarkar@gmail.com','Shubhangi','Sinnarkar','a.v.sinnarkar@gmail.com','6ebba85536514114f8fb6225b74e202e','0','','1134'),(809,'asmita.lad@kgs.com','Asmita','Lad','asmita.lad@kgs.com','292ec5833bb0692829a5fed8d5c9d791','0','','1135'),(810,'pallavi.ovi789@gmail.com','Pallavi','Ovalekar/Joshi','pallavi.ovi789@gmail.com','292ec5833bb0692829a5fed8d5c9d791','0','','1136'),(811,'shailesh20dhamapurkar@gmail.com','Sai','Dhamapurkar','shailesh20dhamapurkar@gmail.com','292ec5833bb0692829a5fed8d5c9d791','1','','1137'),(812,'pathakmansi48@gmail.com','Ishita','Pathak','pathakmansi48@gmail.com','292ec5833bb0692829a5fed8d5c9d791','0','','1138'),(813,'papeya22@gmail.com','Rudra','Sardar','papeya22@gmail.com','1893b51753e8771baa1e7a166a1ff585','0','','1139'),(814,'priyanka.patil@kgs.com','Priyanka','Patil','priyanka.patil@kgs.com','1893b51753e8771baa1e7a166a1ff585','0','','1140'),(815,'chaitrali.ganorkar@kgs.com','Chaitrali','Ganorkar','chaitrali.ganorkar@kgs.com','1893b51753e8771baa1e7a166a1ff585','1','','1141'),(816,'datar.rakhi@gmail.com','Rakhi','Datar','datar.rakhi@gmail.com','1893b51753e8771baa1e7a166a1ff585','0','','1142'),(817,'datarrakhi@gmail.com','Rakhi','Datar','datarrakhi@gmail.com','1893b51753e8771baa1e7a166a1ff585','1','','1143'),(818,'jadhavteju403@gmail.com','Tejaswini','Jadhav','jadhavteju403@gmail.com','1893b51753e8771baa1e7a166a1ff585','1','','1144'),(819,'roshani.patra@kgs.com','Roshani','Patra','roshani.patra@kgs.com','381b7dec9d926a9d946da17b4d1efa22','0','','1145'),(820,'yashashreemkarandikar@gmail.com','Yashashree','Karandikar','yashashreemkarandikar@gmail.com','381b7dec9d926a9d946da17b4d1efa22','0','','1146'),(821,'padma.gedam75@gmail.com','Padma','Gedam','padma.gedam75@gmail.com','381b7dec9d926a9d946da17b4d1efa22','0','','1147'),(822,'padmagedam75@gmail.com','Padma','Gedam','padmagedam75@gmail.com','381b7dec9d926a9d946da17b4d1efa22','1','','1148'),(823,'sarikaclassical@gmail.com','Sarika','Sonavale','sarikaclassical@gmail.com','381b7dec9d926a9d946da17b4d1efa22','1','','1149'),(824,'deshmukhshreya946@gmail.com','Shreya','Deshmukh','deshmukhshreya946@gmail.com','381b7dec9d926a9d946da17b4d1efa22','1','','1150'),(825,'aratiphad8@gmail.com','Aarati','Phad','aratiphad8@gmail.com','381b7dec9d926a9d946da17b4d1efa22','0','','1151'),(826,'sahup5988@gmail.com','Prabhat','Sahu','sahup5988@gmail.com','c488075da87e3393563fbe74bf19e58b','0','','1152'),(827,'sampadapalnitkar1975@gmail.com','Samruddhi','Palnitkar','sampadapalnitkar1975@gmail.com','c488075da87e3393563fbe74bf19e58b','0','','1153'),(828,'rekhapahadi804@gmail.com','Rekha','Pahadi','rekhapahadi804@gmail.com','c488075da87e3393563fbe74bf19e58b','1','','1154'),(829,'kinikarvaidehi@gmail.com','Vasushree','Kinikar','kinikarvaidehi@gmail.com','c488075da87e3393563fbe74bf19e58b','1','','1155'),(830,'ppmar04@gmail.com','Diksha','Marathe','ppmar04@gmail.com','c488075da87e3393563fbe74bf19e58b','1','','1156'),(831,'sanika.joshi@kgs.com','Sanika','Joshi','sanika.joshi@kgs.com','c488075da87e3393563fbe74bf19e58b','0','','1157'),(832,'apoorva.chitale@yahoo.in','Apurva','Chitale','apoorva.chitale@yahoo.in','c488075da87e3393563fbe74bf19e58b','1','','1158'),(833,'sonar.chetana@gmail.com','Chetana','Sonar','sonar.chetana@gmail.com','470cf546e094a8b07ea9e01e8732de61','1','','1159'),(834,'waghjaymala20@gmail.com','Jaymala','Wagh','waghjaymala20@gmail.com','470cf546e094a8b07ea9e01e8732de61','1','','1160'),(835,'diptibhide08@gmail.com','Dipti','Bhide','diptibhide08@gmail.com','470cf546e094a8b07ea9e01e8732de61','0','','1161'),(836,'swapnali.sukhatme@kgs.com','Swapnali','Sukhatme','swapnali.sukhatme@kgs.com','470cf546e094a8b07ea9e01e8732de61','0','','1162'),(837,'hiteshi.jain@kgs.com','Hiteshi','Jain','hiteshi.jain@kgs.com','470cf546e094a8b07ea9e01e8732de61','0','','1163'),(838,'hardika.jain@kgs.com','Hardika','Jain','hardika.jain@kgs.com','470cf546e094a8b07ea9e01e8732de61','0','','1164'),(839,'lokhandesonali90@gmail.com','Sonali','Lokhande','lokhandesonali90@gmail.com','53fb5761cd769b2367eec6453b49f54b','0','','1165'),(840,'tejashri.tokikar@kgs.com','Tejashri','Tokikar','tejashri.tokikar@kgs.com','53fb5761cd769b2367eec6453b49f54b','1','','1166'),(841,'sjmmore209@gmail.com','Shreya','More','sjmmore209@gmail.com','53fb5761cd769b2367eec6453b49f54b','1','','1167'),(842,'sarikashah7254@gmail.com','Nayonika','Shah','sarikashah7254@gmail.com','53fb5761cd769b2367eec6453b49f54b','1','','1168'),(843,'anagha.rajhans@kgs.com','Anagha','Rajhans','anagha.rajhans@kgs.com','53fb5761cd769b2367eec6453b49f54b','1','','1169'),(844,'priyamohane@gmail.com','Devashri','Tofkhane','priyamohane@gmail.com','53fb5761cd769b2367eec6453b49f54b','1','','1170'),(845,'aditibhalekar5@gmail.com','Aditi','Bhalekar','aditibhalekar5@gmail.com','520e9b63d9b8025d30c29554590182f7','0','','1171'),(846,'sneha.sonawane@kgs.com','Sneha','Sonawane','sneha.sonawane@kgs.com','520e9b63d9b8025d30c29554590182f7','1','','1172'),(847,'anaghaavasarmal042000@gmail.com','Anagha','Avasarmal','anaghaavasarmal042000@gmail.com','520e9b63d9b8025d30c29554590182f7','1','','1173'),(848,'shravanivaishnav@gmail.com','Shrinidhi','Vaishnav','shravanivaishnav@gmail.com','520e9b63d9b8025d30c29554590182f7','1','','1174'),(849,'desaikamlesh7@gmail.com','Kasturi','Desai','desaikamlesh7@gmail.com','520e9b63d9b8025d30c29554590182f7','1','','1175'),(850,'manasi.mukadam@kgs.com','Manasi','Mukadam','manasi.mukadam@kgs.com','12c6865277cd3b72ea1360fcc774eea3','0','','1176'),(851,'dineshmukadam@7gmail.com','Manasi','Mukadam','dineshmukadam@7gmail.com','12c6865277cd3b72ea1360fcc774eea3','1','','1177'),(852,'namita.bhave@kgs.com','Namita','Bhave','namita.bhave@kgs.com','12c6865277cd3b72ea1360fcc774eea3','1','','1178'),(853,'kastureekulkarni@gmail.com','Kasturi','Kulkarni','kastureekulkarni@gmail.com','12c6865277cd3b72ea1360fcc774eea3','0','','1179'),(854,'prajakta280682@gmail.com','Riddhi','Lohar','prajakta280682@gmail.com','12c6865277cd3b72ea1360fcc774eea3','0','','1180'),(855,'pratikshagavande1699@gmail.com','Pratiksha','Gavande','pratikshagavande1699@gmail.com','12c6865277cd3b72ea1360fcc774eea3','0','','1181'),(856,'nene.kasturi7012@gmail.com','Kasturi','Nene','nene.kasturi7012@gmail.com','12c6865277cd3b72ea1360fcc774eea3','1','','1182'),(857,'harshapn06@gmail.com','Srushti','Nandurkar','harshapn06@gmail.com','22a6412e33f05133520972fb2b24b260','1','','1183'),(858,'pratiksha.gaikwad@kgs.com','Pratiksha','Gaikwad','pratiksha.gaikwad@kgs.com','22a6412e33f05133520972fb2b24b260','0','','1184'),(859,'gauri.deo197@gmail.com','Gauri','Dev','gauri.deo197@gmail.com','22a6412e33f05133520972fb2b24b260','0','','1185'),(860,'gauri.deo1971@gmail.com','Gayatri','Dev','gauri.deo1971@gmail.com','22a6412e33f05133520972fb2b24b260','0','','1186'),(861,'bhairavi.bhise22@gmail.com','Bhairavi','Bhise','bhairavi.bhise22@gmail.com','22a6412e33f05133520972fb2b24b260','1','','1187'),(862,'shrad2803@gmail.com','Shraddha','Gawade','shrad2803@gmail.com','22a6412e33f05133520972fb2b24b260','1','','1188'),(863,'shravanivaishnav@kgs.com','Shravani','Vaishnav','shravanivaishnav@kgs.com','22a6412e33f05133520972fb2b24b260','1','','1189'),(864,'rashmik1980@gmail.com','Shravani','Kulkarni','rashmik1980@gmail.com','22a6412e33f05133520972fb2b24b260','0','','1190'),(865,'dalalshivani197@gmail.com','Siya','Dalal','dalalshivani197@gmail.com','22a6412e33f05133520972fb2b24b260','1','','1191'),(866,'nupur.bhide@kgs.com','Nupur','Bhide','nupur.bhide@kgs.com','e46f2d5c9f7dd11fb9c3e6c6a2928d71','1','','1192'),(867,'hetalzalar1106@gmail.com','Hetal','Zalar','hetalzalar1106@gmail.com','e46f2d5c9f7dd11fb9c3e6c6a2928d71','1','','1193'),(868,'pritiyashwante1606@gmail.com','Priti','Yashwante','pritiyashwante1606@gmail.com','e46f2d5c9f7dd11fb9c3e6c6a2928d71','1','','1194'),(869,'tanudeshpande@gmail.com','Tanvi','Deshpande','tanudeshpande@gmail.com','e46f2d5c9f7dd11fb9c3e6c6a2928d71','0','','1195'),(870,'milind_bachhav@rediffmail.com','Mrudula','Bachchhav','milind_bachhav@rediffmail.com','e46f2d5c9f7dd11fb9c3e6c6a2928d71','1','','1196'),(871,'uv_ishkolhe@gmail.com','Vishram','Kolhe','uv_ishkolhe@gmail.com','e46f2d5c9f7dd11fb9c3e6c6a2928d71','1','','1197'),(872,'riti.zalar@gmail.com','Riti','Zalar','riti.zalar@gmail.com','e46f2d5c9f7dd11fb9c3e6c6a2928d71','1','','1198'),(873,'charulsomansh@gmail.com','Charul','Dafade','charulsomansh@gmail.com','e46f2d5c9f7dd11fb9c3e6c6a2928d71','1','','1199'),(874,'rakeshchaudhari82@gmail.com','Pratha','Chaudhari','rakeshchaudhari82@gmail.com','702f00e99b1ca61344ca73921a2a8a90','1','','1200'),(875,'meghdandekar25@gmail.com','Megh','Dandekar','meghdandekar25@gmail.com','702f00e99b1ca61344ca73921a2a8a90','0','','1201'),(876,'anshanbhat@gmail.com','Ishan','Bhat','anshanbhat@gmail.com','702f00e99b1ca61344ca73921a2a8a90','0','','1202'),(877,'meghnad7891@gmail.com','Meghnad','Kambale','meghnad7891@gmail.com','702f00e99b1ca61344ca73921a2a8a90','0','','1203'),(878,'vaze.atul@gmail.com','Chaitanya','Vaze','vaze.atul@gmail.com','702f00e99b1ca61344ca73921a2a8a90','1','','1204'),(879,'malharkulkarni2806@gmail.com','Malhar','Kulkarni','malharkulkarni2806@gmail.com','702f00e99b1ca61344ca73921a2a8a90','1','','1205'),(880,'rode_rahul@rediffmail.com','Rugved','Rode','rode_rahul@rediffmail.com','702f00e99b1ca61344ca73921a2a8a90','1','','1206'),(881,'chumblegandharva@gmail.com','Gandharv','Chumbale','chumblegandharva@gmail.com','702f00e99b1ca61344ca73921a2a8a90','0','','1207'),(882,'aaditrisalgaonkar@gmail.com','Aryveer','Salgaonkar','aaditrisalgaonkar@gmail.com','62569217f3c0c3a7eb353b34f3bfd889','1','','1208'),(883,'nikhil.budhkar@gmail.com','Atharv','Budhkar','nikhil.budhkar@gmail.com','62569217f3c0c3a7eb353b34f3bfd889','1','','1209'),(884,'hansin.sakalye@kgs.com','Hansin','Sakalye','hansin.sakalye@kgs.com','62569217f3c0c3a7eb353b34f3bfd889','0','','1210'),(885,'dshyam109@gmail.com','Shyam','Deshmukh','dshyam109@gmail.com','62569217f3c0c3a7eb353b34f3bfd889','1','','1211'),(886,'athang.phanse@gmail.com','Athang','Phanase','athang.phanse@gmail.com','62569217f3c0c3a7eb353b34f3bfd889','1','','1212'),(887,'chaitanya.joshi@kgs.com','Chaitanya','Joshi','chaitanya.joshi@kgs.com','62569217f3c0c3a7eb353b34f3bfd889','0','','1213'),(888,'umesh.nimbhorkar@kgs.com','Umesh','Nimbhorkar','umesh.nimbhorkar@kgs.com','62569217f3c0c3a7eb353b34f3bfd889','0','','1214'),(889,'krishna.karada@kgs.com','Krishna','Karada','krishna.karada@kgs.com','62569217f3c0c3a7eb353b34f3bfd889','0','','1215'),(890,'priyanka.nisha11@gmail.com','Bhargav','Ghodake','priyanka.nisha11@gmail.com','4486877394b7684a4d06099cf85aef3a','0','','1216'),(891,'srushtipawar658@gmail.com','Prasad','Pawar','srushtipawar658@gmail.com','4486877394b7684a4d06099cf85aef3a','1','','1217'),(892,'umashetty80@gmail.com','Aaryan','Shetti','umashetty80@gmail.com','4486877394b7684a4d06099cf85aef3a','1','','1218'),(893,'satish.bhave@kgs.com','Satish','Bhave','satish.bhave@kgs.com','4486877394b7684a4d06099cf85aef3a','0','','1219'),(894,'gujrathisrushti@gmail.com','Srushti','Gujrathi','gujrathisrushti@gmail.com','4486877394b7684a4d06099cf85aef3a','1','','1220'),(895,'wasudeo.kolte@gmail.com','Bhakti','Kolte','wasudeo.kolte@gmail.com','4486877394b7684a4d06099cf85aef3a','1','','1221'),(896,'sachin.khangaokar@kgs.com','Shilpa','Khangaokar','sachin.khangaokar@kgs.com','4486877394b7684a4d06099cf85aef3a','1','','1222'),(897,'apurva.vaze@kgs.com','Apurva','Vaze','apurva.vaze@kgs.com','7ec04ea51fcd4de455f27e1fa8410e44','0','','1223'),(898,'madhu999ath@gmail.com','Madhuri','Aathavale','madhu999ath@gmail.com','7ec04ea51fcd4de455f27e1fa8410e44','1','','1224'),(899,'pratap.r.more45@gmail.com','Pratap','More','pratap.r.more45@gmail.com','7ec04ea51fcd4de455f27e1fa8410e44','1','','1225'),(900,'arun.karve@kgs.com','Arun','Karve','arun.karve@kgs.com','7ec04ea51fcd4de455f27e1fa8410e44','0','','1226'),(901,'anuja301293@gmail.com','Anuja','Pethe','anuja301293@gmail.com','7ec04ea51fcd4de455f27e1fa8410e44','1','','1227'),(902,'yashashree.karandikar@kgs.com','Yashashree','Karandikar','yashashree.karandikar@kgs.com','7ec04ea51fcd4de455f27e1fa8410e44','1','','1228'),(903,'milind.bachchav@kgs.com','Milind','Bachchav','milind.bachchav@kgs.com','7ec04ea51fcd4de455f27e1fa8410e44','0','','1229'),(904,'rishi.jadhav1306@gmail.com','Hrushikesh','Jadhav','rishi.jadhav1306@gmail.com','7ec04ea51fcd4de455f27e1fa8410e44','0','','1230'),(905,'shiv.mandlik@kgs.com','Shiv','Mandlik','shiv.mandlik@kgs.com','c89270ac231a3c23f17444589b1311cd','0','','1231'),(906,'amrishpanchal25@gmail.com','Ovi','Panchal','amrishpanchal25@gmail.com','c89270ac231a3c23f17444589b1311cd','1','','1232'),(907,'yashashreemkarandikar@kgs.com','Yashashree','Karandikar','yashashreemkarandikar@kgs.com','c89270ac231a3c23f17444589b1311cd','0','','1233'),(908,'raghukor1970@gmail.com','Raghunath','Kor','raghukor1970@gmail.com','c89270ac231a3c23f17444589b1311cd','1','','1234'),(909,'pranita.bhave2912@gmail.com','Vihang','Bhave','pranita.bhave2912@gmail.com','c89270ac231a3c23f17444589b1311cd','1','','1235'),(910,'aarav.barhate@kgs.com','Aarav','Barhate','aarav.barhate@kgs.com','c89270ac231a3c23f17444589b1311cd','0','','1236'),(911,'namitadarekar0@gmail.com','Tanmay','Darekar','namitadarekar0@gmail.com','c89270ac231a3c23f17444589b1311cd','1','','1237'),(912,'vkvictoryvk@gmail.com','Vijay','Kolhe','vkvictoryvk@gmail.com','eda392cc6e368da3a20ec3265c9968a8','0','','1238'),(913,'hrishikeshthakare0809@gmail.com','Hrushikesh','Thakare','hrishikeshthakare0809@gmail.com','eda392cc6e368da3a20ec3265c9968a8','0','','1239'),(914,'hiren.gode@kgs.com','Hiren','Gode','hiren.gode@kgs.com','eda392cc6e368da3a20ec3265c9968a8','1','','1240'),(915,'anujabrahma@gmail.com','Varad','Brahma','anujabrahma@gmail.com','eda392cc6e368da3a20ec3265c9968a8','1','','1241'),(916,'atharva.nikumbh04@gmail.com','Atharv','Nikumbh','atharva.nikumbh04@gmail.com','eda392cc6e368da3a20ec3265c9968a8','1','','1242'),(917,'saurabhwalanj17203@gmail.com','Saurabh','Walanj','saurabhwalanj17203@gmail.com','eda392cc6e368da3a20ec3265c9968a8','1','','1243'),(918,'ushacbadve@gmail.com','Rudra','Badave','ushacbadve@gmail.com','eda392cc6e368da3a20ec3265c9968a8','1','','1244'),(919,'nplavae@gmail.com','Shaunak','Lavate','nplavae@gmail.com','eda392cc6e368da3a20ec3265c9968a8','1','','1245'),(920,'shrikulkarni2@gmail.com','Malhar','Kulkarni','shrikulkarni2@gmail.com','9e3838e8621a3970614d8161ff3a06f3','0','','1246'),(921,'ruchasatwik@gmail.com','Rutvi','Satvik','ruchasatwik@gmail.com','9e3838e8621a3970614d8161ff3a06f3','1','','1247'),(922,'lalit.bharambe@gmail.com','Sarvambh','Bharambe','lalit.bharambe@gmail.com','9e3838e8621a3970614d8161ff3a06f3','1','','1248'),(923,'barveaditee@gmail.com','Aditee','Barve','barveaditee@gmail.com','9e3838e8621a3970614d8161ff3a06f3','0','','1249'),(924,'purumhatre@yahoo.co.in','Kasturi','Mhatre','purumhatre@yahoo.co.in','9e3838e8621a3970614d8161ff3a06f3','1','','1250'),(925,'sakshiwalimbe23386@gmail.com','Sakshi','Walimbe','sakshiwalimbe23386@gmail.com','9e3838e8621a3970614d8161ff3a06f3','0','','1251'),(926,'aarya.deshpande@kgs.com','Aarya','Deshpande','aarya.deshpande@kgs.com','9e3838e8621a3970614d8161ff3a06f3','0','','1252'),(927,'parinita.pawar@kgs.com','Parinita','Pawar','parinita.pawar@kgs.com','9e3838e8621a3970614d8161ff3a06f3','1','','1253'),(928,'juisane04@gmail.com','Jui','Sane','juisane04@gmail.com','9e3838e8621a3970614d8161ff3a06f3','1','','1254'),(929,'netrasathe501@gmail.com','Netra','Sathe','netrasathe501@gmail.com','0dc0ae36acbcabb21563347f32d60574','1','','1255'),(930,'priyanka.chikshetti@kgs.com','Priyanka','Chikshetti','priyanka.chikshetti@kgs.com','0dc0ae36acbcabb21563347f32d60574','0','','1256'),(931,'harshita.aambekar@kgs.com','Harshita','Aambekar','harshita.aambekar@kgs.com','0dc0ae36acbcabb21563347f32d60574','1','','1257'),(932,'vidindc@gmail.com','Vidisha','Chaudhari','vidindc@gmail.com','0dc0ae36acbcabb21563347f32d60574','1','','1258'),(933,'kalyangayansamaj@gmail.com','aryan','Sandeep','kalyangayansamaj@gmail.com','25f9e794323b453885f5181f1b624d0b','0','','1259'),(934,'tejaswinidhole@gmail.com','tanush','NEVE','tejaswinidhole@gmail.com','00366ebba2b70f1a2f89fbe107f232f1','1','','1260'),(935,'herambraje810@gmail.com','heramb','BHAVE','herambraje810@gmail.com','fe0e60e3c2fc2830673867c5029b4ae4','0','','1261'),(936,'rohini@kgs.com','rohini','BIDWAI','rohini@kgs.com','0e1d7d7ff3ed2ab0c40ca61896aa77ad','0','','1262'),(937,'deepalikhandait05@gmail.com','siddhant','Khandait','deepalikhandait05@gmail.com','87d383fea5ffcccd52802ee375423228','1','','1263'),(938,'Mayur Pawar','Mayur','Pawar','mayur.pawar@xyz.com','778ecb2ff7cc024078b3a09be1ac8684','1','',NULL),(939,'Dipali Gadre','Dipali','Gadre','dipali.gadre@xyz.com','f87cf715a78e6794f2b45448ca7257c9','1','',NULL),(941,'akshatakale61@gmail.com','akshata','KALE','akshatakale61@gmail.com','c6897da0c04aefbb1ca37f3782d57c7c','0','','1265'),(942,'mahajansmitesh96@gmail.com','smitesh','MAHAJAN','mahajansmitesh96@gmail.com','09d51e75d2cd1f0fdaf3da1e731d7bac','0','','1266'),(943,'maitru1501@gmail.com','maitrey','BHARAMBE','maitru1501@gmail.com','49c80639f79a1ea9509926b46b9ff114','1','','1267'),(944,'gaurishvaze@gmail.com','gaurish','VAZE','gaurishvaze@gmail.com','80c9b65a488fc9bcc0a99df5f4783391','1','','1268'),(945,'swatibhadke.16@gmail.com','arnavi','BHADKE','swatibhadke.16@gmail.com','f41eb5bda26f5ce4ceadf6df26dee595','0','','1269'),(946,'apurva@kgs.com','apurva','PATHAK','apurva@kgs.com','5e9386e22bf00e43d75bd1dd906129d8','1','','1270'),(947,'saeejo1354@gmail.com','sai','JOSHI','saeejo1354@gmail.com','b5723d54dc2466d09d7964ee192ad6d7','0','','1271'),(948,'yashkgupta18@gmail.com','yashkumar','GUPTA','yashkgupta18@gmail.com','a09be5f2999f47b41aa8d937a96da2f4','0','','1272'),(949,'damble.atharva2005@gmail.com','atharva','Damale','damble.atharva2005@gmail.com','4e5dc1a4dda834db9dd6cecb853b0e7a','1','','1273'),(950,'amesh.kadam@rediffmail.com','amesh','Kadam','amesh.kadam@rediffmail.com','290917d0f3db0807bea07ab14df28cf5','1','','1274'),(951,'shamshad@yatharthriti.com','samshad','fg','shamshad@yatharthriti.com','0e7517141fb53f21ee439b355b5a1d0a','0','','1275'),(952,'principal','principal','ss','shivani@gmail.com','0e7517141fb53f21ee439b355b5a1d0a','1','',NULL),(953,'jadhavteju4031@gmail.com','tejaswini','Jadhav','jadhavteju4031@gmail.com','9dcec9a68109034aa62ee88d9ddfa617','1','','1276'),(954,'sapalemrunal1999@gmail.com','mrunal','Sapale','sapalemrunal1999@gmail.com','d06e0dc7e177500cf73524c6ab21be40','1','','1277'),(955,'samraj241101@gmail.com','samiksha','Rajput','samraj241101@gmail.com','ccb60a8ee57a9afa5792bf78cf57460d','1','','1278'),(956,'harshadmantri111@gmail.com','harshad','Mantri','harshadmantri111@gmail.com','dc2ebc4776fec37b673d596e92296910','1','','1279'),(957,'dushyantpandit28@gmail.com','dushyant','Pandit','dushyantpandit28@gmail.com','820f48cd666907f25233ed7d14d28dc2','1','','1280'),(958,'disha@kgs.com','disha','Khare','disha@kgs.com','53b43847429b2860cb700e695b8e4eaa','0','','1281'),(959,'bhaveshpatil242005@gmail.com','bhavesh','Patil','bhaveshpatil242005@gmail.com','2bac4dd860c5d3b7580a27c2e043e31e','0','','1282'),(960,'haresh.mantri@gmail.com','jivika','Mantri','haresh.mantri@gmail.com','bb2799405951d8a1eed4a2c20a77466d','1','','1283'),(961,'mhamunkar35@gmail.com','madhura','Mhamunkar','mhamunkar35@gmail.com','d9c2babb4458637c10745e5ee16f325a','0','','1284'),(962,'mitalipremnathdivekar@gmail.com','mitali','Divekar','mitalipremnathdivekar@gmail.com','b2c594361c9e5c97f5f2e5c9053cf87c','0','','1285'),(963,'reshmat1216@gmail.com','arnav','Manvi','reshmat1216@gmail.com','00c6be5e6a1aa153fc6c5ffd88411b52','1','','1286'),(964,'bharti@kgs.com','bharti','Parmar','bharti@kgs.com','c30dd8a682cdbf5a5e1d5613e24642ae','1','','1287'),(965,'haradsoham04@gmail.com','soham','Harad','haradsoham04@gmail.com','5bc3e681279364138347c74f581bd2d6','0','','1288'),(966,'aswinishirsat@gmail.com','ashwini','Shirsat','aswinishirsat@gmail.com','42b1df485acff0b57239daf1f0fd034c','1','','1289'),(967,'mudliyarasin@gmail.com','asin','Mudliyar','mudliyarasin@gmail.com','e1fce57b324cd38a4f7fa2c3e69c8251','0','','1290'),(968,'pranjalphanse@gmail.com','pranjal','Phanse','pranjalphanse@gmail.com','743ad830a686bd2613ce103e6f86e78b','0','','1291'),(969,'chinmay.bhise26@gmail.com','chinmay','Bhise','chinmay.bhise26@gmail.com','66dbe8110161ee54d61bfe5c9ffd23b6','1','','1292'),(970,'radhikajoshi@gmail.com','radhika','Joshi','radhikajoshi@gmail.com','ea38ae08507c76e46fb7927e74bc95dc','0','','1293'),(971,'Renuka Gosavi','Renuka','Gosavi','gosavirenuka2323@gmail.com','61a90d8a079cdd56011687b8f3b6aeee','1','',NULL),(972,'kuldeepbanga@gmail.com','test','test','kuldeepbanga@gmail.com','6b63d9e8bfe124642569081c5c93d6dd','1','','1294'),(973,'pranavvijaysarode@gmail.com','pranav','Sarode','pranavvijaysarode@gmail.com','431f16f3cfa081779e1f7f499cd8d579','1','','1295'),(974,'srinidhisenthilnathan@gmail.com','srinidhi','.','srinidhisenthilnathan@gmail.com','a59977ce524e2caaa7208e953b5ad69b','0','','1296'),(975,'chintamanlokhande@gmail.com','dhruvi','Lokhande','chintamanlokhande@gmail.com','fe79630c39844ee71e4b19206f519cd4','1','','1297'),(976,'aayushkulkarni5000@gmail.com','aayush','Kulkarni','aayushkulkarni5000@gmail.com','714713841c9cbcf40996d8a25d9746c8','1','','1298'),(977,'ksathe892@gmail.com','krishna','Sathe','ksathe892@gmail.com','ac3488e213b1bd5832d79d05f89069f2','0','','1299'),(978,'sunilpankar@gmail.com','sunil','Pankar','sunilpankar@gmail.com','f432b72f16fff46d32dbc008d5c033f3','0','','1300'),(979,'Kaustubh','Kaustubh','Apte','kaustubhdapte@gmail.com','cf9ff02e5a49fbe33aa8576d2d3b5527','1','',NULL),(980,'surajshelar987@gmail.com','suraj','Shelar','surajshelar987@gmail.com','194112a26413f15cdd3c7040a129c721','1','','1301'),(981,'prasadp500@gmail.com','rugved','Patil','prasadp500@gmail.com','90e9470c15e3b09e99e95f33f6175422','1','','1302'),(982,'sarika_kukiyan@yahoo.com','sia','Kukiyan','sarika_kukiyan@yahoo.com','c71230fa7cf12a63bcb562ecbdc66baf','1','','1303'),(983,'ameypuranik@gmail.com','amey','Puranik','ameypuranik@gmail.com','ef06bb5df01cc52e741efe976a8e3126','0','','1304'),(984,'mahmohdarekar@gmail.com','devshri','Khairnar','mahmohdarekar@gmail.com','a430b3048517ba55b78576b810819906','1','','1305'),(985,'jagiasinikhil09@gmail.com','nikhil','Jagiasi','jagiasinikhil09@gmail.com','a11d4724ab03bd92355e8647660fc565','0','','1306'),(986,'shloklrac@gmail.com','shlok','Chavhan','shloklrac@gmail.com','832ac5fdfa3793d7c9b8188a718b6a79','1','','1307'),(987,'upadhyevarsha3@gmail.com','ajinkya','Bam','upadhyevarsha3@gmail.com','981a2074194ff4b4bbfd49726b8cb13e','1','','1308'),(988,'kb@kgs.com','kaustubh','Bharude','kb@kgs.com','674f3c95b20c0041ec18a29123dc290d','0','','1309'),(989,'db@gmail.com','durvesh','Bharude','db@gmail.com','b3f081863bb9562c1c31a9135ad1fe79','0','','1310'),(990,'sonar.abhishek92@gmail.com','abhishek','Sonar','sonar.abhishek92@gmail.com','15e5b8b2b0b79e93a7c9ae3730423196','0','','1311'),(991,'maheshkabadi88@gmail.com','atharva','Kabadi','maheshkabadi88@gmail.com','a11beebd88f2d1590b63f977a39481ad','0','','1312'),(992,'vinod.virkar@yahoo.co.in','vidhi','Virkar','vinod.virkar@yahoo.co.in','ade7f157c379ac371e9d89c8dcb6bca7','1','','1313'),(993,'joshi.dhanu@gmail.com','arya','Rode','joshi.dhanu@gmail.com','220f2d346b440d9d1bf0ab3ad43f170f','1','','1314'),(994,'ruksana@kgs.com','ruksana','Nagarwala','ruksana@kgs.com','70ee0b8984aab0c24401a146f46b3c66','1','','1315'),(995,'kanchankhare10@gmail.com','kanchan','Khare','kanchankhare10@gmail.com','9d276b088a6edbb978c2f63ecd348b09','1','','1316'),(996,'manasi.gosavi.21@yahoo.com','manasi','Gosavi','manasi.gosavi.21@yahoo.com','2bfa2b89c381ed8950a591456be60a76','1','','1317'),(997,'manikvshinde@gmail.com','avdhoot','Shinde','manikvshinde@gmail.com','db82fa37090f0fe519dfd3c08352c24b','1','','1318'),(998,'aswinikhare100@gmail.com','aradhya','Satkar','aswinikhare100@gmail.com','738a7911920182ff5a9fe4fb19ddb8d4','1','','1319'),(999,'devenshreesal@gmail.com','shrirang','Salunkhe','devenshreesal@gmail.com','ef39728ff3b3df642166db3c6173488b','1','','1320'),(1000,'avm@kgs.com','samruddhi','Mokashi','avm@kgs.com','21d98a7b3086daeb6a4ec5c54cbd05e4','1','','1321'),(1001,'dinesh.bhundere@gmail.com','shirin','Bhundere','dinesh.bhundere@gmail.com','59c77201326e2f08431a4dc0a4e643f7','1','','1322'),(1002,'rushikesh.khare23@gmail.com','rushikesh','Khare','rushikesh.khare23@gmail.com','36d8a6f42d923ff7943307d4119d5108','0','','1323'),(1003,'msgaik@gmail.com','mahesh','Gaikwad','msgaik@gmail.com','5b4d7ac0b6a7fa3b1391f70e6476088f','1','','1324'),(1004,'amruta1gaik@gmail.com','amruta','Gaikwad','amruta1gaik@gmail.com','86b23410df4f149abb9df11984f768f3','1','','1325'),(1005,'madhuragaik@gmail.com','madhura','Gaikwad','madhuragaik@gmail.com','4eaed90a43a6315e7242be2498705b45','1','','1326'),(1006,'mohanmhatre5000@gmail.com','smarnika','Mhatre','mohanmhatre5000@gmail.com','141af11d7b6c797c237e3a27e8ec3631','1','','1327'),(1007,'mohanmhatre500@gmail.com','rudraksh','Mhatre','mohanmhatre500@gmail.com','df3c62991ce81ec2bda20583ba691195','1','','1328'),(1008,'vaishalisonawane328@gmail.com','mansvi','Garud','vaishalisonawane328@gmail.com','2d56314e3cf833638ea0cc1c7b5948fa','0','','1329'),(1009,'prasadkelkar26.pk@gmail.com','bhoomi','Kelkar','prasadkelkar26.pk@gmail.com','376405799cb28064f096c0b93f04fa74','1','','1330'),(1010,'prasad.kelkar26.pk@gmail.com','bhoomi','Kelkar','prasad.kelkar26.pk@gmail.com','e60a270b2b5f3db05b34f1d6d3ffb87c','1','','1331'),(1011,'shubhavi123@kgs.com','shubhavi','Jadhav','shubhavi123@kgs.com','c4a2dab08dbab274ba2076fdaa08ca78','0','','1332'),(1012,'adityaadak9000@gmail.com','aditya','Adak','adityaadak9000@gmail.com','32b17cb763acc6ed7939105621909f81','1','','1333'),(1013,'amolvibhute2@gmail.com','kshitij','Vibhute','amolvibhute2@gmail.com','ed1a90a6a3f2c23f322809df397b54bd','0','','1334'),(1014,'sharvibidaye@gmail.com','siddhesh','Bidaye','sharvibidaye@gmail.com','0c5e5505242cf312b7731185174c184f','1','','1335'),(1015,'sharvibidaye1@gmail.com','siddhesh','Bidaye','sharvibidaye1@gmail.com','84d2ad167250952d034b066cc37043c7','0','','1336'),(1016,'amit.pradnya@gmail.com','rudra','Joshi','amit.pradnya@gmail.com','6e29b665a841af1b2e955f7d9689582b','1','','1337'),(1017,'amit.pradnya1@gmail.com','rudra','Joshi','amit.pradnya1@gmail.com','76a8b64f87d758d1aabdf6f8e7afc37a','0','','1338'),(1018,'shalakavatare1@gmail.com','chinmay','Vatare','shalakavatare1@gmail.com','972f2f5989623613c4360ff6423f2870','1','','1339'),(1019,'mrruninar391@gmail.com','mrunmayi','Narkhede','mrruninar391@gmail.com','ce32ccf0bde03a96c60d30fa432468c9','1','','1340'),(1020,'abhi.nikam9181@gmail.com','areen','Nikam','abhi.nikam9181@gmail.com','08448a88d2119f34457216a2aea66ab1','1','','1341'),(1021,'agvarathe56@gmail.com','arnav','Varthe','agvarathe56@gmail.com','0174a9fef3de3edc88488bf1f866c105','1','','1342'),(1022,'ritusawant602@gmail.com','rita','Sawant','ritusawant602@gmail.com','cd7db9aca5a7aab6414fcd9b58488d5b','1','','1343'),(1023,'dsharmishtha2017@gmail.com','siddhant','Deshpande','dsharmishtha2017@gmail.com','3b7ba3444d1451334dbffa113a5a8327','1','','1344'),(1024,'bhisepreeti@gmail.com','aditya','Bhise','bhisepreeti@gmail.com','e6d65a4edeeff7671518a9c04d7f877b','1','','1345'),(1025,'rajendra.nagren@gmail.com','muktai','Nage','rajendra.nagren@gmail.com','e4ed4bc00fba19a7864347995849ee5e','1','','1346'),(1026,'bhavnadeshmukh29@gmail.com','rakshan','Deshmukh','bhavnadeshmukh29@gmail.com','5d626ac8bacd3139f188efc80b25ea23','1','','1347'),(1027,'ojas.kothe12@gmail.com1','ojas','a','ojas.kothe12@gmail.com1','be441b307259015f3b2654bc9d4f70ae','0','','1348'),(1028,'jalgaonkarjanhavi@gmail.com','ishwari','JALGAONKAR','jalgaonkarjanhavi@gmail.com','83a9d80b60099b5c80f0d7125781634c','1','','1349'),(1029,'raghavisawant123@gmail.com','raghavi','Sawant','raghavisawant123@gmail.com','eeda380012fe9ed855c97cf764ccf833','0','','1350'),(1030,'skumard231@gmail.com','parnashree','Dhamapurkar','skumard231@gmail.com','5223dee222209400c298f77406ca84fa','0','','1351'),(1031,'aaradhya@kgs.com','aradhya','Gawade','aaradhya@kgs.com','3de3ab3cf2a78e0054ada12621840f45','1','','1352'),(1032,'kamaleshwaribhat09@gmail.com','siddharth','Bhat','kamaleshwaribhat09@gmail.com','3930d8b375d1c19117ae9e580a69e176','1','','1353'),(1033,'adv.rujutajoshi@gmail.com','sanvi','Joshi','adv.rujutajoshi@gmail.com','d177d6b37f052346082e8f0d72e13dc2','1','','1354'),(1034,'ashwinipagare213@gmail.com','ashwini','Pagare','ashwinipagare213@gmail.com','b6b7e2203036465e59c9fd54ae3bd85c','1','','1355'),(1035,'prasadkelkar26.pk@gmail.com1','harsh','Kelkar','prasadkelkar26.pk@gmail.com1','8a21cf5809a576dadfb5f403cd833c2f','1','','1356'),(1036,'prasadkelkar261.pk@gmail.com','vaishali','Kelkar','prasadkelkar261.pk@gmail.com','08411a31f222a872cb807eb26332d61e','1','','1357'),(1037,'ujcreations99@gmail.com','utsav','Jain','ujcreations99@gmail.com','340264c463192ad8a9cb3e21278f6192','0','','1358'),(1038,'kirtirohane0@gmail.com','kirti','Rohae','kirtirohane0@gmail.com','53867a1b6f380b957e7ba684c5960772','0','','1359'),(1039,'ojas.kothe12@gmail.com','ojas','Kothe','ojas.kothe12@gmail.com','c34449a57fefffb4e9f261f0472ca560','1','','1360'),(1040,'gargi@kgs.com','gargi','Rajguru','gargi@kgs.com','8e82a08ff08cdc69f2da9c83ad027a59','1','','1361'),(1041,'katkesujata90@gmail.com','anvi','Katke','katkesujata90@gmail.com','992a10962955fd3fc16270a19ee59a49','1','','1362'),(1042,'deepaknadgauda30@gmail.com','anvee','Nadgauda','deepaknadgauda30@gmail.com','fb0c234cadb568a25e3421a0363321a7','1','','1363'),(1043,'jalgaonkarpankaj75@gmail.com','aarya','Jalgaonkar','jalgaonkarpankaj75@gmail.com','3f0d8460e0888a72905a7fb30ae6a8a0','1','','1364'),(1044,'anilkashelkar87@gmail.com','anil','Kashelkar','anilkashelkar87@gmail.com','fc66e567d1ddaa7b6c55688a584a6b3d','1','','1365'),(1045,'surekha.9867915060@gmail.com1','girija','Ladva','surekha.9867915060@gmail.com1','d22fba5f3ca710743dc56b9ad0ee5ec2','1','','1366'),(1046,'vedikak53@gmail.com','vedika','Kadam','vedikak53@gmail.com','b6c88c470db0bd331c6a0137dc6cebcc','1','','1367'),(1047,'jadhavsangita501@gmail.com','soham','Jadhav','jadhavsangita501@gmail.com','375d8ffcc69241da118bb0c6de428c9a','1','','1368'),(1048,'jadhavsangita501@gmail.com1','soham','Jadhav','jadhavsangita501@gmail.com1','b97722fa272b387f8b3b7ce612634949','1','','1369'),(1049,'samsalve321@gmail.com','samrat','Salve','samsalve321@gmail.com','66b947e061353e2646885d295e2ea140','1','','1370'),(1050,'swapnallokhande2008@gmail.com','saish','Lokhande','swapnallokhande2008@gmail.com','a36c5417127a989e178886bf13671a35','0','','1371'),(1051,'skpatil010170@gmail.com','shruti','Patil','skpatil010170@gmail.com','c1ca74d36e922a6b5a78978e72b2139c','1','','1372'),(1052,'vidyanandbhaskar@gmail.com','anvi','Bhaskar','vidyanandbhaskar@gmail.com','de5d9fa3a54180411e5b0a69399f14a0','1','','1373'),(1053,'p.agivale88@gmail.com','shweta','Gharat','p.agivale88@gmail.com','59c13a907ac1c74a113f31617434db70','1','','1374'),(1054,'samruddhipatil8285@gmail.com','samruddhi','Patil','samruddhipatil8285@gmail.com','67a06312b0f71fea6c594e7854debafa','1','','1375'),(1055,'sakshibodke19@gmail.com','sakshi','Bodke','sakshibodke19@gmail.com','aea19cfd6a46e4dc38c1634a49ce4399','1','','1376'),(1056,'kundan7219564051@gmail.com','akshara','Bhoir','kundan7219564051@gmail.com','618c3f2c3321b82e34a17268dd1cfe73','1','','1377'),(1057,'muskanpahuja@kgs.com','muskan','Pahuja','muskanpahuja@kgs.com','7445fbbcb4859de3b610af86614488af','0','','1378'),(1058,'pradeepghugare56@gmail.com','shruti','Ghugare','pradeepghugare56@gmail.com','56e2a63bead944333f61ac6036b353a5','1','','1379'),(1059,'ghugarekalpana268@gmail.com','shubhangi','Gharpure','ghugarekalpana268@gmail.com','bda402bf08cbb9bf31134c37aefc759d','1','','1380'),(1060,'parshuram78.com@gmail.com','sanvid','Gudalwar','parshuram78.com@gmail.com','53e01283c4732fbd6ae7f107cb141173','1','','1381'),(1061,'damodardhorde@gmail.com','vedika','Dhorde','damodardhorde@gmail.com','f2336f99a4933ee422312900933bb621','1','','1382'),(1062,'bknatani6573@gmail.com','kavita','Khandelwal','bknatani6573@gmail.com','8043245e2c79b911baf6b71e29a797df','1','','1383'),(1063,'lalitnatani78@gmail.com','durva','Khandelwal','lalitnatani78@gmail.com','21b1bff8fc056e3f0338bb94cc470781','1','','1384'),(1064,'khorjuvekarb@gmail.com','asya','Khorjuvekar','khorjuvekarb@gmail.com','2d6d28f55fab4dfa568b0a7311ba0a0b','1','','1385'),(1065,'ysuryawa@gmail.com','yogesh','Suryawanshi','ysuryawa@gmail.com','79c13c5765d8a16d7515899b262fb964','1','','1386'),(1066,'pallavimadan1980@gmail.com','rutuja','Madan','pallavimadan1980@gmail.com','e3edc740a6a5bba8c04e14aa50dcea75','1','','1387'),(1067,'sacmadan15@gmail.com','sanika','Madan','sacmadan15@gmail.com','dc47bff7baa005a91e83055616dd753c','1','','1388'),(1068,'bhagyashreebhanose715@gmail.com','bhagyashree','Bhanose','bhagyashreebhanose715@gmail.com','c3e3b5d20ea0ee430ecefaa01163de79','1','','1389'),(1069,'aparnamagade@gmail.com','aparna','Magade','aparnamagade@gmail.com','a1510f6a57e2db701eaf3354367f96c9','0','','1390'),(1070,'pawar3.211@gmail.com','omkar','Pawar','pawar3.211@gmail.com','1fbeaaba0702ad08bb0b2f4a546122b4','1','','1391'),(1071,'pawarp600@gmail.com','pooja','Pawar','pawarp600@gmail.com','adeb1b0aa91902e77ed82eeadeb13386','1','','1392'),(1072,'gargiudmale@gmail.com','gargi','Udmale','gargiudmale@gmail.com','5829b6d602fe9a4fc44e130a18472c09','1','','1393'),(1073,'khurchane.pooja1111@gmail.com','pooja','Khurchane','khurchane.pooja1111@gmail.com','8fcc8e8848b42a5bb1154bc4b4e53cbd','1','','1394'),(1074,'11january1966@gmail.com','madhura','Agnihotri','11january1966@gmail.com','95b892d45709c99962d0fa522d9e5001','1','','1395'),(1075,'manishasable68@gmail.com','manisha','Sable','manishasable68@gmail.com','a8e48ad6c5b3f77f655e743bb448ead9','1','','1396'),(1076,'manisha@kgs.com','manisha','Pimple','manisha@kgs.com','68b3067375535d81685d931ee853bac7','1','','1397'),(1077,'sukhada.puranik@gmail.com','sukhada','Deshpande','sukhada.puranik@gmail.com','b1f58cfb6ccb6f49ed106b880c2661dd','1','','1398'),(1078,'ravindra.bhande1992@gmail.com','ravindra','Bhande','ravindra.bhande1992@gmail.com','ba3400e2df19bcbe7d9215f76d55c961','0','','1399'),(1079,'nishabeauty.aish@gmail.com','aishwarya','Dharankar','nishabeauty.aish@gmail.com','49252cb26bd8b709df741c3467a2baf3','1','','1400'),(1080,'shardul.rawool@gmail.com','shardul','Rawool','shardul.rawool@gmail.com','5effd70f25366b4c678bbf8c5485cb15','1','','1401'),(1081,'sushantikadhangar135@gmail.com','sushantika','Dhangar','sushantikadhangar135@gmail.com','7d02d6b7617f90999c0c0eba7cc1bbfa','1','','1402'),(1082,'jawalelaxmikant@gmail.com','kashvi','Jawale','jawalelaxmikant@gmail.com','12fefe8d0517532313728eb86ddc662c','1','','1403'),(1083,'onlinepraju@gmail.com','nihira','Joshi','onlinepraju@gmail.com','8775e946a39608c078ce3170b9c86d4c','0','','1404'),(1084,'vaishnavshripad@gmail.com','shrinidhi','Vaishnav','vaishnavshripad@gmail.com','4e7df7e9df29548b3b7ec6741ccaa956','1','','1405'),(1085,'rachanasoak@gmail.com','parnashree','Dhamapurkar','rachanasoak@gmail.com','1ae609d1414531bf96a9e7f6c9396668','1','','1406'),(1086,'skumard123@gmail.com','snehalkumar','Dhamapurkar','skumard123@gmail.com','ec6da25419068202472cb9577a658670','0','','1407'),(1087,'mahadevghule120@gmail.com','priti','Ghule','mahadevghule120@gmail.com','5e75a43f1fb2c349aaef4dcb31aaf342','1','','1408'),(1088,'manishasonavale20@gmail.com','sayesha','Sonavale','manishasonavale20@gmail.com','4b627a656f435ff7677e5a6662ae8b3a','1','','1409'),(1089,'ratnapavandhivare@gmail.com','pravina','Divare','ratnapavandhivare@gmail.com','db2439b3b640a6718a6163741f1a06b6','1','','1410'),(1090,'purva@kgs.com','purva','Ghodke','purva@kgs.com','86def1e19b756c042a418af13b5f6520','1','','1411'),(1091,'smitahatpale@gmail.com','smita','Hatpale','smitahatpale@gmail.com','5ab75b9a845f2d5c645390594fb8b919','1','','1412'),(1092,'ratnapavandhivare1@gmail.com','pravatna','Dhivare','ratnapavandhivare1@gmail.com','98d9112efa4ca1ba2f1034cdc14fceaf','1','','1413'),(1093,'rbelhekar@gmail.com','utkarsh','Belhekar','rbelhekar@gmail.com','e588573c2178e64e9a5f2ae00a831bc1','1','','1414'),(1094,'pavan9569@gmail.com','ratna','Dhivare','pavan9569@gmail.com','f046ca0bd523c016630efee975f346ef','1','','1415'),(1095,'pratikshadeolalkar@gmail.com','shashwat','Deolakar','pratikshadeolalkar@gmail.com','7ea18adaf7cb71304aeb24301d2c306b','0','','1416'),(1096,'manuraj1972@gmail.com','manisha','Sonavale','manuraj1972@gmail.com','235e96ac7d4fe525fdc60e3e961efbbe','1','','1417'),(1097,'priti.uchgaonkar@gmail.com','madhura','Uchgaonkar','priti.uchgaonkar@gmail.com','cfcf776a2df5a8c88130069675f95a8e','1','','1418'),(1098,'suyog.chakot@gmail.com','ovi','Chakot','suyog.chakot@gmail.com','ef2bd4591ccda29e7b11cf4d1adcd609','1','','1419'),(1099,'harshals14061983@gmail.com','pranjal','Phadnis','harshals14061983@gmail.com','fcf68e8fc7a40d04105716879a20c07f','1','','1420'),(1100,'chaitanyajavadekar2000@gmail.com','chaitanya','Javadekar','chaitanyajavadekar2000@gmail.com','a8e8df7972f2227970a75f2df93bbcaf','1','','1421'),(1101,'pds@kgs.com','prabhakar','Sakalkale','pds@kgs.com','a2431af9b394ba75a9cc381e838eada0','0','','1422'),(1102,'anilchaudhari2207@gmail.com','aniket','Chaudhari','anilchaudhari2207@gmail.com','1dea3524a3e383ad92db7e13b9344ea3','1','','1423'),(1103,'itkeep781@gmail.com','atharv','Jagtap','itkeep781@gmail.com','983a622e84bc3115cd6c6016fdb4429e','0','','1424'),(1104,'sgaikwad4747@gmail.com','tanushree','Gaikwad','sgaikwad4747@gmail.com','b6de0cfd2feddfe8a2456df97f5e07f6','1','','1425'),(1105,'dsiddhi96@gmail.com','siddhi','Raje','dsiddhi96@gmail.com','f26bc08ba1762bdfe36325022a0ea08d','1','','1426'),(1106,'geedhprasad@gmail.com','bhagyesh','Geedh','geedhprasad@gmail.com','da2dd2230d3e4655d60fe57df46386bf','1','','1427'),(1107,'Sandeeptest@gmail.com','sandeeptest','Sandeeptest','Sandeeptest@gmail.com','ac80dac436958e41cb8bdb597c071259','1','','1428'),(1108,'sheetalpillai25@gmail.com','rudra','Pawar','sheetalpillai25@gmail.com','c8fdf95528525e12b429a4a3a44006a7','1','','1429'),(1109,'sacmadan@rediffmail.com','rutuja','Madan','sacmadan@rediffmail.com','197de74bd396992ec079fb68742a7064','1','','1430'),(1110,'sacmadan1@rediffmail.com','sanika','Madan','sacmadan1@rediffmail.com','6d5476b390e1d99a0e192583cdb4e9eb','1','','1431'),(1111,'harshit-dhande-2008@gmail.com','harshit','Dhande','harshit-dhande-2008@gmail.com','c4e95cfd8464ed3fe1436ee62503c9cc','1','','1432'),(1112,'geetabasaiye20@gmail.com','aarya','Pardeshi','geetabasaiye20@gmail.com','dc2b4109b503bc3567b855b8df5366ac','1','','1433'),(1113,'vijaybarkale618@gmail.com','vijay','Barkale','vijaybarkale618@gmail.com','0be5415f7bb78fd5ada713d06aaff611','0','','1434'),(1114,'prajakta270189@gmail.com','prajakta','Kotwaliwale','prajakta270189@gmail.com','5ff3244f24396a917371d4a0f111a33f','1','','1435'),(1115,'sandeshkene01@gmail.com','santosh','Kene','sandeshkene01@gmail.com','6f7a7506d3bdccf632cafb37a535a6af','1','','1436'),(1116,'patilkiran7825@gmail.com','kiran','Patil','patilkiran7825@gmail.com','5a39c9dc246f658a2525f2d76bce1bb7','1','','1437'),(1117,'khushi2002.ds@gmail.com','akanksha','Singh','khushi2002.ds@gmail.com','43499213a106905ea3e220c593bf8f10','1','','1438'),(1118,'garudvidyadhar@gmail.com','renuka','Garud','garudvidyadhar@gmail.com','b626a35d5bf89f2508ca422390985eca','1','','1439'),(1119,'aditi.joshi0905@gmail.com','aditi','Joshi','aditi.joshi0905@gmail.com','a88d68c904f84d6ef50df7cc99eb4190','0','','1440'),(1120,'swaptat@gmail.com','swaptat','swaptat','swaptat@gmail.com','5c1789e96f899a76a3bb77edd7e342f5','1','','1441'),(1121,'darshana.wws@gmail.com','rajvi','Desai','darshana.wws@gmail.com','e28e3af1d29edfeee0a78ab473736e38','1','','1442'),(1122,'tesjasdeshpande326@gmail.com','tejas','Deshpande','tesjasdeshpande326@gmail.com','043a803cb747b5677bc5f4f8196d573c','0','','1443'),(1123,'kasturipendse123@gmail.com','yukta','Khirwadkar','kasturipendse123@gmail.com','66204108e69ae51eb93d7193eb1157c9','1','','1444'),(1124,'mahek1303@gmail.com','mahek','Vejhurani','mahek1303@gmail.com','b41867f5e9239babda46b82af282f542','0','','1445'),(1125,'spatwardhan.g@gmail.com','aditya','Date','spatwardhan.g@gmail.com','a97a9a0e4d76b74dfb3e31761a0cb620','1','','1446'),(1126,'dhanuatkharad@gmail.com','dhanashree','Patil','dhanuatkharad@gmail.com','85c84797d12c7f222eb71529a115e49a','0','','1447'),(1127,'ana','ana','luice','sadhna@gmail.com','0e7517141fb53f21ee439b355b5a1d0a','1','',NULL),(1128,'sakshi1966@gmail.com','demo1','test','sakshi1966@gmail.com','e0d3147a878c48135722b13caa9ab074','1','','1448'),(1129,'vidyadharpatil3737@gmail.com','pranjal','Patil','vidyadharpatil3737@gmail.com','97ecc1dbe8b0d2a900cb639d08d0d7c3','1','','1449'),(1130,'sanketkadam975733@gmail.com','sanket','Kadam','sanketkadam975733@gmail.com','54755e9c8546495133f1638921c32624','1','','1450'),(1131,'maria@gmail.com','maria','has','maria@gmail.com','c2f29e6b08c8d7ace8409faee54d1590','1','','1451'),(1132,'sakshi.yatharthriti@gmail.com','avaya','sharma','sakshi.yatharthriti@gmail.com','9c1b9bdeb9fd799249bdeb0e5045578d','0','','1452'),(1133,'jawalekranti123@gmail.com','kranti','Jawale','jawalekranti123@gmail.com','957324b3f622b642291b00e090f5f47a','1','','1453'),(1134,'sakshigupta2293@gmail.com','test.demo','xyz','sakshigupta2293@gmail.com','de0e7de1bbab388d8f6b92d1f2cd2e9b','1','','1454'),(1135,'bidgar.jay@gmail.com','soham','Bidgar','bidgar.jay@gmail.com','52e17ad7889842564e5ce15b0d4de51c','1','','1455'),(1136,'jaiadindia@gmail.com','manisha','Shinde','jaiadindia@gmail.com','4251fe197fb2536f1d55dbc16c5b5701','1','','1456'),(1137,'pranitakhollam0@gmail.com','pranita','Khollam','pranitakhollam0@gmail.com','e2cec0b319640ea2b8f6bc3bcf407b1e','0','','1457'),(1138,'nikitadiwane9967951047@gmail.com','sankalp','Diwane','nikitadiwane9967951047@gmail.com','8ede36bc1ec94049856286b5a68d20dd','1','','1458'),(1139,'anitalokhande08@gmail.com','anita','Lokhande','anitalokhande08@gmail.com','0ea15395f2715322a0b4be116e8e1b4f','0','','1459'),(1140,'saylidhuri21@gmail.com','sayli','Dhuri','saylidhuri21@gmail.com','b44851fcc81c7329971c4ce7d325b36c','0','','1460'),(1141,'pallavighoge257@gmail.com','mrinmayee','Zunjarrao','pallavighoge257@gmail.com','9e97fb66f21d402eeeab0ed5ee359bab','1','','1461'),(1142,'deepakvisavadiya76@gmail.com','kaavya','Visavadiya','deepakvisavadiya76@gmail.com','fed131c023c91bf87c69c58139484fc8','1','','1462'),(1143,'vivekkgranade@gmail.com','aniket','Ranade','vivekkgranade@gmail.com','54955a5cf65d268327ef0e55ddafa57a','1','','1463'),(1144,'mukeshchidhruvi@gmail.com','dhruvika','Tirmare','mukeshchidhruvi@gmail.com','214a8b7fb25e14aa6e5ec7723f410843','1','','1464'),(1145,'sameekshawagle1@gmail.com','sameeksha','Wagle','sameekshawagle1@gmail.com','16458a72c9132b90c72c3ee1c9dc2c71','1','','1465'),(1146,'dswaraliss1@gmail.com','swarali','Deshpande','dswaraliss1@gmail.com','9d8d5b2cd89cfeb196b2d16b64d1d71b','1','','1466'),(1147,'maduthavenu@gmail.com','dheyanshi','Madutha','maduthavenu@gmail.com','321f0b90c6e447feecd63cb139025a40','1','','1467'),(1148,'gayatrikaldante@gmail.com','saanvi','Kaldante','gayatrikaldante@gmail.com','466f69ebe176e5d9b9718557074ace6e','1','','1468'),(1149,'sjain19852@gmail.com','twisha','Jain','sjain19852@gmail.com','de4800788adbcee25946722ce974f536','1','','1469'),(1150,'anilchaudhari22071@gmail.com','aniket','Chaudhari','anilchaudhari22071@gmail.com','277a62323a03df71b4aef7d73ebb79bc','1','','1470'),(1151,'snehadhatrak23@gmail.com','sneha','Dhatrak','snehadhatrak23@gmail.com','3dca2bebac130216b76aa3e5d70bb7cd','1','','1471'),(1152,'bhanepranav@gmail.com','pranav','Bhane','bhanepranav@gmail.com','e67326ae67406d45a70b1d175d4ee718','1','','1472'),(1153,'Keketanchananshive@gmail.com','ketan','Chandanshive','Keketanchananshive@gmail.com','7dce3feb7b5de1aa99ab3824099fd33b','1','','1473'),(1154,'shirkesuresh74@gmail.com','gauri','Shirke','shirkesuresh74@gmail.com','37aef9dda87f237d81bd79d673c3983f','1','','1474'),(1155,'thakore_meenal@yahoo.co.in','meenal','Thakore','thakore_meenal@yahoo.co.in','9d8eb8ea3d25c7528119fb9c4d066044','1','','1475'),(1156,'sunitasatpute8@gmail.com','sunita','Satpute','sunitasatpute8@gmail.com','aacfcfb2b82f39b8d4f04cd4ec44ef57','0','','1476'),(1157,'priyankabera26@gmail.com','aaditya','Bera','priyankabera26@gmail.com','ee27b3c19c617aac37778e29b30c093b','1','','1477'),(1158,'yogitaghadge01@gmail.com','mimitakshi','Ghadge','yogitaghadge01@gmail.com','66ad218959a3449b7ff9901cbff81450','1','','1478'),(1159,'113nishasharma@gmail.com','nisha','Sharma','113nishasharma@gmail.com','475153347f91c295a63164d95eddb669','1','','1479'),(1160,'daveprakash1976@gmail.com','akshaya','Dave','daveprakash1976@gmail.com','caa2d2e68f43b562b85b36fc52f91a00','1','','1480'),(1161,'mrruninar3911@gmail.com','mrunmayi','Narkhede','mrruninar3911@gmail.com','f9f6fb01064d23f37829ae99ccddd399','1','','1481'),(1162,'dnyanada43@gmail.com','dnyanada','Lomate','dnyanada43@gmail.com','8eacc675828f09d2a8dbf32f3ca2beb3','1','','1482'),(1163,'sukhada@kgs.com','sukhada','Vedpathak','sukhada@kgs.com','dd0f613743d017c9b96e7880d794216c','1','','1483'),(1164,'harshit-dhande-20081@gmail.com','harshit','Dhande','harshit-dhande-20081@gmail.com','586f66735a7af62e068f34954fa729ad','0','','1484'),(1165,'bhaktidevkare1@gmail.com','ruchi','Devkare','bhaktidevkare1@gmail.com','1d62900b6c7c2aa2c2779762f1a0a1c2','1','','1485'),(1166,'deepali.nikumbh771@gmail.com','vidhi','Nikumbh','deepali.nikumbh771@gmail.com','ab110a5a0ab48b5059f25bcc3221fa2c','1','','1486'),(1167,'test@gmail.com','chaitrali','GANORKAR','test@gmail.com','3c9df483c4938f3ec035b7484556694a','0','','1487'),(1168,'test1@gmail.com','atharv','NIKUMBH','test1@gmail.com','0333f3fdc029c1fdb1e0fcbb3df44dd6','1','','1488'),(1169,'saurabhwalanj172031@gmail.com','saurabh','WALANJ','saurabhwalanj172031@gmail.com','54c98398336ec1f1c2cf13c41a939382','1','','1489'),(1170,'test3@gmail.com','harshit','DHANDE','test3@gmail.com','328997e33074b9339f2ff80b09bf5a1b','1','','1490'),(1171,'test4@gmail.com','anuja','PETHE','test4@gmail.com','16bd6bfdfb5dca75abed0856aaca7d27','1','','1491'),(1172,'shloklrac1@gmail.com','shlok','CHAVHAN','shloklrac1@gmail.com','7c580db3c0b4453194b64a7b5a5017a6','1','','1492'),(1173,'test6@gmail.com','ruchi','DEVKARE','test6@gmail.com','6495f4d92d99ab4704cf0a259ac9c624','1','','1493'),(1174,'vaishalig.vg1@gmail.com','vaidehi','GHORPADE','vaishalig.vg1@gmail.com','66a9e7c89460946abe7ddb2ced757e94','1','','1494'),(1175,'test8@gmail.com','samiksha','WAGALE','test8@gmail.com','023b75a7cbcc706e9c0315da0824015a','1','','1495'),(1176,'test9@gmail.com','vidhi','NIKUMBH','test9@gmail.com','25013850c4ba62ba0b202a748204df96','1','','1496'),(1177,'test10@gmail.com','sukhada','VEDPATHAK','test10@gmail.com','07d49a6cba24a1ce90d5528d5be0d5ee','1','','1497'),(1178,'test11@gmail.com','harshavi','JAIN','test11@gmail.com','0fb36a815b38767131610d7584437a02','0','','1498'),(1179,'haresh.mantri1@gmail.com','jivika','MANTRI','haresh.mantri1@gmail.com','010d36eb230dfa33219e329db963c6a7','1','','1499'),(1180,'test13@gmail.com','mrunmayee','NARKHEDE','test13@gmail.com','de1d750281d4654a5a7ac5734c72201f','1','','1500'),(1181,'juisane041@gmail.com','jui','SANE','juisane041@gmail.com','ed46771abc957fec2d569a2b9bd156b6','1','','1501'),(1182,'anand.jmd66@gmail.com','ananya','Mishra','anand.jmd66@gmail.com','422d083bd89394602741ebe30cfb0123','1','','1502'),(1183,'vidwans81rahul@gmail.com','mihir','Vidwans','vidwans81rahul@gmail.com','ab528d660f2179419e945cc9b7e0dd6a','1','','1503'),(1184,'d.gaikar999@gmail.com','aarya','Gaikar','d.gaikar999@gmail.com','8f66faa9255bd0993177c27922196f17','1','','1504'),(1185,'panvelkarnaina@gmail.com','aarohi','Panvelkar','panvelkarnaina@gmail.com','000f674365228b62e3ee1b8b5c121d9c','1','','1505'),(1186,'dnyanade43@gmail.com','chhatrapati','Lomate','dnyanade43@gmail.com','55586ec80db91a32321afe45a4dcbdde','1','','1506'),(1187,'shindefoundation@gmail.com','tejas','Shinde','shindefoundation@gmail.com','05a00ba88ee573e3ff5d5dd90d497921','1','','1507'),(1188,'ombabashinde@gmail.com','omkar','Shinde','ombabashinde@gmail.com','facf4320192b4b3afdbbdd99c3e7d2ec','1','','1508'),(1189,'leleshruti26@gmail.com','swara','Kelkar','leleshruti26@gmail.com','f7cc4c23042c6892fe2cf0355067c2f5','1','','1509'),(1190,'savitachandanshive2@gmail.com','prawal','Chandanshive','savitachandanshive2@gmail.com','9ca5d028ddbc56b396bf7e56fb98222a','1','','1510'),(1191,'sonalibivalkar@gmail.com','saumitra','Biwalkar','sonalibivalkar@gmail.com','6e65dbc189ea370050bbd5c2b3e3e3be','1','','1511'),(1192,'sonali1225@gmail.com','sonali','Mane','sonali1225@gmail.com','79e69213eef60adaa9dfdd17f2acdafd','1','','1512'),(1193,'priyashah082@gmail.com','dhruti','Shah','priyashah082@gmail.com','7c56946703fec30ab806d92237d41796','0','','1513'),(1194,'bshah.shah@gmail.com','dhruvi','Shah','bshah.shah@gmail.com','4f8393b01edfe4898561a525782372b3','0','','1514'),(1195,'priyankadesale10454@gmail.com','priyanka','Desale','priyankadesale10454@gmail.com','6926cc6c8d5be9b5583823a078647890','1','','1515'),(1196,'omkarjoshi@rediffmail.com','aaditya','Joshi','omkarjoshi@rediffmail.com','7dc0782f8755992ab4809489a1b848f2','1','','1516'),(1197,'hemlataamrutkar1@gmail.com','aayush','Amrutkar','hemlataamrutkar1@gmail.com','7a9a40443150a31df6cd22f7aad3c4f1','0','','1517'),(1198,'sandhlyaruparelia63@gmail.com','bansri','Ruparelia','sandhlyaruparelia63@gmail.com','36cebcc7799e06f823ba8ef572e35704','1','','1518'),(1199,'meghajkhandepekar12@gmail.com','sejal','Thakore','meghajkhandepekar12@gmail.com','5e2a946186ca66ed492ad8b21760b3c1','1','','1519'),(1200,'gaikwadkappy@gmail.com','kalpesh','Gaikwad','gaikwadkappy@gmail.com','e6abc3315a7ad09e3418c5c876ddaa47','1','','1520'),(1201,'truptibhate2011@gmail.com','hetakshi','Bhate','truptibhate2011@gmail.com','c54290859083ede2ceb834d152ac738e','0','','1521'),(1202,'gau.munje@gmail.com','shreyas','Munje','gau.munje@gmail.com','2eee2c18d49555102647bf76a6a00adc','1','','1522'),(1203,'nileshkulkarni214@yahoo.com','aarav','Kulkarni','nileshkulkarni214@yahoo.com','8ba667695a82e9111b7d103d4e888cf5','1','','1523'),(1204,'omkardalvi2188@gmail.com','omkar','Dalavi','omkardalvi2188@gmail.com','829d8b0b2f40ae66046ee77c43b20c3a','1','','1524'),(1205,'ketanshewale70@gmail.com','ketan','Shevale','ketanshewale70@gmail.com','d21f0132c069c4588eabe7455f43ca83','1','','1525'),(1206,'sangeetabhandare19@gmail.com','sangeeta','Bhandare','sangeetabhandare19@gmail.com','282b7885b032bf257148ec24dd972e02','1','','1526'),(1207,'abhaygogate187@gmail.com','abhay','Gogate','abhaygogate187@gmail.com','13984b23b37508658dec4ba1e0466d34','1','','1527'),(1208,'netrasathe5011@gmail.com','netra','Sathe','netrasathe5011@gmail.com','d4372e8ca716ed75f99c78f5bc67bfb8','0','','1528'),(1209,'jagrutikamble515@gmail.com','jagruti','Kamble','jagrutikamble515@gmail.com','aac1d00cdd6e5c3f28d59038d2b6aaa0','1','','1529'),(1210,'deepaphatak76@gmail.com','hrucha','Phatak','deepaphatak76@gmail.com','7906538d4ce88613c2ad56da8475c8a0','1','','1530'),(1211,'choudharid071@gmail.com','yakshita','Choudhari','choudharid071@gmail.com','f6cf6117074e0303394e622848782868','1','','1531'),(1212,'shraddha9dec@yahoo.co.in','prapti','Pawar','shraddha9dec@yahoo.co.in','e2cda8cbac2b7d61a693ba713b9caab7','1','','1532'),(1213,'sharvilk61@gmail.com','sharvil','Kotwaliwale','sharvilk61@gmail.com','f2f7fc16623b1827f63cf5af01954d52','1','','1533'),(1214,'aniruddhajog26@gmail.com','aditi','Jog','aniruddhajog26@gmail.com','6af5e81a0a8d5afde048378d895ed673','1','','1534'),(1215,'aishwaryacraneservice@gmail.com','tanisha','Deshmukh','aishwaryacraneservice@gmail.com','65e8a158052b6fa7a7a925e7150137b1','0','','1535'),(1216,'manasigangurde57639@gmail.com','manasi','Gangurde','manasigangurde57639@gmail.com','19c48bfe3f37ff03d9245646a9940247','1','','1536'),(1217,'vaibhavic1502@gmail.com','vaibhavi','Chavhan','vaibhavic1502@gmail.com','7a95f45102e25c65064e66ad76a54afb','1','','1537'),(1218,'pimpalkhare.madhurima@gmail.com','sharvaree','Pimpalkhare','pimpalkhare.madhurima@gmail.com','62f7b8fcbc169fa5257333c8df23f1d5','1','','1538'),(1219,'gujarathisrushti@gmail.com','dnyanada','Gujarathi','gujarathisrushti@gmail.com','c0b523013506046f57d1b4ce734f9e9d','1','','1539'),(1220,'kulkarnidipali20@gmail.com','arya','Kulkarni','kulkarnidipali20@gmail.com','2329d50270ae9f55c5e29070eb34d653','1','','1540'),(1221,'milindkulkarni.mk@gmail.com','ovee','Kulkarni','milindkulkarni.mk@gmail.com','ecda7ddd36e2d2abff68a9206ad8eed3','1','','1541'),(1222,'sdharmadhikari0@gmail.com','vibhuti','Joshi','sdharmadhikari0@gmail.com','27d468ec1a5feeba0a4a87e98a35666c','1','','1542'),(1223,'sairohit9@gmail.com','vibhuti','Joshi','sairohit9@gmail.com','c2e96bc2f051f95a0391150660dca06f','1','','1543'),(1224,'mannshri25@gmail.com','vihan','Ram','mannshri25@gmail.com','70e77bde27a5854d1385a165b287383e','1','','1544'),(1225,'ramchandrabhalerao7@gmail.com','ramchandra','Bhalerao','ramchandrabhalerao7@gmail.com','424a2f330900c245900bbddd9d7ca76c','1','','1545'),(1226,'tulsitare@gmail.com','shravani','Dani','tulsitare@gmail.com','cdfcc4dd26e2a55ceaf1fccd64fcfa42','1','','1546'),(1227,'geetha.s.shetty@gmail.com','sinchana','Shetty','geetha.s.shetty@gmail.com','7da90aa4f0784f025eac656cd1d55842','1','','1547'),(1228,'minalgadepalli@gmail.com','minal','Gadepalli','minalgadepalli@gmail.com','a9e1b2ab154cf5613528e2fd7f68ed3c','1','','1548'),(1229,'shitujain56@gmail.com','rishabh','Jain','shitujain56@gmail.com','5889a3b999e43b07831e631509674aac','1','','1549'),(1230,'ranesunil725@gmail.com','charuta','Rane','ranesunil725@gmail.com','76c60bc31df62b475be5983ddc4c0e46','1','','1550'),(1231,'pratikshagangadhare1711@gmail.com','pratiksha','Gangadhare','pratikshagangadhare1711@gmail.com','41d51e4956cd1fd1b31a6dd18e00f7a8','1','','1551'),(1232,'rashwini777@gmail.com','avishka','Wankhede','rashwini777@gmail.com','a7170a39fd8cc332188864da9f89a7cc','1','','1552'),(1233,'srane9902@gmail.com','omkar','Rane','srane9902@gmail.com','c01a35d9c7c5583b50957bcb44c59b1f','1','','1553'),(1234,'shwetaramteke55@gmail.com','shweta','Sinnarkar','shwetaramteke55@gmail.com','c338093cda95852e8ebac06f6ea6afb8','1','','1554'),(1235,'avaneesh@kgs.com','avaneesh','Jagtap','avaneesh@kgs.com','826547ac6619583f74a560b0f5bf86e0','1','','1555'),(1236,'deepvchavhan1972@gmail.com','sarvesh','Tawade','deepvchavhan1972@gmail.com','5ca475ed1c335212071f78b915572505','1','','1556'),(1237,'nimishabhoir57@gmail.com','parinita','Bhoir','nimishabhoir57@gmail.com','98ff823548aceb3e17053cabfbd27d1e','1','','1557'),(1238,'angelvrushali@gmail.com','bhairavi','Joshi','angelvrushali@gmail.com','2bcede5c41c4c05203301157fd716ae4','1','','1558'),(1239,'sakshidpatil.2772@gmail.com','sakshi','Patil','sakshidpatil.2772@gmail.com','bcc5a997b6703640ed779b0430acb7f8','1','','1559'),(1240,'sunitalic923@gmail.com','rudra','Padel','sunitalic923@gmail.com','c7acd75fc240b56ffd8a89f550044762','1','','1560'),(1241,'nitinghagas123@gmail.com','nitin','Ghagas','nitinghagas123@gmail.com','4b7a5336d10e44f02cdc7c2b15c02487','1','','1561'),(1242,'prachijoshi2384@gmail.com','chaitanya','Nanal','prachijoshi2384@gmail.com','6fac8627f1e203a3145de656a65b5298','1','','1562'),(1243,'darpan427@gmail.com','darpan','Kanekar','darpan427@gmail.com','eddc96c246e27c8f0fa67b49d2e3972e','1','','1563'),(1244,'sb.bhalerao85@gmail.com','swara','Bhalerao','sb.bhalerao85@gmail.com','2e3cc48df291c65db75895e94d4f57a6','1','','1564'),(1245,'bhaleraopallavi@gmail.com','pallavi','Parad','bhaleraopallavi@gmail.com','dbd67338e282bdd36d6bdbc1aeff8bbd','1','','1565'),(1246,'dikshayash2221@gmail.com','dikshita','Patil','dikshayash2221@gmail.com','ec7c3f134ccd7247e21f5ea6a342092a','1','','1566'),(1247,'sakshikambli9027@gmail.com','asmit','Kambli','sakshikambli9027@gmail.com','25c3a322c35a1e4e76a2e6886331b44e','1','','1567'),(1248,'sonalikulkarni19@gmail.com','sanvi','Vaidya','sonalikulkarni19@gmail.com','c984de74a840d666cf7cc4153c3cb830','1','','1568'),(1249,'dipkaujoshi@gmail.com','yashika','Joshi','dipkaujoshi@gmail.com','6b41366ad2f415f5832ff503d7608244','1','','1569'),(1250,'kumudtayade@gmail.com','kumod','Tayade','kumudtayade@gmail.com','cb6debdbf01dbd7aaf7d92d1cb18ee5d','1','','1570'),(1251,'gadrearyan@gmail.com','aryan','Gadre','gadrearyan@gmail.com','ce6d700db0d07e74da0626ffbf3acb01','1','','1571'),(1252,'demo1@gmail.com','demo1','demo1','demo1@gmail.com','f121e40aba3bb0614da0c4f583eb542e','0','','1572'),(1253,'vrindaaryan69@gmail.com','vrinda','Parmar','vrindaaryan69@gmail.com','d5c29404443c210d54cd41f20b6e9b85','1','','1573'),(1254,'surekhatribhuwan1505@gmail.com','swara','Tribhuwan','surekhatribhuwan1505@gmail.com','dc033bb462f2e02112b67b37221acef8','1','','1574'),(1255,'sudhakarpardeshi80@gmail.com','harshal','Pardeshi','sudhakarpardeshi80@gmail.com','e9052fb3a7d557a49947cac0a338b657','1','','1575'),(1256,'demo11@gmail.com','demo1','Demo1','demo11@gmail.com','4e8749827c088ae8574f610ed571fb53','1','','1576'),(1257,'demouswr123@gmail.com','demouser','sdnj','demouswr123@gmail.com','45b946c5d70a433e742a0ecae935a8fc','1','','1577'),(1258,'deepakbhuwan@gmail.com','deepak','Tribhuwan','deepakbhuwan@gmail.com','147c0e8c2f645743ac35e148169f84fd','1','','1578'),(1259,'rmdtransports@gmail.com','darshil','Deshmukh','rmdtransports@gmail.com','10eaacd5f6c7904c9deb0a32cafebc8b','0','','1579'),(1260,'prasadm0210@gmail.com','gauri','Munje','prasadm0210@gmail.com','5a67c59427a6b6ea9f81ab03415f5ecd','1','','1580'),(1261,'kailashraddha@gmail.com','kailash','Bhave','kailashraddha@gmail.com','13e6317a9aaceb5109ec5a54c376f3eb','1','','1581'),(1262,'shreyamahadik12@gmail.com','swara','Mahadik','shreyamahadik12@gmail.com','81d7003d8ff014dec7b51ebaec15c3d3','1','','1582'),(1263,'rajesharma1211@gmail.com','aaradhita','Sharma','rajesharma1211@gmail.com','93120226c5bdbcaf7fc2dd8611daca3b','1','','1583'),(1264,'rajesh8691000018@gmail.com','aardhya','Sharma','rajesh8691000018@gmail.com','3d228a5eff9c838bd24e45787ccd4d56','1','','1584'),(1265,'jnarayanan91@gmail.com','jayanti','.','jnarayanan91@gmail.com','cecd3150cae3f9859ad3f639830eba88','1','','1585'),(1266,'nidhideshpandeofficials@gmail.com','nidhi','Deshpande','nidhideshpandeofficials@gmail.com','df897366a013e46c2064e72a25f0bf51','1','','1586'),(1267,'shinde.vinod40@gmail.com','vinod','Shinde','shinde.vinod40@gmail.com','d2a1bdc6975bf644221e17ee3f428e2a','0','','1587'),(1268,'sachin.parleagro@gmail.com','aaradhya','Pangarkar','sachin.parleagro@gmail.com','49bc074162abfc644e736bbca37521ea','1','','1588'),(1269,'yash@kgs.com','yash','Parab','yash@kgs.com','9ded9910e6788aafb2fbbea40801123d','1','','1589'),(1270,'sanyami@kgs.com','sanyami','Madan','sanyami@kgs.com','16d655d9adf27776a0318a70d21c7662','1','','1590'),(1271,'parth@kgs.com','parth','Deshpande','parth@kgs.com','99ef796e8bcc5c5cf7d91cc695075bc3','1','','1591'),(1272,'karuna@kgs.com','karuna','Zunjarrao','karuna@kgs.com','2aa6c56385e658cd6d19d32e289b9306','1','','1592'),(1273,'Kshama','Kshama','Kulkarni','Kshmakulkarni@kgs.com','53e6086284353cb73d4979f08537d950','1','',NULL),(1274,'pinky.taydy@gmail.com','poonam','Gaikwad','pinky.taydy@gmail.com','8200cbdb4f2bbf7983db1278f0e98e94','1','','1593'),(1275,'grgaikwad1977@gmail.com','vaibhavi','Gaikwad','grgaikwad1977@gmail.com','9a81ab2ee28ab96aaa0e6c27989270b5','1','','1594'),(1276,'suyogjoshi91@gmail.com','suyog','Joshi','suyogjoshi91@gmail.com','8bb8576dd205e9a2afab5fd5c7472623','1','','1595'),(1277,'ridima@gmail.com','ridima','sd','ridima@gmail.com','0f1198489fe11c96d748728df9a2484a','1','','1596'),(1278,'pardeshiranjit1234@gmail.com','rudra','Pardeshi','pardeshiranjit1234@gmail.com','898e470bfe652b8b81ae3cd8fea3e6fc','1','','1597'),(1279,'11january1966@1gmail.com','sunil','Agnihotri','11january1966@1gmail.com','08fe242780bcab0f4137f3f564515a05','1','','1598'),(1280,'bajageganesh7766@gmail.com','ganesh','Bajage','bajageganesh7766@gmail.com','ab93ab8a712c9a6b2752fb83ca9581fc','1','','1599'),(1281,'shetalsanjay@gmail.com','aarya','Suryawanshi','shetalsanjay@gmail.com','faac955b7efe0780c34a58823582ff19','0','','1600'),(1282,'meera14.kale@gmail.com','asmi','Kale','meera14.kale@gmail.com','5bd1583a2fe8569e8e3e6d741f60a393','1','','1601'),(1283,'mmkmmk@tatamotors.com','nakshatra','Kulkarni','mmkmmk@tatamotors.com','299cefdb029e7c8d2512562b41a2e96e','1','','1602'),(1284,'devrajt1978@gmail.com','chinmayi','Kene','devrajt1978@gmail.com','0ae5089b1f13fb23894994128164cab5','1','','1603'),(1285,'aadinathjaware@gmail.com','priyadarshini','Jaware','aadinathjaware@gmail.com','a6cdce9ec057b5a6e4cc0481672c744e','1','','1604'),(1286,'shraddhapitambare35@gmail.com','shraddha','Pitambare','shraddhapitambare35@gmail.com','b179e5cd9cb2b734a238df4fc7193f66','1','','1605'),(1287,'mmkmmk1305@tatamotors.com','vedantini','Kulkarni','mmkmmk1305@tatamotors.com','e774e0ac34f73d669663ba2111f891f4','1','','1606'),(1288,'amitahuja46@gmail.com','ameet','Ahuja','amitahuja46@gmail.com','3fdd5d0f6f73ee4609d19020c88323d5','1','','1607'),(1289,'nashah78@gmail.com','aashvi','Shah','nashah78@gmail.com','4eefbb2fde3ab72600b3c5d14010105c','1','','1608'),(1290,'3354.yukti.p.gupta@ssmjes.in','yukti','Gupta','3354.yukti.p.gupta@ssmjes.in','686ed4ac1f7cb3fb3d237079e7f533f9','1','','1609'),(1291,'sunildonargvkar@gmail.com','akshta','Pulkuntwar','sunildonargvkar@gmail.com','d53f62f55b46ac6211c3317b3856b54b','1','','1610'),(1292,'sejal@kgs.com','sejal','Borase','sejal@kgs.com','0585cb992ae640c2aa6fae6e93dbdd7a','1','','1611'),(1293,'swati.zunjarrao1806@gmail.com','shreya','Zunjarrao','swati.zunjarrao1806@gmail.com','a48a6c3a7c1e0a36fa86eea0de0884d4','1','','1612'),(1294,'surwadkarviju1984@gmail.com','pranjal','Surwadkar','surwadkarviju1984@gmail.com','246bbdd6d78a58a92ea340d0ce3e6a53','1','','1613'),(1295,'jagadhanesonali@gmail.com','yatharth','Jagadhane','jagadhanesonali@gmail.com','e00a4a6ea6dc9540a359ba89545452d0','1','','1614'),(1296,'botekar@gmail.com','samruddhi','Botekar','botekar@gmail.com','2724abe4fc85a9e8391bad9a9dd55fe0','1','','1615'),(1297,'khushipatil@kgs.com','khushi','Patil','khushipatil@kgs.com','e1f1de558fb484c7ee55b87ed7cd54fc','1','','1616'),(1298,'mayaghogare469@gmail.com','shubham','Ghogare','mayaghogare469@gmail.com','3906e536a91ac6f220d88caeb94134c5','1','','1617'),(1299,'tawadeviniket4@gmail.com','viniket','Tawade','tawadeviniket4@gmail.com','f4b6e81c1437f95a84e618a8c875e7af','1','','1618'),(1300,'raghumicrobirla@gmail.com','shourya','Patil','raghumicrobirla@gmail.com','f8e45f9ae94b7867928b44cb3a80c2cc','1','','1619'),(1301,'shivappa_kh@rediffmail.com','shivappa','HUnshimard','shivappa_kh@rediffmail.com','463c633917f6ec9d06e08a41573c609a','1','','1620'),(1302,'swapna.vyas1@gmail.com','swapna','Vyas','swapna.vyas1@gmail.com','c6df5c5f2826e3d570678f296879d8fe','1','','1621'),(1303,'skpatil0101701@gmail.com','atharva','Patil','skpatil0101701@gmail.com','f10ba067c7527f8c7b1442ea4b6f845b','1','','1622'),(1304,'anushrigadre@gmail.com','anvaya','Gadre','anushrigadre@gmail.com','bf6b9a0747e80fe31f8fda2843ca5779','1','','1623'),(1305,'pn3837375@gmail.com','triya','Naik','pn3837375@gmail.com','cc073e51ebce92a82d821faacadc13f8','1','','1624'),(1306,'mhamunkarsandesh29@gmail.com','shrisha','Mhamunkar','mhamunkarsandesh29@gmail.com','70798e4fb45f1f9aa8acca6dc5025d61','1','','1625'),(1307,'bgharpure@gmail.com','neel','Gharpure','bgharpure@gmail.com','b8f0b2aa9a47c7669aecee696ec95dd2','1','','1626'),(1308,'gharpurecs@gmail.com','neel','Gharpure','gharpurecs@gmail.com','259d03559eeff983e7a81399b81bb025','1','','1627'),(1309,'vaishalisonawane3281@gmail.com','medini','Garud','vaishalisonawane3281@gmail.com','4dc929b0f264461071b404fe79f63b78','1','','1628'),(1310,'dineshgarud1@gmail.com','mansvi','Garud','dineshgarud1@gmail.com','236cfc411b4a3f288c9afceee031bb7e','1','','1629'),(1311,'aikamble560@gmail.com','ashok','Kamble','aikamble560@gmail.com','ed338c4142f1bfcd143552d25110c52e','1','','1630'),(1312,'devyanich2@gmail.com','durvank','Chaudhari','devyanich2@gmail.com','c1343e81872dba35fb5a2215434741f7','1','','1631'),(1313,'devyanich21@gmail.com','devyani','Chaudhari','devyanich21@gmail.com','eb89cdba70d3b942bd1e3f3a83a5fd2c','1','','1632'),(1314,'devyanich211@gmail.com','mansvi','Chaudhari','devyanich211@gmail.com','8e3b499119c934f73695b8dee30da1c2','1','','1633'),(1315,'susangatee@gmail.com','aarya','Aher','susangatee@gmail.com','104e58627fadf1c6dc1a2351a37ba278','1','','1634'),(1316,'sandeepk2414@gmail.com','swaraj','Kadav','sandeepk2414@gmail.com','b08bdd2198b69689d78262999b6c2ddb','1','','1635'),(1317,'vinoda.2007@gov.in','durva','Abhale','vinoda.2007@gov.in','dfba17a8b7cd77fa7040518b626ad60c','1','','1636'),(1318,'prajakta.madan91@gmail.com','ruhee','Mohane','prajakta.madan91@gmail.com','a5a88fe4930cedf2e1f78bca8c355720','1','','1637'),(1319,'shankar@kgs.com','shankar','Devlekar','shankar@kgs.com','47d035e7abca08f05562a1c3d88947df','1','','1638'),(1320,'madhura21510@gmail.com','madhura','Agnihotri','madhura21510@gmail.com','62bb24a79ec138677dd07b6cfc608f94','1','','1639'),(1321,'kambletushar358@gmail.com','tushar','Kamble','kambletushar358@gmail.com','df2af835ffdf39aeafb501f8c2a52dc9','1','','1640'),(1322,'vedangmoharir@gmail.com','vedang','Moharir','vedangmoharir@gmail.com','a4a240e9c362817d314e2e059fe74d38','1','','1641'),(1323,'pradattaseva@gmail.com','pradatt','Upadhyaya','pradattaseva@gmail.com','63f7ca4361cf9e9318a260bbd595422c','1','','1642'),(1324,'aditimadekar@gmail.com','aditi','Madekar','aditimadekar@gmail.com','1abba5a7d484cf7b02faf3b1c8bed877','1','','1643'),(1325,'ashwinidhakras7@gmail.com','aditya','Dhatras','ashwinidhakras7@gmail.com','5a0e9690be49a46f77c54083cb663086','1','','1644'),(1326,'vrushali.patil_86@yahoo.com','samruddhi','Patil','vrushali.patil_86@yahoo.com','65a0bec6db474f1ef5d26cb31420b676','1','','1645'),(1327,'pratham779@gmail.com','aaradhya','Jage','pratham779@gmail.com','34be8cb1a85e2518057a21a2b89346da','1','','1646'),(1328,'premanibhavika@gmail.com','raahi','Premani','premanibhavika@gmail.com','d5883f4081e5cfd7f3190bfad861ae5e','1','','1647'),(1329,'push.83.pj@gmail.com','malhar','Joshi','push.83.pj@gmail.com','0e8a0ef46619dd3fbf28fce8b33c2530','1','','1648'),(1330,'gangadharchavan733@gmail.com','dipmal','Chavan','gangadharchavan733@gmail.com','621220ac3d4ef03d425a0b07268cb6ea','1','','1649'),(1331,'devadigasurekha676@gmail.com','ashish','Devadiga','devadigasurekha676@gmail.com','44b1fdefadd03f91a1b94d7dc8e07715','1','','1650'),(1332,'jaleshlokakshi@gmail.com','atharva','Lokakshi','jaleshlokakshi@gmail.com','63c2384ff47353bd2483cf73f13c6121','1','','1651'),(1333,'yashgage1851@gmail.com','yashwant','Gage','yashgage1851@gmail.com','735223659b1086f714f71e8bc843f66d','1','','1652'),(1334,'rambhoir4748@gmail.com','ramchandra','Bhoir','rambhoir4748@gmail.com','fd151cc78b8b395b2de45fa7ac78b095','1','','1653'),(1335,'manishawalanj9@gmail.com','aarohi','Walanj','manishawalanj9@gmail.com','39feae79140b383f2631f67233276054','1','','1654'),(1336,'chetangorle_88@rediffmail.com','chetana','Gorle','chetangorle_88@rediffmail.com','7dd1a3cad043e40a7ca07733481d658c','1','','1655'),(1337,'deshpandesam8@gmail.com','sampada','Deshpande','deshpandesam8@gmail.com','208a8fc0e4c847d6582099ff63489d5d','1','','1656'),(1338,'raneasita18@gmail.com','swara','Dhande','raneasita18@gmail.com','af21b2172cf980d83422e76b1d248fd9','1','','1657'),(1339,'sharmilaundhkar@gmail.com','anhaad','Aundhkar','sharmilaundhkar@gmail.com','a6ec2fac47a1518de93a090201369147','1','','1658'),(1340,'vidyanikam1111@gmail.com','vidya','Nikam','vidyanikam1111@gmail.com','4b49e2a898845245e9742e24e8676553','1','','1659'),(1341,'nitinmshirsagar@gmail.com','swanand','Kshirsagar','nitinmshirsagar@gmail.com','d3368a5eb08088aa003fcfeec6ffd264','1','','1660'),(1342,'omkar19ayare@gmail.com','omkar','Ayare','omkar19ayare@gmail.com','70b873b7664b4a7fe364bab48972079c','1','','1661'),(1343,'meena@kgs.com','meena','Patil','meena@kgs.com','010108053132c75202675576cf1c46b2','1','','1662'),(1344,'sheetalmore@206gmail.com','sanvi','Lalge','sheetalmore@206gmail.com','0e4d96886f1aa6f8f3a8cb8d5700241d','1','','1663'),(1345,'suhasmbhagat4@gmail.com','rudra','Bhagat','suhasmbhagat4@gmail.com','58b458aee78f593836e74d1f87738783','1','','1664'),(1346,'swaragunjal@gmail.com','swamini','Gunjal','swaragunjal@gmail.com','57efc1949d89ff81f2c47ebbb8a5f63e','1','','1665'),(1347,'saurabhharsole2019@gmail.com','saurabh','Harsole','saurabhharsole2019@gmail.com','f2c5124fe4ddbad3c5f8da0957cbce81','1','','1666'),(1348,'savlakh_76@yahoo.co.in','krisha','Savla','savlakh_76@yahoo.co.in','22c20467f1dfe89b3e0ffc98201a19c2','1','','1667'),(1349,'poojamankame33@gmail.com','pooja','Mankame','poojamankame33@gmail.com','c7467c1cfc3df278268ae738bd983a00','1','','1668');

--
-- Table structure for table `kgs_vch_type`
--

CREATE TABLE `kgs_vch_type` (
  `id` int(11) NOT NULL AUTO_INCREMENT,
  `name` varchar(50) DEFAULT NULL,
  `delete_status` int(11) DEFAULT NULL,
  PRIMARY KEY (`id`)
) ENGINE=InnoDB AUTO_INCREMENT=4 DEFAULT CHARSET=utf8mb4 ;

--
-- Dumping data for table `kgs_vch_type`
--

INSERT INTO `kgs_vch_type` VALUES (1,'Cash',0),(2,'cheque',0),(3,'bank',0);

--
-- Table structure for table `kgs_work_description`
--

CREATE TABLE `kgs_work_description` (
  `id` int(11) NOT NULL AUTO_INCREMENT,
  `work_description` text,
  `teacher_id` varchar(50) DEFAULT NULL,
  `create_date` varchar(50) DEFAULT NULL,
  `delete` varchar(50) DEFAULT NULL,
  `class_id` int(11) DEFAULT NULL,
  `section_id` int(11) DEFAULT NULL,
  `name` varchar(100) DEFAULT NULL,
  PRIMARY KEY (`id`)
) ENGINE=InnoDB AUTO_INCREMENT=7 DEFAULT CHARSET=utf8mb4 ;

--
-- Dumping data for table `kgs_work_description`
--

INSERT INTO `kgs_work_description` VALUES (4,' learn basic theroy','183','1613327400','0',75,NULL,NULL),(5,'5 min Teental Solo','183','1613845800','0',75,NULL,NULL),(6,'Video on tabla saaz','182','1616956200','1',136,41,NULL);

--
-- Table structure for table `kgserp_Event`
--

CREATE TABLE `kgserp_Event` (
  `id` int(11) NOT NULL AUTO_INCREMENT,
  `name` varchar(50) DEFAULT NULL,
  `description_name` varchar(50) DEFAULT NULL,
  `startdate` varchar(50) DEFAULT NULL,
  `enddate` varchar(50) DEFAULT NULL,
  `amount` varchar(100) DEFAULT NULL,
  `delete_status` varchar(50) DEFAULT NULL,
  PRIMARY KEY (`id`)
) ENGINE=InnoDB AUTO_INCREMENT=13 DEFAULT CHARSET=utf8mb4 ;

--
-- Dumping data for table `kgserp_Event`
--

INSERT INTO `kgserp_Event` VALUES (11,'Music_competition','student have to participate in this','1614191400','1614450599','1000','0'),(12,'Practical Exam','','1613759400','1613845799','','0');

--
-- Table structure for table `kgserp_accounting`
--

CREATE TABLE `kgserp_accounting` (
  `id` int(11) NOT NULL AUTO_INCREMENT,
  `date` varchar(50) DEFAULT NULL,
  `particular` varchar(20) DEFAULT NULL,
  `vch_number` varchar(50) DEFAULT NULL,
  `vch_type` varchar(50) DEFAULT NULL,
  `salary_type` enum('credit','debit') DEFAULT NULL,
  `amount` varchar(50) DEFAULT NULL,
  `user_id` varchar(50) DEFAULT NULL,
  `delete_status` int(11) DEFAULT NULL,
  `student` enum('yes','no') DEFAULT NULL,
  `details` text,
  PRIMARY KEY (`id`) USING BTREE
) ENGINE=InnoDB AUTO_INCREMENT=16 DEFAULT CHARSET=utf8mb4  ROW_FORMAT=DYNAMIC;

--
-- Dumping data for table `kgserp_accounting`
--

INSERT INTO `kgserp_accounting` VALUES (13,'1613845800','Instrument Repairing','20-2-01','1','debit','450','189',0,'no',NULL),(14,'1614154059','student fee','52','fee','credit','850','138',0,'yes',NULL),(15,'1614154067','student fee','52','fee','credit','850','138',0,'yes',NULL);

--
-- Table structure for table `kgserp_add_class`
--

CREATE TABLE `kgserp_add_class` (
  `id` int(11) NOT NULL AUTO_INCREMENT,
  `name` varchar(255) DEFAULT NULL,
  `delete_status` varchar(50) DEFAULT NULL,
  PRIMARY KEY (`id`)
) ENGINE=InnoDB AUTO_INCREMENT=89 DEFAULT CHARSET=latin1 ROW_FORMAT=DYNAMIC;

--
-- Dumping data for table `kgserp_add_class`
--

INSERT INTO `kgserp_add_class` VALUES (75,'Music_class','0'),(76,'TABLA (Snehal Kumar)','0'),(77,'VOCAL','0'),(78,'Lite','0'),(79,'HARMONIUM','0'),(80,'Flute','0'),(81,'KATHAK','0'),(82,'BHARATNATYAM','0'),(83,'Drawing','0'),(84,'BASARI','1'),(85,'ujjnu9im',NULL),(86,'abc','0'),(87,'Tabla (Swapnil)','0'),(88,'TABLA','0');

--
-- Table structure for table `kgserp_add_field`
--

CREATE TABLE `kgserp_add_field` (
  `id` int(11) NOT NULL AUTO_INCREMENT,
  `field_name` varchar(50) DEFAULT NULL,
  `field_type` varchar(100) DEFAULT NULL,
  `default_value` varchar(50) DEFAULT NULL,
  `required` enum('yes','no') DEFAULT NULL,
  `form_name` varchar(50) DEFAULT NULL,
  `status` int(11) DEFAULT NULL,
  PRIMARY KEY (`id`)
) ENGINE=InnoDB DEFAULT CHARSET=utf8mb4 ;

--
-- Dumping data for table `kgserp_add_field`
--


--
-- Table structure for table `kgserp_add_section`
--

CREATE TABLE `kgserp_add_section` (
  `id` int(11) NOT NULL AUTO_INCREMENT,
  `name` varchar(255) DEFAULT NULL,
  `delete_status` int(11) DEFAULT NULL,
  PRIMARY KEY (`id`)
) ENGINE=InnoDB AUTO_INCREMENT=26 DEFAULT CHARSET=latin1 ROW_FORMAT=DYNAMIC;

--
-- Dumping data for table `kgserp_add_section`
--

INSERT INTO `kgserp_add_section` VALUES (18,'A',NULL),(19,'B',NULL),(20,'C',NULL),(21,'DSV-AU',0),(22,'MKA',0),(23,'DSV-TABLA-Snehal',0),(24,'DSV-C',0),(25,'DSV-D',0);

--
-- Table structure for table `kgserp_add_subject`
--

CREATE TABLE `kgserp_add_subject` (
  `id` int(11) NOT NULL AUTO_INCREMENT,
  `subject_name` varchar(50) DEFAULT NULL,
  `delete_status` int(11) DEFAULT NULL,
  PRIMARY KEY (`id`)
) ENGINE=InnoDB AUTO_INCREMENT=47 DEFAULT CHARSET=utf8mb4 ;

--
-- Dumping data for table `kgserp_add_subject`
--

INSERT INTO `kgserp_add_subject` VALUES (39,'Tabla ',0),(40,'Vocal Classical',0),(41,'Flute',0),(42,'Harmonium',0),(43,'Dance (Kathak)',0),(44,'Dance (Bharatnatyam)',0),(45,'Vocal Light Music ',0),(46,'Drawing',0);

--
-- Table structure for table `kgserp_address2`
--

CREATE TABLE `kgserp_address2` (
  `id` int(11) NOT NULL AUTO_INCREMENT,
  `address1` text,
  `address2` text,
  `zip_code` varchar(50) DEFAULT NULL,
  `state` varchar(50) DEFAULT NULL,
  `city` varchar(50) DEFAULT NULL,
  `country` varchar(50) DEFAULT NULL,
  `sid` int(11) DEFAULT NULL,
  `type` enum('admin','student') DEFAULT NULL,
  PRIMARY KEY (`id`)
) ENGINE=InnoDB AUTO_INCREMENT=37 DEFAULT CHARSET=utf8mb4 ;

--
-- Dumping data for table `kgserp_address2`
--

INSERT INTO `kgserp_address2` VALUES (36,'Helsink\r\nHelsink','Helsink\r\nHelsink','123456','0','0','16',138,'student');

--
-- Table structure for table `kgserp_advance_salary`
--

CREATE TABLE `kgserp_advance_salary` (
  `id` int(11) NOT NULL AUTO_INCREMENT,
  `user_id` int(11) DEFAULT NULL,
  `amount` varchar(20) DEFAULT NULL,
  `description` varchar(50) DEFAULT NULL,
  `delete_status` int(11) DEFAULT NULL,
  `status` enum('pending','accepted','rejected','adjusted') DEFAULT NULL,
  `created_date` varchar(100) DEFAULT NULL,
  `updated_date` varchar(100) DEFAULT NULL,
  `salary_id` int(11) DEFAULT NULL,
  PRIMARY KEY (`id`) USING BTREE
) ENGINE=InnoDB AUTO_INCREMENT=34 DEFAULT CHARSET=utf8mb4  ROW_FORMAT=DYNAMIC;

--
-- Dumping data for table `kgserp_advance_salary`
--

INSERT INTO `kgserp_advance_salary` VALUES (33,179,'5000','abc',0,'pending','1613133161',NULL,NULL);

--
-- Table structure for table `kgserp_attendance_type`
--

CREATE TABLE `kgserp_attendance_type` (
  `id` int(11) NOT NULL AUTO_INCREMENT,
  `name` varchar(50) DEFAULT NULL,
  `status` varchar(50) DEFAULT NULL,
  `delete_status` varchar(50) DEFAULT NULL,
  PRIMARY KEY (`id`) USING BTREE
) ENGINE=InnoDB AUTO_INCREMENT=10 DEFAULT CHARSET=latin1 ROW_FORMAT=DYNAMIC;

--
-- Dumping data for table `kgserp_attendance_type`
--

INSERT INTO `kgserp_attendance_type` VALUES (1,'present','1','0'),(2,'absent','1','0'),(3,'leave','1','0'),(4,'summer vacation','1','0'),(5,'winter vacation','1','0'),(6,'boot camp','1','0'),(7,'bio-metric','1','1'),(8,'shd','1','1'),(9,'bio-metric','1','0');

--
-- Table structure for table `kgserp_class_and_section_list`
--

CREATE TABLE `kgserp_class_and_section_list` (
  `id` int(11) NOT NULL AUTO_INCREMENT,
  `student_id` int(11) DEFAULT NULL,
  `class_id` varchar(50) DEFAULT NULL,
  `section_id` varchar(50) DEFAULT NULL,
  `session_id` varchar(50) DEFAULT NULL,
  `delete_status` int(11) DEFAULT NULL,
  PRIMARY KEY (`id`) USING BTREE
) ENGINE=InnoDB AUTO_INCREMENT=426 DEFAULT CHARSET=latin1 ROW_FORMAT=DYNAMIC;

--
-- Dumping data for table `kgserp_class_and_section_list`
--

INSERT INTO `kgserp_class_and_section_list` VALUES (220,138,'75','18','24',0),(221,139,'75','18','24',0),(223,141,'75','18','24',0),(224,140,'79','20','24',0),(225,142,'76','21','24',0),(226,143,'76','21','24',0),(227,144,'76','21','24',0),(228,145,'76','21','24',0),(229,146,'76','21','24',0),(230,147,'76','21','24',0),(231,148,'82','21','24',0),(232,149,'82','21','24',0),(233,150,'82','21','24',0),(234,151,'82','21','24',0),(235,152,'82','21','24',0),(236,153,'82','21','24',0),(237,154,'82','21','24',0),(238,155,'82','21','24',0),(239,156,'82','21','24',0),(240,157,'82','21','24',0),(241,158,'82','21','24',0),(242,159,'82','21','24',0),(243,160,'82','21','24',0),(244,161,'82','21','24',0),(245,162,'82','21','24',0),(246,163,'82','21','24',0),(247,164,'82','21','24',0),(248,165,'82','21','24',0),(249,166,'82','21','24',0),(250,167,'82','21','24',0),(251,168,'82','21','24',0),(252,169,'82','21','24',0),(253,170,'82','21','24',0),(254,171,'82','21','24',0),(255,172,'82','21','24',0),(256,173,'82','21','24',0),(257,174,'82','21','24',0),(258,175,'82','21','24',0),(259,176,'82','21','24',0),(260,177,'82','21','24',0),(261,178,'82','21','24',0),(262,179,'82','21','24',0),(263,180,'82','21','24',0),(264,181,'82','21','24',0),(265,182,'82','21','24',0),(266,183,'82','21','24',0),(267,184,'82','21','24',0),(268,185,'82','21','24',0),(269,186,'82','21','24',0),(270,187,'82','21','24',0),(271,188,'82','21','24',0),(272,189,'82','21','24',0),(273,190,'82','21','24',0),(274,191,'82','21','24',0),(275,192,'82','21','24',0),(276,193,'82','21','24',0),(277,194,'82','21','24',0),(278,195,'82','21','24',0),(279,196,'82','21','24',0),(280,197,'82','21','24',0),(281,198,'82','21','24',0),(282,199,'82','21','24',0),(283,200,'82','21','24',0),(284,201,'82','21','24',0),(285,202,'82','21','24',0),(286,203,'82','21','24',0),(287,204,'82','21','24',0),(288,205,'77','21','24',0),(289,206,'77','21','24',0),(290,207,'77','21','24',0),(291,208,'77','21','24',0),(292,209,'77','21','24',0),(293,210,'77','21','24',0),(294,211,'77','21','24',0),(295,212,'77','21','24',0),(296,213,'77','21','24',0),(297,214,'77','21','24',0),(298,215,'77','21','24',0),(299,216,'77','21','24',0),(300,217,'77','21','24',0),(301,218,'77','21','24',0),(302,219,'77','21','24',0),(303,220,'77','21','24',0),(304,221,'77','21','24',0),(305,222,'77','21','24',0),(306,223,'77','21','24',0),(307,224,'77','21','24',0),(308,225,'77','21','24',0),(309,226,'77','21','24',0),(310,227,'77','21','24',0),(311,228,'77','21','24',0),(312,229,'77','21','24',0),(313,230,'77','21','24',0),(314,231,'77','21','24',0),(315,232,'77','21','24',0),(316,233,'77','21','24',0),(317,234,'77','21','24',0),(318,235,'77','21','24',0),(319,236,'77','21','24',0),(320,237,'77','21','24',0),(321,238,'77','21','24',0),(322,239,'77','21','24',0),(323,240,'77','21','24',0),(324,241,'77','21','24',0),(325,242,'77','21','24',0),(326,243,'77','21','24',0),(327,244,'77','21','24',0),(328,245,'77','21','24',0),(329,246,'77','21','24',0),(330,247,'77','21','24',0),(331,248,'77','21','24',0),(332,249,'77','21','24',0),(333,250,'77','21','24',0),(334,251,'77','21','24',0),(335,252,'77','21','24',0),(336,253,'77','21','24',0),(337,254,'77','21','24',0),(338,255,'77','21','24',0),(339,256,'77','21','24',0),(340,257,'77','21','24',0),(341,258,'77','21','24',0),(342,259,'77','21','24',0),(343,260,'77','21','24',0),(344,261,'77','21','24',0),(345,262,'77','21','24',0),(346,263,'77','21','24',0),(347,264,'77','21','24',0),(348,265,'79','21','24',0),(349,266,'79','21','24',0),(350,267,'79','21','24',0),(351,268,'79','21','24',0),(352,269,'79','21','24',0),(353,270,'79','21','24',0),(354,271,'79','21','24',0),(355,272,'79','21','24',0),(356,273,'79','21','24',0),(357,274,'79','21','24',0),(358,275,'79','21','24',0),(359,276,'76','21','24',0),(360,277,'76','21','24',0),(361,278,'76','21','24',0),(362,279,'76','21','24',0),(363,280,'76','21','24',0),(364,281,'76','21','24',0),(365,282,'76','21','24',0),(366,283,'76','21','24',0),(367,284,'76','21','24',0),(368,285,'76','21','24',0),(369,286,'76','21','24',0),(370,287,'76','21','24',0),(371,288,'76','21','24',0),(372,289,'76','21','24',0),(373,290,'76','21','24',0),(374,291,'81','21','24',0),(375,292,'81','21','24',0),(376,293,'81','21','24',0),(377,294,'81','21','24',0),(378,295,'81','21','24',0),(379,296,'81','21','24',0),(380,297,'81','21','24',0),(381,298,'81','21','24',0),(382,299,'81','21','24',0),(383,300,'81','21','24',0),(384,301,'77','21','24',0),(385,302,'77','21','24',0),(386,303,'77','21','24',0),(387,304,'77','21','24',0),(388,305,'77','21','24',0),(389,306,'77','21','24',0),(390,307,'77','21','24',0),(391,308,'77','21','24',0),(392,309,'77','21','24',0),(393,310,'77','21','24',0),(394,311,'77','21','24',0),(395,312,'76','22','24',0),(396,313,'76','22','24',0),(397,314,'76','22','24',0),(398,315,'76','22','24',0),(399,316,'76','22','24',0),(400,317,'76','22','24',0),(401,318,'76','22','24',0),(402,319,'76','22','24',0),(403,320,'76','22','24',0),(404,321,'76','22','24',0),(405,322,'76','22','24',0),(406,323,'76','22','24',0),(407,324,'76','22','24',0),(408,325,'76','22','24',0),(409,326,'76','22','24',0),(410,327,'76','22','24',0),(411,328,'76','22','24',0),(412,329,'76','22','24',0),(413,330,'76','22','24',0),(414,331,'76','22','24',0),(415,332,'76','22','24',0),(416,333,'76','22','24',0),(417,334,'76','22','24',0),(418,335,'76','22','24',0),(419,336,'76','22','24',0),(420,337,'76','22','24',0),(421,338,'76','22','24',0),(422,339,'76','22','24',0),(424,341,'76','21','24',0),(425,340,'76','23','24',0);

--
-- Table structure for table `kgserp_class_fee`
--

CREATE TABLE `kgserp_class_fee` (
  `id` int(11) NOT NULL AUTO_INCREMENT,
  `class_id` varchar(50) DEFAULT NULL,
  `admission_fee` varchar(50) DEFAULT NULL,
  `registration_fee` varchar(50) DEFAULT NULL,
  `transportation_fee` varchar(50) DEFAULT NULL,
  `tuition_fee` varchar(50) DEFAULT NULL,
  `total_fee` varchar(50) DEFAULT NULL,
  `apply_date` int(11) DEFAULT NULL,
  `duration` varchar(50) DEFAULT NULL,
  PRIMARY KEY (`id`) USING BTREE
) ENGINE=InnoDB AUTO_INCREMENT=12 DEFAULT CHARSET=utf8mb4  ROW_FORMAT=DYNAMIC;

--
-- Dumping data for table `kgserp_class_fee`
--

INSERT INTO `kgserp_class_fee` VALUES (11,'76','300','300','100','450','1150',2147483647,'1');

--
-- Table structure for table `kgserp_class_subject`
--

CREATE TABLE `kgserp_class_subject` (
  `id` int(11) NOT NULL AUTO_INCREMENT,
  `class_id` varchar(50) DEFAULT NULL,
  `subject_id` varchar(50) DEFAULT NULL,
  PRIMARY KEY (`id`)
) ENGINE=InnoDB AUTO_INCREMENT=708 DEFAULT CHARSET=utf8mb4 ;

--
-- Dumping data for table `kgserp_class_subject`
--

INSERT INTO `kgserp_class_subject` VALUES (697,'75','39'),(698,'75','40'),(699,'75','44'),(700,'76','39'),(701,'77','40'),(702,'78','45'),(703,'79','42'),(704,'80','41'),(705,'81','43'),(706,'82','44'),(707,'83','46');

--
-- Table structure for table `kgserp_class_teacher_list`
--

CREATE TABLE `kgserp_class_teacher_list` (
  `id` int(11) NOT NULL AUTO_INCREMENT,
  `teacher_id` varchar(50) DEFAULT NULL,
  `class_id` varchar(50) DEFAULT NULL,
  `delete_status` varchar(50) DEFAULT NULL,
  PRIMARY KEY (`id`)
) ENGINE=InnoDB DEFAULT CHARSET=utf8mb4 ;

--
-- Dumping data for table `kgserp_class_teacher_list`
--


--
-- Table structure for table `kgserp_custom_event`
--

CREATE TABLE `kgserp_custom_event` (
  `id` int(11) NOT NULL AUTO_INCREMENT,
  `name` varchar(50) DEFAULT NULL,
  `startdate` varchar(50) DEFAULT NULL,
  `enddate` varchar(50) DEFAULT NULL,
  `amount` varchar(100) DEFAULT NULL,
  `delete_status` varchar(50) DEFAULT NULL,
  `user_id` int(11) DEFAULT NULL,
  PRIMARY KEY (`id`) USING BTREE
) ENGINE=InnoDB AUTO_INCREMENT=17 DEFAULT CHARSET=utf8mb4  ROW_FORMAT=DYNAMIC;

--
-- Dumping data for table `kgserp_custom_event`
--

INSERT INTO `kgserp_custom_event` VALUES (16,'Test','1614882600','1614968999',NULL,'1',190);

--
-- Table structure for table `kgserp_custom_lecture_request`
--

CREATE TABLE `kgserp_custom_lecture_request` (
  `id` int(11) NOT NULL AUTO_INCREMENT,
  `custom_timetable_id` int(11) DEFAULT NULL,
  `teacher_id` int(11) DEFAULT NULL,
  `status` enum('pending','accepted','rejected') DEFAULT NULL,
  PRIMARY KEY (`id`)
) ENGINE=InnoDB DEFAULT CHARSET=utf8mb4 ;

--
-- Dumping data for table `kgserp_custom_lecture_request`
--


--
-- Table structure for table `kgserp_custom_timetable`
--

CREATE TABLE `kgserp_custom_timetable` (
  `id` int(11) NOT NULL AUTO_INCREMENT,
  `timetable_id` int(11) DEFAULT NULL,
  `period_id` int(11) DEFAULT NULL,
  `week_id` int(11) DEFAULT NULL,
  `teacher_id` int(11) DEFAULT NULL,
  `class_id` int(11) DEFAULT NULL,
  `section_id` int(11) DEFAULT NULL,
  `subject_id` int(11) DEFAULT NULL,
  `start_time` varchar(50) DEFAULT NULL,
  `end_time` varchar(50) DEFAULT NULL,
  `adjustment_duration` varchar(50) DEFAULT NULL,
  `addStartDate` varchar(50) DEFAULT NULL,
  `addEndDate` varchar(50) DEFAULT NULL,
  PRIMARY KEY (`id`) USING BTREE
) ENGINE=InnoDB DEFAULT CHARSET=utf8mb4  ROW_FORMAT=DYNAMIC;

--
-- Dumping data for table `kgserp_custom_timetable`
--


--
-- Table structure for table `kgserp_emi`
--

CREATE TABLE `kgserp_emi` (
  `id` int(11) NOT NULL AUTO_INCREMENT,
  `loan_id` int(11) DEFAULT NULL,
  `month` varchar(100) DEFAULT NULL,
  `emi_number` int(11) DEFAULT NULL,
  `status` varchar(50) DEFAULT NULL,
  `updated_date` varchar(100) DEFAULT NULL,
  `created_date` varchar(100) DEFAULT NULL,
  `salary_id` varchar(100) DEFAULT NULL,
  `interest` varchar(100) DEFAULT NULL,
  `emi_amount` varchar(100) DEFAULT NULL,
  `delete_status` int(11) DEFAULT NULL,
  PRIMARY KEY (`id`)
) ENGINE=InnoDB DEFAULT CHARSET=utf8mb4 ;

--
-- Dumping data for table `kgserp_emi`
--


--
-- Table structure for table `kgserp_employee_image`
--

CREATE TABLE `kgserp_employee_image` (
  `id` int(11) NOT NULL AUTO_INCREMENT,
  `file_name` varchar(50) DEFAULT NULL,
  `file_path` varchar(50) DEFAULT NULL,
  `user_id` varchar(50) DEFAULT NULL,
  PRIMARY KEY (`id`) USING BTREE
) ENGINE=InnoDB AUTO_INCREMENT=23 DEFAULT CHARSET=utf8mb4  ROW_FORMAT=DYNAMIC;

--
-- Dumping data for table `kgserp_employee_image`
--

INSERT INTO `kgserp_employee_image` VALUES (22,'1613131365_04b9cd4f7e3be40f81b1.jpg','employee/1613131365_04b9cd4f7e3be40f81b1.jpg','183');

--
-- Table structure for table `kgserp_employee_order`
--

CREATE TABLE `kgserp_employee_order` (
  `id` int(11) NOT NULL AUTO_INCREMENT,
  `name` varchar(20) DEFAULT NULL,
  `status` varchar(10) DEFAULT NULL,
  `order_id` int(11) DEFAULT NULL,
  `location` enum('front','back') DEFAULT NULL,
  `field_name` varchar(50) DEFAULT NULL,
  `show_name` varchar(50) DEFAULT NULL,
  PRIMARY KEY (`id`) USING BTREE
) ENGINE=InnoDB AUTO_INCREMENT=5 DEFAULT CHARSET=latin1 ROW_FORMAT=DYNAMIC;

--
-- Dumping data for table `kgserp_employee_order`
--

INSERT INTO `kgserp_employee_order` VALUES (1,'User Name','1',1,'front','uname','User Name'),(2,'First Name','1',2,'front','firstname','First Name'),(3,'Last Name','1',3,'front','lastname','Last Name'),(4,'Email Id','1',4,'front','email','Email Id');

--
-- Table structure for table `kgserp_exam`
--

CREATE TABLE `kgserp_exam` (
  `id` int(11) NOT NULL AUTO_INCREMENT,
  `name` varchar(50) DEFAULT NULL,
  `delete_status` varchar(50) DEFAULT NULL,
  PRIMARY KEY (`id`)
) ENGINE=InnoDB AUTO_INCREMENT=30 DEFAULT CHARSET=utf8mb4 ;

--
-- Dumping data for table `kgserp_exam`
--

INSERT INTO `kgserp_exam` VALUES (23,'Prarambhik','0'),(24,'Praveshika Pratham','0'),(25,'Praveshika Purna','0'),(26,'Madhyama Pratham','0'),(27,'Madhyama Purna','0'),(28,'Visharad Pratham','0'),(29,'Visharad Pratham','0');

--
-- Table structure for table `kgserp_fees`
--

CREATE TABLE `kgserp_fees` (
  `id` int(11) NOT NULL AUTO_INCREMENT,
  `admission_fee` varchar(50) DEFAULT NULL,
  `registration_fee` varchar(50) DEFAULT NULL,
  `transportation_fee` varchar(50) DEFAULT NULL,
  `tuition_fee` varchar(50) DEFAULT NULL,
  `total_fee` varchar(50) DEFAULT NULL,
  `sid` varchar(50) DEFAULT NULL,
  `from_date` varchar(50) DEFAULT NULL,
  `to_date` varchar(50) DEFAULT NULL,
  `paid` enum('yes','no') DEFAULT NULL,
  `MONTH` varchar(50) DEFAULT NULL,
  `delete_status` int(11) DEFAULT NULL,
  `other_fee` varchar(50) DEFAULT NULL,
  PRIMARY KEY (`id`)
) ENGINE=InnoDB AUTO_INCREMENT=58 DEFAULT CHARSET=utf8mb4 ;

--
-- Dumping data for table `kgserp_fees`
--

INSERT INTO `kgserp_fees` VALUES (52,'100','200','50','500','850','138',NULL,NULL,'no','1',0,NULL),(53,'0','0','0','750','750','138',NULL,NULL,'no','1',0,NULL),(54,'100','50','1','500','651','141',NULL,NULL,'yes','1',0,NULL),(55,'0','0','0','0','0','141',NULL,NULL,'yes','1',0,NULL),(56,'0','0','0','450','450','340',NULL,NULL,'no','03',0,NULL),(57,'0','0','0','450','450','339',NULL,NULL,'no','02',0,NULL);

--
-- Table structure for table `kgserp_field_value`
--

CREATE TABLE `kgserp_field_value` (
  `id` int(11) NOT NULL AUTO_INCREMENT,
  `reference_id` varchar(100) CHARACTER SET utf8mb4  DEFAULT NULL,
  `field_id` varchar(50) CHARACTER SET utf8mb4  DEFAULT NULL,
  `field_value` varchar(50) CHARACTER SET utf8mb4  DEFAULT NULL,
  PRIMARY KEY (`id`)
) ENGINE=InnoDB DEFAULT CHARSET=utf8mb4 COLLATE=utf8mb4_bin;

--
-- Dumping data for table `kgserp_field_value`
--


--
-- Table structure for table `kgserp_holiday`
--

CREATE TABLE `kgserp_holiday` (
  `id` int(11) NOT NULL AUTO_INCREMENT,
  `name` varchar(50) DEFAULT NULL,
  `startdate` varchar(50) DEFAULT NULL,
  `enddate` varchar(50) DEFAULT NULL,
  `type` varchar(50) DEFAULT NULL,
  `delete_status` varchar(50) DEFAULT NULL,
  PRIMARY KEY (`id`)
) ENGINE=InnoDB AUTO_INCREMENT=20 DEFAULT CHARSET=utf8mb4 ;

--
-- Dumping data for table `kgserp_holiday`
--

INSERT INTO `kgserp_holiday` VALUES (16,'abc','1613413800','1613586600','3','0'),(17,'Independence Day ','1628965800','1628965800','3','0'),(18,'Independence Day ','1628965800','1628965800','3','1'),(19,'GUDIPADAWA','1618252200','1618252200','3','0');

--
-- Table structure for table `kgserp_island`
--

CREATE TABLE `kgserp_island` (
  `id` int(11) NOT NULL AUTO_INCREMENT,
  `name` varchar(255) DEFAULT NULL,
  `status` varchar(255) DEFAULT NULL,
  PRIMARY KEY (`id`)
) ENGINE=InnoDB DEFAULT CHARSET=latin1 ROW_FORMAT=DYNAMIC;

--
-- Dumping data for table `kgserp_island`
--


--
-- Table structure for table `kgserp_item`
--

CREATE TABLE `kgserp_item` (
  `id` int(11) NOT NULL AUTO_INCREMENT,
  `name` varchar(50) DEFAULT NULL,
  `status` varchar(50) DEFAULT NULL,
  PRIMARY KEY (`id`)
) ENGINE=InnoDB DEFAULT CHARSET=latin1;

--
-- Dumping data for table `kgserp_item`
--


--
-- Table structure for table `kgserp_jobassignment`
--

CREATE TABLE `kgserp_jobassignment` (
  `id` int(11) NOT NULL AUTO_INCREMENT,
  `user_id` int(11) DEFAULT NULL,
  `assignment_id` varchar(100) DEFAULT NULL,
  `reporting_id` int(11) DEFAULT NULL,
  `dept_id` int(11) DEFAULT NULL,
  `created` int(11) DEFAULT NULL,
  `created_by` int(11) DEFAULT NULL,
  PRIMARY KEY (`id`)
) ENGINE=InnoDB AUTO_INCREMENT=33 DEFAULT CHARSET=utf8mb4 ;

--
